000
CXUS53 KAPX 270631
CF6ANJ
PRELIMINARY LOCAL CLIMATOLOGICAL DATA (WS FORM: F-6)

                                          STATION:   SAULT STE MARIE MI
                                          MONTH:     JULY
                                          YEAR:      2016
                                          LATITUDE:   46 28 N
                                          LONGITUDE:  84 21 W

  TEMPERATURE IN F:       :PCPN:    SNOW:  WIND      :SUNSHINE: SKY     :PK WND
================================================================================
1   2   3   4   5  6A  6B    7    8   9   10  11  12  13   14  15   16   17  18
                                     12Z  AVG MX 2MIN
DY MAX MIN AVG DEP HDD CDD  WTR  SNW DPTH SPD SPD DIR MIN PSBL S-S WX    SPD DR
================================================================================

 1  65  53  59  -5   6   0    T  0.0    0 10.6 22 310   M    M   4 1      31 310
 2  71  52  62  -2   3   0 0.00  0.0    0  7.7 16 310   M    M   1        22 300
 3  80  50  65   1   0   0 0.00  0.0    0  4.0 14 260   M    M   0        18 260
 4  83  54  69   5   0   4 0.00  0.0    0  6.4 18 220   M    M   0        24 210
 5  84  57  71   7   0   6    T  0.0    0  4.9 14 290   M    M   2        18 280
 6  82  58  70   6   0   5 0.54  0.0    0  5.3 14 310   M    M   2 123    18 300
 7  79  58  69   4   0   4    T  0.0    0  5.0 10 310   M    M   6 12     15  50
 8  72  60  66   1   0   1 1.50  0.0    0  5.4 15 300   M    M   9 13     23 300
 9  78  58  68   3   0   3    T  0.0    0  8.5 17 310   M    M   5        26 290
10  79  55  67   2   0   2 0.00  0.0    0  2.9  9 190   M    M   3        12 210
11  78  63  71   6   0   6    T  0.0    0  6.6 16 120   M    M   8        26 140
12  85  68  77  12   0  12    T  0.0    0  9.8 21 230   M    M   3 3      29 180
13  89  65  77  12   0  12 0.02  0.0    0 12.1 29 200   M    M   0 3      39 210
14  75  56  66   1   0   1 0.34  0.0    0  7.7 15 300   M    M   8 13     22 290
15  65  51  58  -8   7   0    T  0.0    0  8.7 17 310   M    M   6        22 320
16  74  48  61  -5   4   0 0.00  0.0    0  3.3  9 220   M    M   0 1      13 220
17  72  57  65  -1   0   0 0.25  0.0    0  6.2 25 140   M    M   7 13     34 140
18  70  55  63  -3   2   0 0.00  0.0    0 10.2 18 310   M    M   5 1      23 300
19  75  52  64  -2   1   0 0.00  0.0    0  4.6 12 310   M    M   0        17 290
20  86  54  70   4   0   5 0.00  0.0    0  5.9 17 210   M    M   2        23 200
21  86  65  76  10   0  11 0.07  0.0    0  7.5 17 230   M    M   2 13     26 230
22  82  65  74   8   0   9 0.00  0.0    0  8.9 16 310   M    M   0        22 290
23  87  61  74   8   0   9 0.00  0.0    0  4.1 10 280   M    M   0        14 270
24  74  66  70   4   0   5 0.43  0.0    0  6.1 14 140   M    M   8 1      19 140
25  73  62  68   2   0   3 0.00  0.0    0  8.6 20 310   M    M   4 12     28 310
26  87  56  72   6   0   7 0.18  0.0    0  4.6 20 230   M    M   2 13     28 230
================================================================================
SM 2031 1499        23 105  3.33     0.0 175.6          M       87
================================================================================
AV 78.1 57.7                               6.8 FASTST   M    M   3    MAX(MPH)
                                 MISC ---->  # 29 200               # 39  210
================================================================================
NOTES:
# LAST OF SEVERAL OCCURRENCES

COLUMN 17 PEAK WIND IN M.P.H.

PRELIMINARY LOCAL CLIMATOLOGICAL DATA (WS FORM: F-6) , PAGE 2

                                          STATION:  SAULT STE MARIE MI
                                          MONTH:    JULY
                                          YEAR:     2016
                                          LATITUDE:   46 28 N
                                          LONGITUDE:  84 21 W

[TEMPERATURE DATA]      [PRECIPITATION DATA]       SYMBOLS USED IN COLUMN 16

AVERAGE MONTHLY: 67.9   TOTAL FOR MONTH:   3.33    1 = FOG OR MIST
DPTR FM NORMAL:   2.7   DPTR FM NORMAL:    0.98    2 = FOG REDUCING VISIBILITY
HIGHEST:    89 ON 13    GRTST 24HR  1.50 ON  8- 8      TO 1/4 MILE OR LESS
LOWEST:     48 ON 16                               3 = THUNDER
                        SNOW, ICE PELLETS, HAIL    4 = ICE PELLETS
                        TOTAL MONTH:   0.0 INCH    5 = HAIL
                        GRTST 24HR     0.0         6 = FREEZING RAIN OR DRIZZLE
                        GRTST DEPTH:   0           7 = DUSTSTORM OR SANDSTORM:
                                                       VSBY 1/2 MILE OR LESS
                                                   8 = SMOKE OR HAZE
[NO. OF DAYS WITH]      [WEATHER - DAYS WITH]      9 = BLOWING SNOW
                                                   X = TORNADO
MAX 32 OR BELOW:   0    0.01 INCH OR MORE:   8
MAX 90 OR ABOVE:   0    0.10 INCH OR MORE:   6
MIN 32 OR BELOW:   0    0.50 INCH OR MORE:   2
MIN  0 OR BELOW:   0    1.00 INCH OR MORE:   1

[HDD (BASE 65) ]
TOTAL THIS MO.    23    CLEAR  (SCALE 0-3)  15
DPTR FM NORMAL   -39    PTCLDY (SCALE 4-7)  10
TOTAL FM JUL 1    23    CLOUDY (SCALE 8-10)  1
DPTR FM NORMAL   -39

[CDD (BASE 65) ]
TOTAL THIS MO.   105
DPTR FM NORMAL    36    [PRESSURE DATA]
TOTAL FM JAN 1   152    HIGHEST SLP M ON M
DPTR FM NORMAL    48    LOWEST  SLP 29.60 ON 14

[REMARKS]
