000
CXUS53 KIWX 220800
CF6AOH
PRELIMINARY LOCAL CLIMATOLOGICAL DATA (WS FORM: F-6)

                                          STATION:   LIMA
                                          MONTH:     DECEMBER
                                          YEAR:      2014
                                          LATITUDE:   40 42 N
                                          LONGITUDE:  84  1 W

  TEMPERATURE IN F:       :PCPN:    SNOW:  WIND      :SUNSHINE: SKY     :PK WND
================================================================================
1   2   3   4   5  6A  6B    7    8   9   10  11  12  13   14  15   16   17  18
                                     12Z  AVG MX 2MIN
DY MAX MIN AVG DEP HDD CDD  WTR  SNW DPTH SPD SPD DIR MIN PSBL S-S WX    SPD DR
================================================================================

 1  45  26  36   0  29   0 0.00  0.0    0 11.6 20 330   M    M   5 18     24 320
 2  34  25  30  -5  35   0    T    M    0  8.9 17  80   M    M   7 18     21  80
 3  42  27  35   0  30   0    T    M    0 13.8 28 260   M    M   5 1      33 270
 4   M  24   M   M   M   M 0.00  0.0    0  5.5 12  90   M    M   6         M  M
 5   M   M   M   M   M   M 0.44    M    0  5.7 13  40   M    M  10 18     16  20
 6  41  31  36   2  29   0 0.46    M    0 12.7 21 360   M    M   8 18     27  20
 7  38  26  32  -1  33   0 0.00  0.0    0  9.5 17 130   M    M   0        22 130
 8  44  33  39   6  26   0    T    M    0 11.0 17 130   M    M   3 18     21 130
 9  41  36  39   7  26   0    T    M    0  9.1 17 340   M    M  10 1      22 350
10  36  27  32   0  33   0 0.00  0.0    0 10.4 16 310   M    M  10        20 360
11  37  22  30  -2  35   0 0.00  0.0    0 13.0 21 280   M    M   0 18     25 280
12  39  25  32   1  33   0    T    M    0 12.5 17 270   M    M   4 18     23 270
13  46  30  38   7  27   0 0.00  0.0    0 12.5 21 280   M    M  10 18     26 280
14  50  36  43  12  22   0 0.00  0.0    0  8.1 13 240   M    M   8 18     16 250
15  53  31  42  12  23   0 0.08  0.0    0  8.6 17 140   M    M   5 128    22 130
16  49  37  43  13  22   0 0.07    M    M 16.1 30 250   M    M  10 18     37 250
17  37  30  34   4  31   0    T    M    M 16.2 26 260   M    M  10 1      30 260
18  32  30  31   1  34   0 0.00  0.0    M  7.4 13 250   M    M  10 8      16 310
19  33  27  30   1  35   0 0.00  0.0    M  4.3 10 300   M    M  10 8      12 300
20  33  30  32   3  33   0 0.00  0.0    M  3.2  6 220   M    M  10 8       8 230
21  39  23  31   2  34   0 0.00  0.0    M  4.9 10 140   M    M   4 18     13 140
================================================================================
SM  769  576       570   0  1.05     0.0 205.0          M      145
================================================================================
AV 40.5 28.8                               9.8 FASTST   M    M   7    MAX(MPH)
                                 MISC ---->  # 30 250               # 37  250
================================================================================
NOTES:
# LAST OF SEVERAL OCCURRENCES

COLUMN 17 PEAK WIND IN M.P.H.

PRELIMINARY LOCAL CLIMATOLOGICAL DATA (WS FORM: F-6) , PAGE 2

                                          STATION:  LIMA
                                          MONTH:    DECEMBER
                                          YEAR:     2014
                                          LATITUDE:   40 42 N
                                          LONGITUDE:  84  1 W

[TEMPERATURE DATA]      [PRECIPITATION DATA]       SYMBOLS USED IN COLUMN 16

AVERAGE MONTHLY: 34.6   TOTAL FOR MONTH:   1.05    1 = FOG OR MIST
DPTR FM NORMAL:   2.7   DPTR FM NORMAL:   -0.85    2 = FOG REDUCING VISIBILITY
HIGHEST:    53 ON 15    GRTST 24HR  0.90 ON  5- 6      TO 1/4 MILE OR LESS
LOWEST:     22 ON 11                               3 = THUNDER
                        SNOW, ICE PELLETS, HAIL    4 = ICE PELLETS
                        TOTAL MONTH:   0.0 INCH    5 = HAIL
                        GRTST 24HR     0.0         6 = FREEZING RAIN OR DRIZZLE
                        GRTST DEPTH:   0           7 = DUSTSTORM OR SANDSTORM:
                                                       VSBY 1/2 MILE OR LESS
                                                   8 = SMOKE OR HAZE
[NO. OF DAYS WITH]      [WEATHER - DAYS WITH]      9 = BLOWING SNOW
                                                   X = TORNADO
MAX 32 OR BELOW:   1    0.01 INCH OR MORE:   4
MAX 90 OR ABOVE:   0    0.10 INCH OR MORE:   2
MIN 32 OR BELOW:  16    0.50 INCH OR MORE:   0
MIN  0 OR BELOW:   0    1.00 INCH OR MORE:   0

[HDD (BASE 65) ]
TOTAL THIS MO.   570    CLEAR  (SCALE 0-3)   3
DPTR FM NORMAL  -125    PTCLDY (SCALE 4-7)   8
TOTAL FM JUL 1  1868    CLOUDY (SCALE 8-10) 10
DPTR FM NORMAL     8

[CDD (BASE 65) ]
TOTAL THIS MO.     0
DPTR FM NORMAL     0    [PRESSURE DATA]
TOTAL FM JAN 1   802    HIGHEST SLP M ON M
DPTR FM NORMAL   -24    LOWEST  SLP 29.65 ON 16

[REMARKS]
