000
CXUS53 KIWX 300800
CF6AOH
PRELIMINARY LOCAL CLIMATOLOGICAL DATA (WS FORM: F-6)

                                          STATION:   LIMA
                                          MONTH:     AUGUST
                                          YEAR:      2015
                                          LATITUDE:   40 42 N
                                          LONGITUDE:  84  1 W

  TEMPERATURE IN F:       :PCPN:    SNOW:  WIND      :SUNSHINE: SKY     :PK WND
================================================================================
1   2   3   4   5  6A  6B    7    8   9   10  11  12  13   14  15   16   17  18
                                     12Z  AVG MX 2MIN
DY MAX MIN AVG DEP HDD CDD  WTR  SNW DPTH SPD SPD DIR MIN PSBL S-S WX    SPD DR
================================================================================

 1  83  56  70  -3   0   5 0.00  0.0    0  6.9 15 290   M    M   2        21 300
 2  88  66  77   4   0  12 0.00  0.0    0 11.2 22 230   M    M   0        29 200
 3  82  60  71  -2   0   6 1.19  0.0    0 10.4 37 350   M    M   5 13     58 350
 4  80  56  68  -5   0   3 0.00  0.0    0  5.9 17 250   M    M   2        27 280
 5  79  56  68  -4   0   3 0.00  0.0    0  2.9  8  90   M    M   1        11  20
 6  75  57  66  -6   0   1 0.00  0.0    0  8.7 15  50   M    M   2        21  90
 7  79  56  68  -4   0   3 0.00  0.0    0  5.5 13  10   M    M   1        16  40
 8  83  57  70  -2   0   5 0.00  0.0    0  2.5  9  70   M    M   2 1      12  70
 9  79  64  72   0   0   7    T  0.0    0  4.6 10 270   M    M   4 18     13 260
10  82  65  74   2   0   9 0.08  0.0    0  5.8 15 280   M    M   6 138    23 280
11  81  65  73   1   0   8 0.00  0.0    0  7.9 16 310   M    M   4 1      22 300
12  76  56  66  -6   0   1 0.00  0.0    0  5.7 12 330   M    M   3 8      16 320
13  81  53  67  -5   0   2 0.00  0.0    0  5.5 13 230   M    M   0        16 250
14  84  64  74   2   0   9 0.00  0.0    0  9.1 22 360   M    M   1 3      32  10
15  83  64  74   2   0   9 0.25  0.0    0  3.8 16 330   M    M   4 13     21 330
16  85  62  74   2   0   9 0.00  0.0    0  4.3  9 200   M    M   0 1      12 220
17  85  67  76   4   0  11 0.50  0.0    0  4.8  9 230   M    M   3 13      M  M
18  83  67  75   3   0  10 0.00  0.0    0  6.3 12 150   M    M   4 1      16 160
19  85  69  77   5   0  12 0.10  0.0    0 10.0 20 200   M    M   2 1      26 190
20  76  57  67  -5   0   2 0.23  0.0    0 13.2 25 250   M    M   3 1      34 240
21  78  52  65  -6   0   0 0.00  0.0    0  2.6 12 230   M    M   1        15 220
22  80  53  67  -4   0   2 0.00  0.0    0  5.5 13 130   M    M   0        18 140
23  83  57  70  -1   0   5 0.65  0.0    0  7.4 22 280   M    M   1 13     29 270
24  73  57  65  -6   0   0 0.00  0.0    0  9.3 23 250   M    M   1 1      31 250
25  65  53  59 -12   6   0    T  0.0    0  6.3 16 260   M    M   8        19 250
26  66  51  59 -12   6   0    T  0.0    0  3.3 12 260   M    M   8        14 260
27  74  56  65  -6   0   0 0.00  0.0    0  3.3 10 350   M    M   6 1      14 300
28  78  52  65  -5   0   0 0.00  0.0    0  3.7  8 200   M    M   1 1      12 230
29  82  59  71   1   0   6 0.20  0.0    0  5.5 13 180   M    M   4 13     16 180
================================================================================
SM 2308 1707        12 140  3.20     0.0 181.9          M       79
================================================================================
AV 79.6 58.9                               6.3 FASTST   M    M   3    MAX(MPH)
                                 MISC ---->  # 37 350               # 58  350
================================================================================
NOTES:
# LAST OF SEVERAL OCCURRENCES

COLUMN 17 PEAK WIND IN M.P.H.

PRELIMINARY LOCAL CLIMATOLOGICAL DATA (WS FORM: F-6) , PAGE 2

                                          STATION:  LIMA
                                          MONTH:    AUGUST
                                          YEAR:     2015
                                          LATITUDE:   40 42 N
                                          LONGITUDE:  84  1 W

[TEMPERATURE DATA]      [PRECIPITATION DATA]       SYMBOLS USED IN COLUMN 16

AVERAGE MONTHLY: 69.2   TOTAL FOR MONTH:   3.20    1 = FOG OR MIST
DPTR FM NORMAL:  -2.5   DPTR FM NORMAL:   -0.22    2 = FOG REDUCING VISIBILITY
HIGHEST:    88 ON  2    GRTST 24HR  1.19 ON  3- 3      TO 1/4 MILE OR LESS
LOWEST:     51 ON 26                               3 = THUNDER
                        SNOW, ICE PELLETS, HAIL    4 = ICE PELLETS
                        TOTAL MONTH:   0.0 INCH    5 = HAIL
                        GRTST 24HR     0.0         6 = FREEZING RAIN OR DRIZZLE
                        GRTST DEPTH:   0           7 = DUSTSTORM OR SANDSTORM:
                                                       VSBY 1/2 MILE OR LESS
                                                   8 = SMOKE OR HAZE
[NO. OF DAYS WITH]      [WEATHER - DAYS WITH]      9 = BLOWING SNOW
                                                   X = TORNADO
MAX 32 OR BELOW:   0    0.01 INCH OR MORE:   8
MAX 90 OR ABOVE:   0    0.10 INCH OR MORE:   7
MIN 32 OR BELOW:   0    0.50 INCH OR MORE:   3
MIN  0 OR BELOW:   0    1.00 INCH OR MORE:   1

[HDD (BASE 65) ]
TOTAL THIS MO.    12    CLEAR  (SCALE 0-3)  18
DPTR FM NORMAL    12    PTCLDY (SCALE 4-7)  11
TOTAL FM JUL 1    13    CLOUDY (SCALE 8-10)  0
DPTR FM NORMAL    11

[CDD (BASE 65) ]
TOTAL THIS MO.   140
DPTR FM NORMAL   -65    [PRESSURE DATA]
TOTAL FM JAN 1   643    HIGHEST SLP M ON M
DPTR FM NORMAL   -76    LOWEST  SLP 29.62 ON  2

[REMARKS]
