000
CXUS55 KCTP 260700
CF6AOO
PRELIMINARY LOCAL CLIMATOLOGICAL DATA (WS FORM: F-6)

                                          STATION:   ALTOONA
                                          MONTH:     SEPTEMBER
                                          YEAR:      2017
                                          LATITUDE:   40 17 N
                                          LONGITUDE:  78 19 W

  TEMPERATURE IN F:       :PCPN:    SNOW:  WIND      :SUNSHINE: SKY     :PK WND
================================================================================
1   2   3   4   5  6A  6B    7    8   9   10  11  12  13   14  15   16   17  18
                                     12Z  AVG MX 2MIN
DY MAX MIN AVG DEP HDD CDD  WTR  SNW DPTH SPD SPD DIR MIN PSBL S-S WX    SPD DR
================================================================================

 1  60  47  54 -13  11   0 0.00    M    M  2.7 10  30   M    M   1        14  30
 2  55  48  52 -14  13   0 0.59    M    M  3.6 10 140   M    M   8 1      16 130
 3  70  53  62  -4   3   0 0.01    M    M  6.1 17 280   M    M   7 1      25 280
 4  79  52  66   0   0   1 0.00    M    M  8.1 15 220   M    M   0 1      22 210
 5  71  62  67   1   0   2 0.42    M    M  5.7 14 230   M    M   5 138    21 230
 6  63  54  59  -6   6   0 0.36    M    M  1.3  6 130   M    M   7 12      8 110
 7  65  49  57  -8   8   0 0.01    M    M  7.6 16 250   M    M   6 1      23 280
 8  67  45  56  -9   9   0    T    M    M  7.0 17 320   M    M   3        26 320
 9  65  42  54 -10  11   0 0.00    M    M  3.4 14 360   M    M   3 1      17  30
10  68  39  54 -10  11   0 0.00    M    M  2.2  9  30   M    M   1 1      15  70
11  69  41  55  -9  10   0 0.00    M    M  1.2  7  90   M    M   3 12      9  30
12  72  47  60  -3   5   0 0.00    M    M  1.6  8 150   M    M   1 12     13 140
13  76  56  66   3   0   1    T    M    M  2.1 10 140   M    M   8 1      15 150
14  73  56  65   3   0   0 0.08    M    M  4.4 10 280   M    M   8 1      15 310
15  76  54  65   3   0   0 0.00    M    M  1.4  8  30   M    M   8 1      11  30
16  80  60  70   8   0   5    T    M    M  2.1  6  30   M    M   8 1       M  M
17  79  57  68   7   0   3 0.00    M    M  0.9  6 150   M    M   7 12      9  80
18  79  57  68   7   0   3 0.00    M    M  0.9  7 130   M    M   5 12     10  30
19  77  57  67   7   0   2 0.00    M    M  1.9  7  70   M    M   5 18     10  80
20  83  53  68   8   0   3 0.00    M    M  2.3 12  10   M    M   3 12     15  20
21  82  55  69   9   0   4 0.00    M    M  1.7 12  10   M    M   0 1      14  20
22  86  54  70  11   0   5 0.00    M    M  2.7 10  20   M    M   0 1      14  20
23  87  51  69  10   0   4 0.00    M    M  1.5  9  20   M    M   0        12  30
24  88  58  73  14   0   8 0.00    M    M  1.8 12  30   M    M   0 1      16  20
25  87  59  73  15   0   8 0.00    M    M  1.4  7 110   M    M   0 128    11 130
================================================================================
SM 1857 1306        87  49  1.47    M     75.6          M       97
================================================================================
AV 74.3 52.2                               3.0 FASTST   M    M   4    MAX(MPH)
                                 MISC ---->  # 17 280               # 26  320
================================================================================
NOTES:
# LAST OF SEVERAL OCCURRENCES

COLUMN 17 PEAK WIND IN M.P.H.

PRELIMINARY LOCAL CLIMATOLOGICAL DATA (WS FORM: F-6) , PAGE 2

                                          STATION:  ALTOONA
                                          MONTH:    SEPTEMBER
                                          YEAR:     2017
                                          LATITUDE:   40 17 N
                                          LONGITUDE:  78 19 W

[TEMPERATURE DATA]      [PRECIPITATION DATA]       SYMBOLS USED IN COLUMN 16

AVERAGE MONTHLY: 63.3   TOTAL FOR MONTH:   1.47    1 = FOG OR MIST
DPTR FM NORMAL:   0.6   DPTR FM NORMAL:   -1.45    2 = FOG REDUCING VISIBILITY
HIGHEST:    88 ON 24    GRTST 24HR  0.59 ON  2- 2      TO 1/4 MILE OR LESS
LOWEST:     39 ON 10                               3 = THUNDER
                        SNOW, ICE PELLETS, HAIL    4 = ICE PELLETS
                        TOTAL MONTH:    M          5 = HAIL
                        GRTST 24HR    M  ON   M    6 = FREEZING RAIN OR DRIZZLE
                        GRTST DEPTH:  M  ON   M    7 = DUSTSTORM OR SANDSTORM:
                                                       VSBY 1/2 MILE OR LESS
                                                   8 = SMOKE OR HAZE
[NO. OF DAYS WITH]      [WEATHER - DAYS WITH]      9 = BLOWING SNOW
                                                   X = TORNADO
MAX 32 OR BELOW:   0    0.01 INCH OR MORE:   6
MAX 90 OR ABOVE:   0    0.10 INCH OR MORE:   3
MIN 32 OR BELOW:   0    0.50 INCH OR MORE:   1
MIN  0 OR BELOW:   0    1.00 INCH OR MORE:   0

[HDD (BASE 65) ]
TOTAL THIS MO.    87    CLEAR  (SCALE 0-3)  13
DPTR FM NORMAL   -17    PTCLDY (SCALE 4-7)   9
TOTAL FM JUL 1   121    CLOUDY (SCALE 8-10)  3
DPTR FM NORMAL    -7

[CDD (BASE 65) ]
TOTAL THIS MO.    49
DPTR FM NORMAL     5    [PRESSURE DATA]
TOTAL FM JAN 1   591    HIGHEST SLP M ON M
DPTR FM NORMAL    74    LOWEST  SLP 29.70 ON  5

[REMARKS]
