000
CXUS52 KMFL 281000
CF6APF
PRELIMINARY LOCAL CLIMATOLOGICAL DATA (WS FORM: F-6)

                                          STATION:   NAPLES
                                          MONTH:     MAY
                                          YEAR:      2017
                                          LATITUDE:   26  8 N
                                          LONGITUDE:  81 46 W

  TEMPERATURE IN F:       :PCPN:    SNOW:  WIND      :SUNSHINE: SKY     :PK WND
================================================================================
1   2   3   4   5  6A  6B    7    8   9   10  11  12  13   14  15   16   17  18
                                     12Z  AVG MX 2MIN
DY MAX MIN AVG DEP HDD CDD  WTR  SNW DPTH SPD SPD DIR MIN PSBL S-S WX    SPD DR
================================================================================

 1  90  73  82   6   0  17 0.00  0.0    0 12.1 21 220   M    M   4        26 160
 2  86  73  80   4   0  15 0.48  0.0    0  6.0 16 160   M    M   5 138    21 250
 3  87  70  79   3   0  14 0.00  0.0    0  6.8 16 130   M    M   3 X      20 130
 4  89  72  81   5   0  16 0.00  0.0    0 10.3 20 230   M    M   1        24 230
 5  81  72  77   1   0  12 0.62  0.0    0 13.5 24 300   M    M   6 138    32 200
 6  78  66  72  -5   0   7 0.00  0.0    0 11.5 25 300   M    M   4        36 290
 7  80  60  70  -7   0   5 0.00  0.0    0  7.5 16 290   M    M   1        22 290
 8  84  64  74  -3   0   9 0.00  0.0    0  7.4 17 290   M    M   0        22 300
 9  85  66  76  -1   0  11 0.00  0.0    0  4.9 15 260   M    M   0        18 270
10  86  69  78   1   0  13 0.00  0.0    0  5.1 15 290   M    M   0        20 270
11  86  68  77   0   0  12 0.00  0.0    0  6.0 16 230   M    M   0        21 230
12  85  70  78   0   0  13 0.00  0.0    0  5.8 16 210   M    M   1        20 210
13  87  72  80   2   0  15 0.26  0.0    0 11.7 22 220   M    M   2 1      27 210
14  85  75  80   2   0  15    T  0.0    0 10.9 17 290   M    M   3 1      24 260
15  85  71  78   0   0  13 0.00  0.0    0  6.6 15  90   M    M   2        20 270
16  92  71  82   4   0  17 0.30  0.0    0  6.9 20 140   M    M   2 13     25 140
17  95  73  84   6   0  19 0.00  0.0    0 11.9 22 110   M    M   2        28 100
18  94  75  85   7   0  20 0.00  0.0    0 13.8 24 100   M    M   3        30  80
19  90  76  83   4   0  18 0.12  0.0    0 10.9 22 120   M    M   5        29 110
20  94  74  84   5   0  19 0.00  0.0    0 11.1 20 170   M    M   3        26 190
21  94  74  84   5   0  19 0.26  0.0    0  7.6 21  90   M    M   3 13     24 100
22  90  73  82   3   0  17 0.00  0.0    0  8.4 18 220   M    M   3        24 220
23  89  74  82   3   0  17 0.00  0.0    0  9.6 20 200   M    M   2        24 200
24  89  71  80   1   0  15 0.29  0.0    0 16.6 28 190   M    M   6 13     36 250
25  85  75  80   0   0  15 0.25  0.0    0 10.4 29 220   M    M   7 13     41 220
26  90  74  82   2   0  17 0.00  0.0    0  5.6 14  40   M    M   2        17  30
27  90  73  82   2   0  17 0.00  0.0    0  6.7 13 290   M    M   0        17 300
================================================================================
SM 2366 1924         0 397  2.58     0.0 245.6          M       70
================================================================================
AV 87.6 71.3                               9.1 FASTST   M    M   3    MAX(MPH)
                                 MISC ---->  # 29 220               # 41  220
================================================================================
NOTES:
# LAST OF SEVERAL OCCURRENCES

COLUMN 17 PEAK WIND IN M.P.H.

PRELIMINARY LOCAL CLIMATOLOGICAL DATA (WS FORM: F-6) , PAGE 2

                                          STATION:  NAPLES
                                          MONTH:    MAY
                                          YEAR:     2017
                                          LATITUDE:   26  8 N
                                          LONGITUDE:  81 46 W

[TEMPERATURE DATA]      [PRECIPITATION DATA]       SYMBOLS USED IN COLUMN 16

AVERAGE MONTHLY: 79.4   TOTAL FOR MONTH:   2.58    1 = FOG OR MIST
DPTR FM NORMAL:   1.6   DPTR FM NORMAL:    0.03    2 = FOG REDUCING VISIBILITY
HIGHEST:    95 ON 17    GRTST 24HR  0.62 ON  5- 5      TO 1/4 MILE OR LESS
LOWEST:     60 ON  7                               3 = THUNDER
                        SNOW, ICE PELLETS, HAIL    4 = ICE PELLETS
                        TOTAL MONTH:   0.0 INCH    5 = HAIL
                        GRTST 24HR     0.0         6 = FREEZING RAIN OR DRIZZLE
                        GRTST DEPTH:   0           7 = DUSTSTORM OR SANDSTORM:
                                                       VSBY 1/2 MILE OR LESS
                                                   8 = SMOKE OR HAZE
[NO. OF DAYS WITH]      [WEATHER - DAYS WITH]      9 = BLOWING SNOW
                                                   X = TORNADO
MAX 32 OR BELOW:   0    0.01 INCH OR MORE:   8
MAX 90 OR ABOVE:  10    0.10 INCH OR MORE:   8
MIN 32 OR BELOW:   0    0.50 INCH OR MORE:   1
MIN  0 OR BELOW:   0    1.00 INCH OR MORE:   0

[HDD (BASE 65) ]
TOTAL THIS MO.     0    CLEAR  (SCALE 0-3)  17
DPTR FM NORMAL     0    PTCLDY (SCALE 4-7)  10
TOTAL FM JUL 1    67    CLOUDY (SCALE 8-10)  0
DPTR FM NORMAL  -193

[CDD (BASE 65) ]
TOTAL THIS MO.   397
DPTR FM NORMAL    49    [PRESSURE DATA]
TOTAL FM JAN 1  1271    HIGHEST SLP M ON M
DPTR FM NORMAL   303    LOWEST  SLP 29.75 ON  5

[REMARKS]
