000
CXUS54 KEWX 240910
CF6AQO
PRELIMINARY LOCAL CLIMATOLOGICAL DATA (WS FORM: F-6)

                                          STATION:   Llano Municipal Airport
                                          MONTH:     APRIL
                                          YEAR:      2014
                                          LATITUDE:   30 47 N
                                          LONGITUDE:  98 40 W

  TEMPERATURE IN F:       :PCPN:    SNOW:  WIND      :SUNSHINE: SKY     :PK WND
================================================================================
1   2   3   4   5  6A  6B    7    8   9   10  11  12  13   14  15   16   17  18
                                     12Z  AVG MX 2MIN
DY MAX MIN AVG DEP HDD CDD  WTR  SNW DPTH SPD SPD DIR MIN PSBL S-S WX    SPD DR
================================================================================

 1  88  64  76   M   0  11    M    M    M  8.7 18 160   M    M   5        22 160
 2  82  72  77   M   0  12    M    M    M  8.6 16 200   M    M   6        22 200
 3  88  68  78   M   0  13    M    M    M  7.7 17 240   M    M   3        31 240
 4  73  50  62   M   3   0    M    M    M  9.8 16  10   M    M   0 3      25  10
 5  63  52  58   M   7   0    M    M    M  5.6 15 130   M    M   5 8      22 130
 6  57  45  51   M  14   0    M    M    M  5.4 12 330   M    M   8 1       M  M
 7  73  36  55   M  10   0    M    M    M  2.9 16  10   M    M   4 1238   18 360
 8  77  46  62   M   3   0    M    M    M  8.5 22 350   M    M   0        35 350
 9  88  43  66   M   0   1    M    M    M  5.0 14 210   M    M   0        16 240
10  91  52  72   M   0   7    M    M    M  9.0 17 220   M    M   0        24 220
11  91  55  73   M   0   8    M    M    M  7.2 14 160   M    M   0        17 150
12  88  64  76   M   0  11    M    M    M 10.4 15 170   M    M   5        22 180
13  82  68  75   M   0  10    M    M    M  7.7 14 200   M    M   5 1      23 170
14  70  43  57   M   8   0    M    M    M 13.9 27 360   M    M   5 1      33 340
15  66  32  49   M  16   0    M    M    M  4.3  8 120   M    M   0        16  40
16  75  37  56   M   9   0    M    M    M  8.4 18 160   M    M   0        24 160
17  64  57  61   M   4   0    M    M    M  5.1  9 120   M    M   9 1       M  M
18  81  57  69   M   0   4    M    M    M  2.3  9  80   M    M   6         M  M
19  81  52  67   M   0   2    M    M    M  4.3 12 150   M    M   2        20 150
20  75  61  68   M   0   3    M    M    M  5.0 14 180   M    M   9        17 180
21  90  59  75   M   0  10    M    M    M  4.0 12 250   M    M   4 138    17 200
22  86  57  72   M   0   7    M    M    M  2.1  9  60   M    M   0        16  60
23  91  57  74   M   0   9    M    M    M  7.2 15 160   M    M   0        24 160
================================================================================
SM 1820 1227        74 108    M     M    153.1          M       76
================================================================================
AV 79.1 53.3                               6.7 FASTST   M    M   3    MAX(MPH)
                                 MISC ---->  # 27 360               # 35  350
================================================================================
NOTES:
# LAST OF SEVERAL OCCURRENCES

COLUMN 17 PEAK WIND IN M.P.H.

PRELIMINARY LOCAL CLIMATOLOGICAL DATA (WS FORM: F-6) , PAGE 2

                                          STATION:  Llano Municipal Airport
                                          MONTH:    APRIL
                                          YEAR:     2014
                                          LATITUDE:   30 47 N
                                          LONGITUDE:  98 40 W

[TEMPERATURE DATA]      [PRECIPITATION DATA]       SYMBOLS USED IN COLUMN 16

AVERAGE MONTHLY: 66.2   TOTAL FOR MONTH:      M    1 = FOG OR MIST
DPTR FM NORMAL:     M   DPTR FM NORMAL:       M    2 = FOG REDUCING VISIBILITY
HIGHEST:    91 ON 23,11 GRTST 24HR    M  ON   M        TO 1/4 MILE OR LESS
LOWEST:     32 ON 15                               3 = THUNDER
                        SNOW, ICE PELLETS, HAIL    4 = ICE PELLETS
                        TOTAL MONTH:    M          5 = HAIL
                        GRTST 24HR    M  ON   M    6 = FREEZING RAIN OR DRIZZLE
                        GRTST DEPTH:  M  ON   M    7 = DUSTSTORM OR SANDSTORM:
                                                       VSBY 1/2 MILE OR LESS
                                                   8 = SMOKE OR HAZE
[NO. OF DAYS WITH]      [WEATHER - DAYS WITH]      9 = BLOWING SNOW
                                                   X = TORNADO
MAX 32 OR BELOW:   0    0.01 INCH OR MORE:   0
MAX 90 OR ABOVE:   4    0.10 INCH OR MORE:   0
MIN 32 OR BELOW:   1    0.50 INCH OR MORE:   0
MIN  0 OR BELOW:   0    1.00 INCH OR MORE:   0

[HDD (BASE 65) ]
TOTAL THIS MO.    74    CLEAR  (SCALE 0-3)  10
DPTR FM NORMAL     M    PTCLDY (SCALE 4-7)  11
TOTAL FM JUL 1  2272    CLOUDY (SCALE 8-10)  2
DPTR FM NORMAL     M

[CDD (BASE 65) ]
TOTAL THIS MO.   108
DPTR FM NORMAL     M    [PRESSURE DATA]
TOTAL FM JAN 1   149    HIGHEST SLP M ON M
DPTR FM NORMAL     M    LOWEST  SLP M ON M

[REMARKS]
