000
CXUS54 KLCH 240838
CF6ARA
PRELIMINARY LOCAL CLIMATOLOGICAL DATA (WS FORM: F-6)

                                          STATION:   NEW IBERIA
                                          MONTH:     JUNE
                                          YEAR:      2017
                                          LATITUDE:   30  1 N
                                          LONGITUDE:  91 53 W

  TEMPERATURE IN F:       :PCPN:    SNOW:  WIND      :SUNSHINE: SKY     :PK WND
================================================================================
1   2   3   4   5  6A  6B    7    8   9   10  11  12  13   14  15   16   17  18
                                     12Z  AVG MX 2MIN
DY MAX MIN AVG DEP HDD CDD  WTR  SNW DPTH SPD SPD DIR MIN PSBL S-S WX    SPD DR
================================================================================

 1  86  71  79   0   0  14 0.77  0.0    0  5.1 17 140   M    M   6 13     23 140
 2  87  73  80   0   0  15 0.05  0.0    0  7.9 17 110   M    M   6 13     20  60
 3  88  75  82   2   0  17 0.20  0.0    0  8.8 18 190   M    M   8 13     24 200
 4  87  69  78  -2   0  13 0.52  0.0    0  8.3 21 300   M    M   7 1      26 160
 5  83  71  77  -3   0  12 2.05  0.0    0  4.0 13 120   M    M   6 13     17 170
 6  84  71  78  -2   0  13 0.10  0.0    0  6.0 16 310   M    M   6 1      20 330
 7  87  66  77  -3   0  12 0.00  0.0    0  8.8 18  10   M    M   4        23  20
 8  86  63  75  -5   0  10 0.00  0.0    0  7.6 16  20   M    M   0        21  20
 9  88  63  76  -4   0  11 0.00  0.0    0  3.8 10 250   M    M   2        17 260
10  88  67  78  -2   0  13    T  0.0    0  6.7 15 140   M    M   2        20 140
11  90  72  81   1   0  16 0.32  0.0    0 10.3 25 180   M    M   6 138    30 180
12  89  74  82   2   0  17 0.03  0.0    0  9.2 17 130   M    M   4 3      27 120
13  90  73  82   1   0  17 0.00  0.0    0  7.4 18 160   M    M   3 3      24 150
14  91  75  83   2   0  18 0.00  0.0    0  6.8 15 200   M    M   2        19 200
15  90  74  82   1   0  17 0.32  0.0    0  5.4 18 250   M    M   2 138    24 250
16  91  72  82   1   0  17    T  0.0    0  6.0 15 190   M    M   1 1      19 230
17  88  73  81   0   0  16 0.00  0.0    0  6.7 18 190   M    M   2 1      24 200
18  91  76  84   3   0  19 0.19  0.0    0  6.5 18 280   M    M   2 38     25 310
19  91  74  83   2   0  18 0.00  0.0    0  6.5 15  30   M    M   2        18  30
20  82  72  77  -4   0  12 0.35  0.0    M   M   7   M   M    M   M        16  M
21  86  71  79  -2   0  14 1.01  0.0    M   M  11   M   M    M   M        20  M
22  84  79  82   1   0  17 1.36  0.0    0 18.5 29 180   M    M   7        46 180
23  88  80  84   3   0  19 0.00  0.0    0 11.0 17 190   M    M   6        20 200
================================================================================
SM 2015 1654         0 347  7.27     0.0 161.3          M       84
================================================================================
AV 87.6 71.9                               7.7 FASTST   M    M   4    MAX(MPH)
                                 MISC ---->  # 29 180               # 46  180
================================================================================
NOTES:
# LAST OF SEVERAL OCCURRENCES

COLUMN 17 PEAK WIND IN M.P.H.

PRELIMINARY LOCAL CLIMATOLOGICAL DATA (WS FORM: F-6) , PAGE 2

                                          STATION:  NEW IBERIA
                                          MONTH:    JUNE
                                          YEAR:     2017
                                          LATITUDE:   30  1 N
                                          LONGITUDE:  91 53 W

[TEMPERATURE DATA]      [PRECIPITATION DATA]       SYMBOLS USED IN COLUMN 16

AVERAGE MONTHLY: 79.8   TOTAL FOR MONTH:   7.27    1 = FOG OR MIST
DPTR FM NORMAL:  -0.7   DPTR FM NORMAL:    1.76    2 = FOG REDUCING VISIBILITY
HIGHEST:    91 ON 19,18 GRTST 24HR  2.05 ON  5- 5      TO 1/4 MILE OR LESS
LOWEST:     63 ON  9, 8                            3 = THUNDER
                        SNOW, ICE PELLETS, HAIL    4 = ICE PELLETS
                        TOTAL MONTH:   0.0 INCH    5 = HAIL
                        GRTST 24HR     0.0         6 = FREEZING RAIN OR DRIZZLE
                        GRTST DEPTH:   0           7 = DUSTSTORM OR SANDSTORM:
                                                       VSBY 1/2 MILE OR LESS
                                                   8 = SMOKE OR HAZE
[NO. OF DAYS WITH]      [WEATHER - DAYS WITH]      9 = BLOWING SNOW
                                                   X = TORNADO
MAX 32 OR BELOW:   0    0.01 INCH OR MORE:  13
MAX 90 OR ABOVE:   7    0.10 INCH OR MORE:  11
MIN 32 OR BELOW:   0    0.50 INCH OR MORE:   5
MIN  0 OR BELOW:   0    1.00 INCH OR MORE:   3

[HDD (BASE 65) ]
TOTAL THIS MO.     0    CLEAR  (SCALE 0-3)  10
DPTR FM NORMAL     0    PTCLDY (SCALE 4-7)  11
TOTAL FM JUL 1   716    CLOUDY (SCALE 8-10)  0
DPTR FM NORMAL  -693

[CDD (BASE 65) ]
TOTAL THIS MO.   347
DPTR FM NORMAL    -8    [PRESSURE DATA]
TOTAL FM JAN 1  1094    HIGHEST SLP M ON M
DPTR FM NORMAL   169    LOWEST  SLP 29.43 ON 22

[REMARKS]
