000
CXUS54 KHGX 281415
CF6ARM
PRELIMINARY LOCAL CLIMATOLOGICAL DATA (WS FORM: F-6)

                                          STATION:   Wharton
                                          MONTH:     AUGUST
                                          YEAR:      2015
                                          LATITUDE:   29 15 N
                                          LONGITUDE:  96  9 W

  TEMPERATURE IN F:       :PCPN:    SNOW:  WIND      :SUNSHINE: SKY     :PK WND
================================================================================
1   2   3   4   5  6A  6B    7    8   9   10  11  12  13   14  15   16   17  18
                                     12Z  AVG MX 2MIN
DY MAX MIN AVG DEP HDD CDD  WTR  SNW DPTH SPD SPD DIR MIN PSBL S-S WX    SPD DR
================================================================================

 1  98  72  85   M   0  20 0.00  0.0    0  4.9 10  40   M    M   0        17  50
 2  98  70  84   M   0  19 0.00  0.0    0  4.0 13 150   M    M   1        17 150
 3  97  70  84   M   0  19 0.00  0.0    0  3.8 14 160   M    M   2 1      17 160
 4  96  73  85   M   0  20 0.00  0.0    0  5.7 14 140   M    M   2 1      20 140
 5  97  74  86   M   0  21 0.00  0.0    0  7.5 15 160   M    M   1 1      18 160
 6  97  73  85   M   0  20 0.00  0.0    0  8.1 16 170   M    M   1        23 190
 7  98  74  86   M   0  21 0.00  0.0    0  8.0 14 170   M    M   2 1      20 160
 8  98  74  86   M   0  21 0.00  0.0    0  7.7 15 170   M    M   1 1      22 170
 9 100  72  86   M   0  21 0.00  0.0    0  5.8 14 180   M    M   0 1      18 170
10 100  69  85   M   0  20 0.00  0.0    0  4.5 14 160   M    M   2 12     17 160
11 103  74  89   M   0  24 0.49  0.0    0  6.3 21  50   M    M   1 3      36  50
12  99  75  87   M   0  22 0.00  0.0    0  4.7 14 160   M    M   1 1       M  M
13  99  75  87   M   0  22 0.27  0.0    0  4.5 13 170   M    M   4 3      16 260
14  99  76  88   M   0  23 0.04  0.0    0  3.5 12 130   M    M   2 1      18 130
15  98  73  86   M   0  21 0.00  0.0    0  4.1 13 110   M    M   1 1      18 110
16  93  73  83   M   0  18 0.02  0.0    0  5.3 18 130   M    M   2 13     25 100
17  96  71  84   M   0  19 0.00  0.0    0  3.8 13 140   M    M   1         M  M
18  95  72  84   M   0  19 0.00  0.0    0  8.4 18 150   M    M   1        25 170
19  95  75  85   M   0  20 0.00  0.0    0  9.1 22 160   M    M   2 3      28 160
20  79  70  75   M   0  10 0.81  0.0    0  3.2  9  10   M    M   4 13      M  M
21  89  71  80   M   0  15 0.38  0.0    0  3.9 14 140   M    M   4 13     20 140
22  93  74  84   M   0  19 0.00  0.0    0  7.5 18 170   M    M   1 13     22 160
23  95  74  85   M   0  20 0.00  0.0    0  4.1 10 220   M    M   2 13     18  50
24  96  74  85   M   0  20 0.00  0.0    0  2.3 12 160   M    M   3 12      M  M
25  97  71  84   M   0  19 0.46  0.0    0  2.8 17  10   M    M   1 13     35  10
26  91  68  80   M   0  15 0.00  0.0    0  4.1  9  70   M    M   1 1       M  M
27  91  65  78   M   0  13 0.00  0.0    0  3.1  6 180   M    M   0         M  M
================================================================================
SM 2587 1952         0 521  2.47     0.0 140.7          M       43
================================================================================
AV 95.8 72.3                               5.2 FASTST   M    M   2    MAX(MPH)
                                 MISC ---->    22   M                 36    M
================================================================================
NOTES:
# LAST OF SEVERAL OCCURRENCES

COLUMN 17 PEAK WIND IN M.P.H.

PRELIMINARY LOCAL CLIMATOLOGICAL DATA (WS FORM: F-6) , PAGE 2

                                          STATION:  Wharton
                                          MONTH:    AUGUST
                                          YEAR:     2015
                                          LATITUDE:   29 15 N
                                          LONGITUDE:  96  9 W

[TEMPERATURE DATA]      [PRECIPITATION DATA]       SYMBOLS USED IN COLUMN 16

AVERAGE MONTHLY: 84.1   TOTAL FOR MONTH:   2.47    1 = FOG OR MIST
DPTR FM NORMAL:     M   DPTR FM NORMAL:       M    2 = FOG REDUCING VISIBILITY
HIGHEST:   103 ON 11    GRTST 24HR  0.81 ON 20-20      TO 1/4 MILE OR LESS
LOWEST:     65 ON 27                               3 = THUNDER
                        SNOW, ICE PELLETS, HAIL    4 = ICE PELLETS
                        TOTAL MONTH:   0.0 INCH    5 = HAIL
                        GRTST 24HR     0.0         6 = FREEZING RAIN OR DRIZZLE
                        GRTST DEPTH:   0           7 = DUSTSTORM OR SANDSTORM:
                                                       VSBY 1/2 MILE OR LESS
                                                   8 = SMOKE OR HAZE
[NO. OF DAYS WITH]      [WEATHER - DAYS WITH]      9 = BLOWING SNOW
                                                   X = TORNADO
MAX 32 OR BELOW:   0    0.01 INCH OR MORE:   7
MAX 90 OR ABOVE:  25    0.10 INCH OR MORE:   5
MIN 32 OR BELOW:   0    0.50 INCH OR MORE:   1
MIN  0 OR BELOW:   0    1.00 INCH OR MORE:   0

[HDD (BASE 65) ]
TOTAL THIS MO.     0    CLEAR  (SCALE 0-3)  24
DPTR FM NORMAL     M    PTCLDY (SCALE 4-7)   3
TOTAL FM JUL 1     0    CLOUDY (SCALE 8-10)  0
DPTR FM NORMAL     M

[CDD (BASE 65) ]
TOTAL THIS MO.   521
DPTR FM NORMAL     M    [PRESSURE DATA]
TOTAL FM JAN 1  2187    HIGHEST SLP M ON M
DPTR FM NORMAL     M    LOWEST  SLP M ON M

[REMARKS]
