000
CXUS56 KPQR 271200
CF6AST
PRELIMINARY LOCAL CLIMATOLOGICAL DATA (WS FORM: F-6)

                                          STATION:   ASTORIA OR
                                          MONTH:     MARCH
                                          YEAR:      2015
                                          LATITUDE:   46  9 N
                                          LONGITUDE: 123 53 W

  TEMPERATURE IN F:       :PCPN:    SNOW:  WIND      :SUNSHINE: SKY     :PK WND
================================================================================
1   2   3   4   5  6A  6B    7    8   9   10  11  12  13   14  15   16   17  18
                                     12Z  AVG MX 2MIN
DY MAX MIN AVG DEP HDD CDD  WTR  SNW DPTH SPD SPD DIR MIN PSBL S-S WX    SPD DR
================================================================================

 1  54  31  43  -2  22   0 0.06    M    0  4.3 15 320   M    M   2 1      21 330
 2  54  36  45   0  20   0 0.04    M    0  7.4 20 320   M    M   5 1      25 310
 3  57  29  43  -2  22   0 0.00  0.0    0  4.5 12 320   M    M   0 1      15  20
 4  56  30  43  -2  22   0 0.00  0.0    0  4.4 14 320   M    M   0        18 310
 5  57  33  45   0  20   0 0.00  0.0    0  3.1 10 340   M    M   0        12 340
 6  61  35  48   2  17   0 0.00  0.0    0  3.2  9 240   M    M   1 12     13  30
 7  62  40  51   5  14   0 0.00  0.0    0  4.4 15 310   M    M   5 12     20 310
 8  67  35  51   5  14   0 0.00  0.0    0  4.1 12 310   M    M   0 12     16 320
 9  53  36  45  -1  20   0 0.00  0.0    0  3.3 10 280   M    M   7 12     14 260
10  59  36  48   2  17   0    T    M    0  7.3 23 200   M    M   6 12     33 220
11  57  47  52   6  13   0 0.13    M    0 12.6 29 190   M    M  10 18     41 200
12  62  48  55   9  10   0 0.00  0.0    0  5.8 15 200   M    M   6 1      23 180
13  67  46  57  11   8   0 0.17    M    0  9.8 21 210   M    M   2 1      27 200
14  55  50  53   7  12   0 1.35  0.0    0 10.8 30 190   M    M  10 1      47 170
15  61  48  55   9  10   0 1.77    M    0 12.0 40 180   M    M  10 18     67 170
16  59  39  49   3  16   0 0.00  0.0    0  5.4 13 330   M    M   1        19  20
17  56  40  48   2  17   0 0.01    M    0  6.0 20 210   M    M   6 1      28 190
18  59  42  51   4  14   0 0.01    M    0  3.7 10 350   M    M   5 1      13 250
19  62  41  52   5  13   0 0.00  0.0    0  6.1 18 220   M    M   4 1      24 220
20  58  48  53   6  12   0 0.31    M    0  8.7 23 200   M    M   8 1      32 190
21  57  41  49   2  16   0 0.30    M    0 11.7 25 200   M    M   4 1      39 200
22  56  41  49   2  16   0 0.21    M    0  5.9 17 210   M    M   7 1      23 230
23  54  43  49   2  16   0 0.97    M    0  9.5 26 250   M    M   9 1      35 260
24  56  42  49   2  16   0 0.22    M    0  6.8 18 230   M    M   8 1      23 200
25  56  48  52   5  13   0 0.40    M    0 11.9 23 200   M    M   9 1      33 210
26  66  43  55   8  10   0 0.00  0.0    0  2.9 13 330   M    M   3 128    15 340
================================================================================
SM 1521 1048       400   0  5.95     0.0 175.6          M      128
================================================================================
AV 58.5 40.3                               6.8 FASTST   M    M   5    MAX(MPH)
                                 MISC ---->  # 40 180               # 67  170
================================================================================
NOTES:
# LAST OF SEVERAL OCCURRENCES

COLUMN 17 PEAK WIND IN M.P.H.

PRELIMINARY LOCAL CLIMATOLOGICAL DATA (WS FORM: F-6) , PAGE 2

                                          STATION:  ASTORIA OR
                                          MONTH:    MARCH
                                          YEAR:     2015
                                          LATITUDE:   46  9 N
                                          LONGITUDE: 123 53 W

[TEMPERATURE DATA]      [PRECIPITATION DATA]       SYMBOLS USED IN COLUMN 16

AVERAGE MONTHLY: 49.4   TOTAL FOR MONTH:   5.95    1 = FOG OR MIST
DPTR FM NORMAL:   3.2   DPTR FM NORMAL:   -0.40    2 = FOG REDUCING VISIBILITY
HIGHEST:    67 ON 13, 8 GRTST 24HR  1.77 ON 15-15      TO 1/4 MILE OR LESS
LOWEST:     29 ON  3                               3 = THUNDER
                        SNOW, ICE PELLETS, HAIL    4 = ICE PELLETS
                        TOTAL MONTH:   0.0 INCH    5 = HAIL
                        GRTST 24HR     0.0         6 = FREEZING RAIN OR DRIZZLE
                        GRTST DEPTH:   0           7 = DUSTSTORM OR SANDSTORM:
                                                       VSBY 1/2 MILE OR LESS
                                                   8 = SMOKE OR HAZE
[NO. OF DAYS WITH]      [WEATHER - DAYS WITH]      9 = BLOWING SNOW
                                                   X = TORNADO
MAX 32 OR BELOW:   0    0.01 INCH OR MORE:  14
MAX 90 OR ABOVE:   0    0.10 INCH OR MORE:  10
MIN 32 OR BELOW:   3    0.50 INCH OR MORE:   3
MIN  0 OR BELOW:   0    1.00 INCH OR MORE:   2

[HDD (BASE 65) ]
TOTAL THIS MO.   400    CLEAR  (SCALE 0-3)   8
DPTR FM NORMAL   -90    PTCLDY (SCALE 4-7)  12
TOTAL FM JUL 1  2940    CLOUDY (SCALE 8-10)  6
DPTR FM NORMAL  -892

[CDD (BASE 65) ]
TOTAL THIS MO.     0
DPTR FM NORMAL     0    [PRESSURE DATA]
TOTAL FM JAN 1     0    HIGHEST SLP M ON M
DPTR FM NORMAL     0    LOWEST  SLP 29.66 ON 15

[REMARKS]
