000
CXUS54 KBMX 311216
CF6AUO
PRELIMINARY LOCAL CLIMATOLOGICAL DATA (WS FORM: F-6)

                                          STATION:   AUBURN    AWOS
                                          MONTH:     AUGUST
                                          YEAR:      2015
                                          LATITUDE:   32 34 N
                                          LONGITUDE:  85 30 W

  TEMPERATURE IN F:       :PCPN:    SNOW:  WIND      :SUNSHINE: SKY     :PK WND
================================================================================
1   2   3   4   5  6A  6B    7    8   9   10  11  12  13   14  15   16   17  18
                                     12Z  AVG MX 2MIN
DY MAX MIN AVG DEP HDD CDD  WTR  SNW DPTH SPD SPD DIR MIN PSBL S-S WX    SPD DR
================================================================================

 1  93  70  82   M   0  17 0.00  0.0    0  6.6 14  30   M    M   2        16  20
 2  95  72  84   M   0  19 0.00  0.0    0  6.0 12 360   M    M   3         M  M
 3  95  73  84   M   0  19 0.00  0.0    0  3.9  9 280   M    M   1         M  M
 4   M  72   M   M   M   M 0.00  0.0    0  0.5  4  10   M    M   0         M  M
 5  93   M   M   M   M   M 0.00  0.0    0 10.1 15 200   M    M   2        16 180
 6  90  73  82   M   0  17 0.60  0.0    0  8.4 14 270   M    M   8 3      21 270
 7  88  73  81   M   0  16 0.06  0.0    0  7.4 13 300   M    M   6 3      20 300
 8  91  72  82   M   0  17 0.00  0.0    0  3.3  7  70   M    M   2 3       M  M
 9  93  73  83   M   0  18 0.00  0.0    0  4.1  8 150   M    M   1         M  M
10   M   M   M   M   M   M 0.00  0.0    0  1.6  5 140   M    M   0         M  M
11   M   M   M   M   M   M 0.00  0.0    0   M   M   M   M    M   0         M  M
12   M   M   M   M   M   M    M    M    M   M   M   M   M    M   M         M  M
13   M   M   M   M   M   M 0.00  0.0    M  6.8  9  70   M    M   3         M  M
14  88  73  81   M   0  16 0.00  0.0    0  6.6  9 160   M    M   3 3       M  M
15  90  72  81   M   0  16 0.00  0.0    0  6.7 14 100   M    M   1         M  M
16   M   M   M   M   M   M    M    M    0  6.4 13  90   M    M   4 3       M  M
17  87  72  80   M   0  15 0.55  0.0    0  4.4  9 140   M    M   6 13      M  M
18  88  73  81   M   0  16 0.06  0.0    0  7.7 10 170   M    M   7 13      M  M
19  88  73  81   M   0  16 0.17  0.0    0  5.3 14 180   M    M   6 123     M  M
20  87  73  80   M   0  15    T  0.0    0  4.8  9 300   M    M   5 12      M  M
21  90  71  81   M   0  16 0.00  0.0    0  4.0  8  30   M    M   1         M  M
22  90  74  82   M   0  17 0.26  0.0    0  3.1  9 340   M    M   1 3       M  M
23  89  75  82   M   0  17 0.00  0.0    0  5.9 15 310   M    M   3        20 280
24  91  72  82   M   0  17 0.00  0.0    0  6.5  9 310   M    M   1         M  M
25  84  64  74   M   0   9 0.00  0.0    0  8.1 15 350   M    M   0        18  10
26  85  58  72   M   0   7 0.00  0.0    0  6.6 13 350   M    M   1         M  M
27  88  64  76   M   0  11 0.00  0.0    0  7.9 13  20   M    M   1         M  M
28  89  70  80   M   0  15 0.00  0.0    0  8.5 14 120   M    M   4 3      21 120
29  85  69  77   M   0  12 2.17  0.0    0  6.6 10  70   M    M   5 3       M  M
30  83  69  76   M   0  11 0.41  0.0    0  5.1 10  70   M    M   8         M  M
================================================================================
SM 2140 1700         0 349  4.28     0.0 162.9          M       85
================================================================================
AV 89.2 70.8                               5.8 FASTST   M    M   3    MAX(MPH)
                                 MISC ---->  # 15 200                 21    M
================================================================================
NOTES:
# LAST OF SEVERAL OCCURRENCES

COLUMN 17 PEAK WIND IN M.P.H.

PRELIMINARY LOCAL CLIMATOLOGICAL DATA (WS FORM: F-6) , PAGE 2

                                          STATION:  AUBURN    AWOS
                                          MONTH:    AUGUST
                                          YEAR:     2015
                                          LATITUDE:   32 34 N
                                          LONGITUDE:  85 30 W

[TEMPERATURE DATA]      [PRECIPITATION DATA]       SYMBOLS USED IN COLUMN 16

AVERAGE MONTHLY: 80.0   TOTAL FOR MONTH:   4.28    1 = FOG OR MIST
DPTR FM NORMAL:     M   DPTR FM NORMAL:       M    2 = FOG REDUCING VISIBILITY
HIGHEST:    95 ON  3, 2 GRTST 24HR  2.17 ON 29-29      TO 1/4 MILE OR LESS
LOWEST:     58 ON 26                               3 = THUNDER
                        SNOW, ICE PELLETS, HAIL    4 = ICE PELLETS
                        TOTAL MONTH:   0.0 INCH    5 = HAIL
                        GRTST 24HR     0.0         6 = FREEZING RAIN OR DRIZZLE
                        GRTST DEPTH:   0           7 = DUSTSTORM OR SANDSTORM:
                                                       VSBY 1/2 MILE OR LESS
                                                   8 = SMOKE OR HAZE
[NO. OF DAYS WITH]      [WEATHER - DAYS WITH]      9 = BLOWING SNOW
                                                   X = TORNADO
MAX 32 OR BELOW:   0    0.01 INCH OR MORE:   8
MAX 90 OR ABOVE:  11    0.10 INCH OR MORE:   6
MIN 32 OR BELOW:   0    0.50 INCH OR MORE:   3
MIN  0 OR BELOW:   0    1.00 INCH OR MORE:   1

[HDD (BASE 65) ]
TOTAL THIS MO.     0    CLEAR  (SCALE 0-3)  19
DPTR FM NORMAL     M    PTCLDY (SCALE 4-7)  10
TOTAL FM JUL 1     0    CLOUDY (SCALE 8-10)  0
DPTR FM NORMAL     M

[CDD (BASE 65) ]
TOTAL THIS MO.   349
DPTR FM NORMAL     M    [PRESSURE DATA]
TOTAL FM JAN 1  1366    HIGHEST SLP M ON M
DPTR FM NORMAL     M    LOWEST  SLP M ON M

[REMARKS]
