000
CXUS54 KEWX 220910
CF6AUS
PRELIMINARY LOCAL CLIMATOLOGICAL DATA (WS FORM: F-6)

                                          STATION:   AUSTIN BERGSTROM
                                          MONTH:     FEBRUARY
                                          YEAR:      2018
                                          LATITUDE:   30 13 N
                                          LONGITUDE:  97 40 W

  TEMPERATURE IN F:       :PCPN:    SNOW:  WIND      :SUNSHINE: SKY     :PK WND
================================================================================
1   2   3   4   5  6A  6B    7    8   9   10  11  12  13   14  15   16   17  18
                                     12Z  AVG MX 2MIN
DY MAX MIN AVG DEP HDD CDD  WTR  SNW DPTH SPD SPD DIR MIN PSBL S-S WX    SPD DR
================================================================================

 1  74  50  62  12   3   0 0.00  0.0    0 10.8 25  10   M    M   6        32 360
 2  60  45  53   3  12   0 0.00  0.0    0 13.4 28  10   M    M   8        32  20
 3  56  40  48  -2  17   0 0.02  0.0    0  6.3 13 170   M    M   8 1      15 170
 4  75  34  55   5  10   0 0.00  0.0    0  7.2 23  20   M    M   3 12     28  40
 5  56  40  48  -2  17   0 0.00  0.0    0  8.9 25  30   M    M   9        31  30
 6  55  40  48  -3  17   0 0.04  0.0    0 10.8 17 360   M    M  10 1      21 360
 7  48  35  42  -9  23   0 0.01  0.0    0 14.4 24 350   M    M   9 1      29 350
 8  59  31  45  -6  20   0 0.00  0.0    0  8.3 17  20   M    M   8 1      20  20
 9  62  50  56   5   9   0 0.01  0.0    0  7.0 13 190   M    M  10 1      16 180
10  63  39  51   0  14   0 0.05  0.0    0  8.7 22  10   M    M   9 128    25  10
11  41  29  35 -16  30   0 0.02    T    0 14.6 24 360   M    M   9 13456  31  10
12  41  30  36 -16  29   0 0.00  0.0    0 11.2 21  20   M    M   5 1      24 360
13  46  38  42 -10  23   0 0.05  0.0    0  5.8 10  10   M    M  10 1      16  60
14  71  46  59   7   6   0 0.03  0.0    0  4.3 15 180   M    M   8 12     19 180
15  77  64  71  19   0   6    T  0.0    0 10.8 23 200   M    M   9 1      30 200
16  76  57  67  15   0   2 0.00  0.0    0 10.9 26  10   M    M  10 1      31 360
17  62  45  54   2  11   0 0.01  0.0    0  6.9 15  10   M    M   9 1      17  20
18  77  51  64  11   1   0 0.01  0.0    0  9.5 24 160   M    M   9 1      34 170
19  82  68  75  22   0  10 0.00  0.0    0 17.6 31 170   M    M   9        42 170
20  73  69  71  18   0   6 0.04  0.0    0 13.8 25 150   M    M   9 1      32 140
21  71  40  56   3   9   0 0.27  0.0    0 15.3 26  30   M    M   9 13     30  30
================================================================================
SM 1325  941       251  24  0.56    T    216.5          M      176
================================================================================
AV 63.1 44.8                              10.3 FASTST   M    M   8    MAX(MPH)
                                 MISC ---->  # 31 170               # 42  170
================================================================================
NOTES:
# LAST OF SEVERAL OCCURRENCES

COLUMN 17 PEAK WIND IN M.P.H.

PRELIMINARY LOCAL CLIMATOLOGICAL DATA (WS FORM: F-6) , PAGE 2

                                          STATION:  AUSTIN BERGSTROM
                                          MONTH:    FEBRUARY
                                          YEAR:     2018
                                          LATITUDE:   30 13 N
                                          LONGITUDE:  97 40 W

[TEMPERATURE DATA]      [PRECIPITATION DATA]       SYMBOLS USED IN COLUMN 16

AVERAGE MONTHLY: 54.0   TOTAL FOR MONTH:   0.56    1 = FOG OR MIST
DPTR FM NORMAL:   2.5   DPTR FM NORMAL:   -1.14    2 = FOG REDUCING VISIBILITY
HIGHEST:    82 ON 19    GRTST 24HR  0.27 ON 21-21      TO 1/4 MILE OR LESS
LOWEST:     29 ON 11                               3 = THUNDER
                        SNOW, ICE PELLETS, HAIL    4 = ICE PELLETS
                        TOTAL MONTH:    T          5 = HAIL
                        GRTST 24HR    T  ON 11-11  6 = FREEZING RAIN OR DRIZZLE
                        GRTST DEPTH:   0           7 = DUSTSTORM OR SANDSTORM:
                                                       VSBY 1/2 MILE OR LESS
                                                   8 = SMOKE OR HAZE
[NO. OF DAYS WITH]      [WEATHER - DAYS WITH]      9 = BLOWING SNOW
                                                   X = TORNADO
MAX 32 OR BELOW:   0    0.01 INCH OR MORE:  12
MAX 90 OR ABOVE:   0    0.10 INCH OR MORE:   1
MIN 32 OR BELOW:   3    0.50 INCH OR MORE:   0
MIN  0 OR BELOW:   0    1.00 INCH OR MORE:   0

[HDD (BASE 65) ]
TOTAL THIS MO.   251    CLEAR  (SCALE 0-3)   1
DPTR FM NORMAL   -41    PTCLDY (SCALE 4-7)   5
TOTAL FM JUL 1  1475    CLOUDY (SCALE 8-10) 15
DPTR FM NORMAL   -59

[CDD (BASE 65) ]
TOTAL THIS MO.    24
DPTR FM NORMAL    23    [PRESSURE DATA]
TOTAL FM JAN 1    24    HIGHEST SLP M ON M
DPTR FM NORMAL    18    LOWEST  SLP 29.75 ON 19

[REMARKS]
