000
CXUS53 KGRB 270757
CF6AUW
PRELIMINARY LOCAL CLIMATOLOGICAL DATA (WS FORM: F-6)

                                          STATION:   WAUSAU WI
                                          MONTH:     NOVEMBER
                                          YEAR:      2014
                                          LATITUDE:   44 55 N
                                          LONGITUDE:  89 37 W

  TEMPERATURE IN F:       :PCPN:    SNOW:  WIND      :SUNSHINE: SKY     :PK WND
================================================================================
1   2   3   4   5  6A  6B    7    8   9   10  11  12  13   14  15   16   17  18
                                     12Z  AVG MX 2MIN
DY MAX MIN AVG DEP HDD CDD  WTR  SNW DPTH SPD SPD DIR MIN PSBL S-S WX    SPD DR
================================================================================

 1  41  19  30 -10  35   0 0.00  0.0    0  4.2 12 170   M    M   0        14 170
 2  51  25  38  -1  27   0 0.00  0.0    0  9.8 17 180   M    M   3        22 170
 3  50  35  43   4  22   0 0.09  0.0    0  5.9 14 200   M    M   4 1      19 220
 4  51  40  46   8  19   0 0.02  0.0    0 14.2 26 300   M    M  10 1      37 290
 5  40  31  36  -2  29   0 0.30  0.0    0  7.2 18 290   M    M   7 1      26 300
 6  36  33  35  -3  30   0 0.05  0.2    0  8.4 16 320   M    M  10 1      23 330
 7  39  31  35  -2  30   0 0.03    T    0  8.7 22 160   M    M  10 1      27 160
 8  38  30  34  -2  31   0    T    T    0 13.3 25 310   M    M   7 1      36 320
 9  35  29  32  -4  33   0 0.13  2.3    T  8.0 16 280   M    M   6 1      20 220
10  33  27  30  -6  35   0 0.16  2.0    1 10.8 22  90   M    M  10 126    30 100
11  32  17  25 -10  40   0 0.44  4.5    6 12.2 20 320   M    M   9 12     30 340
12  22  17  20 -14  45   0    T    T    6 10.6 17 270   M    M   9 18     22 280
13  23  16  20 -14  45   0    T    T    6 10.4 15 290   M    M   8        20 310
14  23  12  18 -15  47   0    T    T    6  7.6 13 280   M    M   6        16 300
15  20   5  13 -20  52   0 0.05  0.5    5  5.6 12 280   M    M   6 18     14 280
16  22   8  15 -17  50   0 0.04  0.6    5 10.1 17 280   M    M   7 18     23 280
17  11   6   9 -23  56   0    T    T    5 12.9 22 300   M    M   7 18     29 290
18  13   7  10 -21  55   0    T    T    5 11.8 22 280   M    M   8 8      27 300
19  19  12  16 -15  49   0 0.07  1.7    6 12.2 22 290   M    M   9 18     28 290
20  16   2   9 -21  56   0    T    T    6 10.5 22 280   M    M   4        26 290
21  28  -2  13 -17  52   0 0.00  0.0    6  9.0 22 190   M    M   2        29 190
22  36  28  32   3  33   0    T  0.0    4  6.8 18 200   M    M  10 12     24 210
23  47  36  42  14  23   0 0.14  0.0    T  6.1 14 160   M    M  10 12     17 160
24  41  22  32   4  33   0 0.67  4.8    5 11.5 22 330   M    M  10 12     32 330
25  22   9  16 -12  49   0 0.06  0.5    5  8.8 16 300   M    M   5 1      22 310
26  25  13  19  -8  46   0 0.01  0.6    5  4.6 13 330   M    M  10 18     17 340
================================================================================
SM  814  508      1022   0  2.26    17.7 241.2          M      187
================================================================================
AV 31.3 19.5                               9.3 FASTST   M    M   7    MAX(MPH)
                                 MISC ---->  # 26 300               # 37  290
================================================================================
NOTES:
# LAST OF SEVERAL OCCURRENCES

COLUMN 17 PEAK WIND IN M.P.H.

PRELIMINARY LOCAL CLIMATOLOGICAL DATA (WS FORM: F-6) , PAGE 2

                                          STATION:  WAUSAU WI
                                          MONTH:    NOVEMBER
                                          YEAR:     2014
                                          LATITUDE:   44 55 N
                                          LONGITUDE:  89 37 W

[TEMPERATURE DATA]      [PRECIPITATION DATA]       SYMBOLS USED IN COLUMN 16

AVERAGE MONTHLY: 25.4   TOTAL FOR MONTH:   2.26    1 = FOG OR MIST
DPTR FM NORMAL:  -8.1   DPTR FM NORMAL:    0.49    2 = FOG REDUCING VISIBILITY
HIGHEST:    51 ON  4, 2 GRTST 24HR  0.67 ON 24-24      TO 1/4 MILE OR LESS
LOWEST:     -2 ON 21                               3 = THUNDER
                        SNOW, ICE PELLETS, HAIL    4 = ICE PELLETS
                        TOTAL MONTH:  17.7 INCHES  5 = HAIL
                        GRTST 24HR   4.8 ON   M    6 = FREEZING RAIN OR DRIZZLE
                        GRTST DEPTH:   6 ON 21,20  7 = DUSTSTORM OR SANDSTORM:
                                                       VSBY 1/2 MILE OR LESS
                                                   8 = SMOKE OR HAZE
[NO. OF DAYS WITH]      [WEATHER - DAYS WITH]      9 = BLOWING SNOW
                                                   X = TORNADO
MAX 32 OR BELOW:  13    0.01 INCH OR MORE:  15
MAX 90 OR ABOVE:   0    0.10 INCH OR MORE:   6
MIN 32 OR BELOW:  22    0.50 INCH OR MORE:   1
MIN  0 OR BELOW:   1    1.00 INCH OR MORE:   0

[HDD (BASE 65) ]
TOTAL THIS MO.  1022    CLEAR  (SCALE 0-3)   3
DPTR FM NORMAL   202    PTCLDY (SCALE 4-7)  10
TOTAL FM JUL 1  1890    CLOUDY (SCALE 8-10) 13
DPTR FM NORMAL   186

[CDD (BASE 65) ]
TOTAL THIS MO.     0
DPTR FM NORMAL     0    [PRESSURE DATA]
TOTAL FM JAN 1   338    HIGHEST SLP M ON M
DPTR FM NORMAL   -69    LOWEST  SLP 29.02 ON 24

[REMARKS]
SNOWFALL AND PRECIPITATION AMOUNTS, AND SNOWDEPTH DURING
MIXED OR ALL SNOW EVENTS PROVIDED BY WSAW-TV.
