000
CXUS52 KGSP 010817
CF6AVL
PRELIMINARY LOCAL CLIMATOLOGICAL DATA (WS FORM: F-6)

                                          STATION:   ASHEVILLE NC
                                          MONTH:     JANUARY
                                          YEAR:      2015
                                          LATITUDE:   35 25 N
                                          LONGITUDE:  82 33 W

  TEMPERATURE IN F:       :PCPN:    SNOW:  WIND      :SUNSHINE: SKY     :PK WND
================================================================================
1   2   3   4   5  6A  6B    7    8   9   10  11  12  13   14  15   16   17  18
                                     12Z  AVG MX 2MIN
DY MAX MIN AVG DEP HDD CDD  WTR  SNW DPTH SPD SPD DIR MIN PSBL S-S WX    SPD DR
================================================================================

 1  51  24  38   1  27   0 0.00  0.0    0  5.4 17 340   M    M   2        19 330
 2  51  39  45   8  20   0 0.06  0.0    0  5.4 15 350   M    M   8 1      21 360
 3  49  44  47  10  18   0 0.61  0.0    0  7.0 13 180   M    M  10 1      15 180
 4  60  42  51  14  14   0 1.24  0.0    0  9.1 25 340   M    M   7 1      32 330
 5  42  27  35  -2  30   0 0.00  0.0    0 11.9 24 340   M    M   2        33 340
 6  47  23  35  -2  30   0 0.00  0.0    0  7.2 18 350   M    M   0        25 330
 7  30   7  19 -18  46   0    T    T    0 17.2 32 340   M    M   4        49 320
 8  30   4  17 -20  48   0 0.00  0.0    0 11.2 25 330   M    M   0 8      37 340
 9  35  17  26 -11  39   0 0.00  0.0    0 12.1 23 350   M    M   1        31 330
10  41  14  28  -9  37   0 0.00  0.0    0  7.4 22 340   M    M   0        30 360
11  45  17  31  -6  34   0 0.08  0.0    0  3.2 12 160   M    M   4 18     15 150
12  49  36  43   6  22   0 0.23  0.0    0  3.5 18 340   M    M  10 12     21 340
13  47  33  40   3  25   0 0.01  0.0    0  7.2 15 340   M    M  10 1      21 340
14  45  32  39   2  26   0 0.00  0.0    0  7.7 20 340   M    M   9 1      23 340
15  39  27  33  -4  32   0    T    T    0  5.8 17 340   M    M   7 12     21 330
16  49  28  39   2  26   0 0.00  0.0    0 11.5 24 350   M    M   3        31 360
17  53  22  38   1  27   0 0.00  0.0    0  6.2 23 170   M    M   0        27 180
18  53  32  43   6  22   0 0.00  0.0    0  7.9 25 320   M    M   3        36 330
19  64  28  46   9  19   0 0.00  0.0    0  3.5 18 260   M    M   0        28 250
20  66  32  49  12  16   0 0.00  0.0    0  3.8 17 300   M    M   0        25 300
21  56  37  47  10  18   0 0.00  0.0    0  7.9 21 340   M    M   0        26 350
22  52  29  41   4  24   0 0.00  0.0    0  5.5 14 330   M    M   4        17 340
23  40  34  37   0  28   0 0.76    T    0  4.2 15 160   M    M  10 14     20 160
24  40  31  36  -1  29   0 0.05    T    0 11.2 23 340   M    M   5 1      31 340
25  55  25  40   3  25   0    T  0.0    0  7.3 21 200   M    M   2        26 210
26  44  28  36  -1  29   0 0.02  0.0    0 11.3 24 340   M    M   7        32 330
27  36  27  32  -6  33   0    T    T    0 14.6 29 340   M    M   7        37 330
28  46  22  34  -4  31   0 0.00  0.0    0 11.2 28 330   M    M   0        36 360
29  51  23  37  -1  28   0    T  0.0    0  6.0 21 200   M    M   2        27 200
30  45  29  37  -1  28   0    T    T    0 19.0 37 330   M    M   5        51 330
31  47  23  35  -3  30   0 0.00  0.0    0  6.3 20 350   M    M   1        28 360
================================================================================
SM 1458  836       861   0  3.06    T    258.7          M      123
================================================================================
AV 47.0 27.0                               8.3 FASTST   M    M   4    MAX(MPH)
                                 MISC ---->  # 37 330               # 51  330
================================================================================
NOTES:
# LAST OF SEVERAL OCCURRENCES

COLUMN 17 PEAK WIND IN M.P.H.

PRELIMINARY LOCAL CLIMATOLOGICAL DATA (WS FORM: F-6) , PAGE 2

                                          STATION:  ASHEVILLE NC
                                          MONTH:    JANUARY
                                          YEAR:     2015
                                          LATITUDE:   35 25 N
                                          LONGITUDE:  82 33 W

[TEMPERATURE DATA]      [PRECIPITATION DATA]       SYMBOLS USED IN COLUMN 16

AVERAGE MONTHLY: 37.0   TOTAL FOR MONTH:   3.06    1 = FOG OR MIST
DPTR FM NORMAL:  -0.1   DPTR FM NORMAL:   -0.61    2 = FOG REDUCING VISIBILITY
HIGHEST:    66 ON 20    GRTST 24HR  1.70 ON  3- 4      TO 1/4 MILE OR LESS
LOWEST:      4 ON  8                               3 = THUNDER
                        SNOW, ICE PELLETS, HAIL    4 = ICE PELLETS
                        TOTAL MONTH:    T          5 = HAIL
                        GRTST 24HR    T  ON 30-30  6 = FREEZING RAIN OR DRIZZLE
                        GRTST DEPTH:   0           7 = DUSTSTORM OR SANDSTORM:
                                                       VSBY 1/2 MILE OR LESS
                                                   8 = SMOKE OR HAZE
[NO. OF DAYS WITH]      [WEATHER - DAYS WITH]      9 = BLOWING SNOW
                                                   X = TORNADO
MAX 32 OR BELOW:   2    0.01 INCH OR MORE:   9
MAX 90 OR ABOVE:   0    0.10 INCH OR MORE:   4
MIN 32 OR BELOW:  24    0.50 INCH OR MORE:   3
MIN  0 OR BELOW:   0    1.00 INCH OR MORE:   1

[HDD (BASE 65) ]
TOTAL THIS MO.   861    CLEAR  (SCALE 0-3)  16
DPTR FM NORMAL    -5    PTCLDY (SCALE 4-7)  10
TOTAL FM JUL 1  2415    CLOUDY (SCALE 8-10)  5
DPTR FM NORMAL  -112

[CDD (BASE 65) ]
TOTAL THIS MO.     0
DPTR FM NORMAL     0    [PRESSURE DATA]
TOTAL FM JAN 1     0    HIGHEST SLP 30.62 ON  8
DPTR FM NORMAL     0    LOWEST  SLP 29.58 ON 24

[REMARKS]
#FINAL-01-15#
