000
CXUS51 KBGM 210526
CF6AVP
PRELIMINARY LOCAL CLIMATOLOGICAL DATA (WS FORM: F-6)

                                          STATION:   AVOCA PA
                                          MONTH:     APRIL
                                          YEAR:      2017
                                          LATITUDE:   41 19 N
                                          LONGITUDE:  75 44 W

  TEMPERATURE IN F:       :PCPN:    SNOW:  WIND      :SUNSHINE: SKY     :PK WND
================================================================================
1   2   3   4   5  6A  6B    7    8   9   10  11  12  13   14  15   16   17  18
                                     12Z  AVG MX 2MIN
DY MAX MIN AVG DEP HDD CDD  WTR  SNW DPTH SPD SPD DIR MIN PSBL S-S WX    SPD DR
================================================================================

 1  43  34  39  -4  26   0 0.06  0.1    M  7.4 18 350   M    M  10 1      24 360
 2  61  32  47   4  18   0 0.00  0.0    M  7.2 22 330   M    M   3 1      28 330
 3  68  38  53   9  12   0 0.02  0.0    M  6.3 16 130   M    M   4        29 140
 4  68  49  59  15   6   0 0.24  0.0    M  8.3 24 250   M    M  10 13     37 220
 5  61  49  55  11  10   0 0.00  0.0    M  8.2 22 280   M    M   5        26 290
 6  51  41  46   1  19   0 1.14  0.0    M 11.0 22 230   M    M  10 13     34 110
 7  45  35  40  -5  25   0 0.04    T    M 13.8 25 310   M    M  10 18     36 290
 8  54  34  44  -2  21   0 0.00  0.0    M 11.8 23 340   M    M   2        31 350
 9  68  31  50   4  15   0 0.00  0.0    M  5.1 16 260   M    M   0        21 240
10  82  48  65  18   0   0 0.00  0.0    M  5.9 18 230   M    M   0        29 230
11  85  54  70  23   0   5 0.00  0.0    M  5.6 21 350   M    M   2        26 240
12  69  46  58  11   7   0 0.05  0.0    M  5.9 18 350   M    M   6 1      26 360
13  59  40  50   2  15   0 0.00  0.0    M  8.5 18 360   M    M   2 8      25  10
14  66  37  52   4  13   0 0.00  0.0    M  4.0 13 310   M    M   3        18  20
15  71  44  58   9   7   0    T  0.0    M  6.7 18 230   M    M   2        28 170
16  83  56  70  21   0   5 0.37  0.0    M 11.0 29 240   M    M   4 18     40 230
17  69  49  59  10   6   0 0.00  0.0    0  9.6 24 330   M    M   2 1      30 330
18  65  42  54   4  11   0 0.00  0.0    0  6.0 16 160   M    M   0        32 150
19  56  45  51   1  14   0 0.01  0.0    M  7.8 18 200   M    M   8        30 190
20  71  51  61  11   4   0 0.09  0.0    M  3.1 15 140   M    M   9 18     24 150
================================================================================
SM 1295  855       229  10  2.02     0.1 153.2          M       92
================================================================================
AV 64.8 42.8                               7.7 FASTST   M    M   5    MAX(MPH)
                                 MISC ---->  # 29 240               # 40  230
================================================================================
NOTES:
# LAST OF SEVERAL OCCURRENCES

COLUMN 17 PEAK WIND IN M.P.H.

PRELIMINARY LOCAL CLIMATOLOGICAL DATA (WS FORM: F-6) , PAGE 2

                                          STATION:  AVOCA PA
                                          MONTH:    APRIL
                                          YEAR:     2017
                                          LATITUDE:   41 19 N
                                          LONGITUDE:  75 44 W

[TEMPERATURE DATA]      [PRECIPITATION DATA]       SYMBOLS USED IN COLUMN 16

AVERAGE MONTHLY: 53.8   TOTAL FOR MONTH:   2.02    1 = FOG OR MIST
DPTR FM NORMAL:   7.0   DPTR FM NORMAL:   -0.19    2 = FOG REDUCING VISIBILITY
HIGHEST:    85 ON 11    GRTST 24HR  1.14 ON  6- 6      TO 1/4 MILE OR LESS
LOWEST:     31 ON  9                               3 = THUNDER
                        SNOW, ICE PELLETS, HAIL    4 = ICE PELLETS
                        TOTAL MONTH:   0.1 INCH    5 = HAIL
                        GRTST 24HR   0.1 ON  1- 1  6 = FREEZING RAIN OR DRIZZLE
                        GRTST DEPTH:   0           7 = DUSTSTORM OR SANDSTORM:
                                                       VSBY 1/2 MILE OR LESS
                                                   8 = SMOKE OR HAZE
[NO. OF DAYS WITH]      [WEATHER - DAYS WITH]      9 = BLOWING SNOW
                                                   X = TORNADO
MAX 32 OR BELOW:   0    0.01 INCH OR MORE:   9
MAX 90 OR ABOVE:   0    0.10 INCH OR MORE:   3
MIN 32 OR BELOW:   2    0.50 INCH OR MORE:   1
MIN  0 OR BELOW:   0    1.00 INCH OR MORE:   1

[HDD (BASE 65) ]
TOTAL THIS MO.   229    CLEAR  (SCALE 0-3)  10
DPTR FM NORMAL  -139    PTCLDY (SCALE 4-7)   4
TOTAL FM JUL 1  4919    CLOUDY (SCALE 8-10)  6
DPTR FM NORMAL  -926

[CDD (BASE 65) ]
TOTAL THIS MO.    10
DPTR FM NORMAL    10    [PRESSURE DATA]
TOTAL FM JAN 1    10    HIGHEST SLP 30.43 ON 13
DPTR FM NORMAL    10    LOWEST  SLP 29.09 ON  6

[REMARKS]
