000
CXUS53 KGRR 241017
CF6AZO
PRELIMINARY LOCAL CLIMATOLOGICAL DATA (WS FORM: F-6)

                                          STATION:   KALAMAZOO MI
                                          MONTH:     DECEMBER
                                          YEAR:      2014
                                          LATITUDE:   42 13 N
                                          LONGITUDE:  85 33 W

  TEMPERATURE IN F:       :PCPN:    SNOW:  WIND      :SUNSHINE: SKY     :PK WND
================================================================================
1   2   3   4   5  6A  6B    7    8   9   10  11  12  13   14  15   16   17  18
                                     12Z  AVG MX 2MIN
DY MAX MIN AVG DEP HDD CDD  WTR  SNW DPTH SPD SPD DIR MIN PSBL S-S WX    SPD DR
================================================================================

 1  35  18  27  -7  38   0 0.00    M    M 11.6 23 340   M    M   4        30 330
 2  36  16  26  -7  39   0    T    M    M  7.7 14 200   M    M   5 18     19 140
 3  38  23  31  -2  34   0    T    M    M 10.6 24 300   M    M   6 18     31 300
 4  33  22  28  -5  37   0 0.00    M    M  3.8 10 140   M    M   5        14 120
 5  38  30  34   2  31   0 0.00    M    M  2.9  9 190   M    M   7 18     11 140
 6  42  23  33   1  32   0 0.00    M    M  7.8 17 350   M    M   4 18     22 360
 7  37  22  30  -1  35   0 0.00    M    M  6.9 13 150   M    M   0        20 140
 8  39  30  35   4  30   0 0.10    M    M  8.1 16 180   M    M   6 1      20 200
 9  39  33  36   5  29   0    T    M    M  8.7 16 350   M    M  10 128    20 340
10  34  22  28  -2  37   0 0.00    M    M  8.3 13  10   M    M   6        18  30
11  37  22  30   0  35   0 0.00    M    M  9.9 20 300   M    M   1 18     24 300
12  36  27  32   2  33   0 0.00    M    M  9.6 15 290   M    M   9 128    20 280
13  46  35  41  12  24   0 0.00    M    M  8.7 16 270   M    M  10 128    21 270
14  53  46  50  21  15   0 0.00    M    M  7.2 13 210   M    M  10 18     18 280
15  53  44  49  20  16   0 0.06    M    M  9.2 15 190   M    M   9 18     20 200
16  45  34  40  12  25   0 0.01    M    M  9.2 23 300   M    M   9 12     28 300
17  34  28  31   3  34   0    T    M    M 13.6 25 300   M    M  10 1      33 300
18  31  28  30   2  35   0    T    M    M  8.6 14 260   M    M  10 18     17 260
19  33  22  28   0  37   0 0.00    M    M  3.2  9 320   M    M   5 1      11 310
20  31  17  24  -3  41   0    T    M    M  2.4  8 190   M    M   5 18     10 180
21  35  29  32   5  33   0 0.00    M    M  6.5 14 180   M    M   7 18     17 170
22  39  26  33   6  32   0 0.09    M    M  7.4 13 100   M    M   6 18     19 110
23  53  38  46  19  19   0 0.13    M    M  7.5 18 200   M    M   8 1      23 210
================================================================================
SM  897  635       721   0  0.39    M    179.4          M      152
================================================================================
AV 39.0 27.6                               7.8 FASTST   M    M   7    MAX(MPH)
                                 MISC ---->  # 25 300               # 33  300
================================================================================
NOTES:
# LAST OF SEVERAL OCCURRENCES

COLUMN 17 PEAK WIND IN M.P.H.

PRELIMINARY LOCAL CLIMATOLOGICAL DATA (WS FORM: F-6) , PAGE 2

                                          STATION:  KALAMAZOO MI
                                          MONTH:    DECEMBER
                                          YEAR:     2014
                                          LATITUDE:   42 13 N
                                          LONGITUDE:  85 33 W

[TEMPERATURE DATA]      [PRECIPITATION DATA]       SYMBOLS USED IN COLUMN 16

AVERAGE MONTHLY: 33.3   TOTAL FOR MONTH:   0.39    1 = FOG OR MIST
DPTR FM NORMAL:   3.4   DPTR FM NORMAL:   -1.17    2 = FOG REDUCING VISIBILITY
HIGHEST:    53 ON 23,15 GRTST 24HR  0.22 ON 22-23      TO 1/4 MILE OR LESS
LOWEST:     16 ON  2                               3 = THUNDER
                        SNOW, ICE PELLETS, HAIL    4 = ICE PELLETS
                        TOTAL MONTH:    M          5 = HAIL
                        GRTST 24HR    M  ON   M    6 = FREEZING RAIN OR DRIZZLE
                        GRTST DEPTH:  M  ON   M    7 = DUSTSTORM OR SANDSTORM:
                                                       VSBY 1/2 MILE OR LESS
                                                   8 = SMOKE OR HAZE
[NO. OF DAYS WITH]      [WEATHER - DAYS WITH]      9 = BLOWING SNOW
                                                   X = TORNADO
MAX 32 OR BELOW:   2    0.01 INCH OR MORE:   5
MAX 90 OR ABOVE:   0    0.10 INCH OR MORE:   2
MIN 32 OR BELOW:  17    0.50 INCH OR MORE:   0
MIN  0 OR BELOW:   0    1.00 INCH OR MORE:   0

[HDD (BASE 65) ]
TOTAL THIS MO.   721    CLEAR  (SCALE 0-3)   2
DPTR FM NORMAL   -88    PTCLDY (SCALE 4-7)  13
TOTAL FM JUL 1  2251    CLOUDY (SCALE 8-10)  8
DPTR FM NORMAL   115

[CDD (BASE 65) ]
TOTAL THIS MO.     0
DPTR FM NORMAL     0    [PRESSURE DATA]
TOTAL FM JAN 1   609    HIGHEST SLP M ON M
DPTR FM NORMAL   -66    LOWEST  SLP 29.66 ON 16

[REMARKS]
