000
CXUS53 KGRR 201017
CF6AZO
PRELIMINARY LOCAL CLIMATOLOGICAL DATA (WS FORM: F-6)

                                          STATION:   KALAMAZOO
                                          MONTH:     JANUARY
                                          YEAR:      2017
                                          LATITUDE:   42 13 N
                                          LONGITUDE:  85 33 W

  TEMPERATURE IN F:       :PCPN:    SNOW:  WIND      :SUNSHINE: SKY     :PK WND
================================================================================
1   2   3   4   5  6A  6B    7    8   9   10  11  12  13   14  15   16   17  18
                                     12Z  AVG MX 2MIN
DY MAX MIN AVG DEP HDD CDD  WTR  SNW DPTH SPD SPD DIR MIN PSBL S-S WX    SPD DR
================================================================================

 1  39  21  30   5  35   0 0.00    M    M  5.2 14 180   M    M   1 18     16 180
 2  42  23  33   8  32   0 0.38    M    M  4.1 13 100   M    M   6 18     18 100
 3  40  35  38  13  27   0    T    M    M  7.5 23 300   M    M   9 12     32 300
 4  35  18  27   2  38   0    T    M    M 17.2 28 300   M    M  10 18     37 290
 5  18  11  15 -10  50   0 0.01    M    M  9.7 18 280   M    M  10 8      25 280
 6  13   2   8 -17  57   0    T    M    M  8.1 17 260   M    M   7 189    22 280
 7  15   4  10 -15  55   0    T    M    M  9.6 23 270   M    M  10 18     33 270
 8  18  10  14 -10  51   0    T    M    M  6.7 17 180   M    M   9 8      22 180
 9  29  14  22  -2  43   0    T    M    M 11.4 18 210   M    M   8 18     23 200
10  50  28  39  15  26   0 0.21    M    M 18.7 36 250   M    M  10 18     51 270
11  50  28  39  15  26   0 0.33    M    M  9.7 28 260   M    M   7 1238   37 240
12  42  25  34  10  31   0 0.19    M    M  9.4 17 310   M    M   8 168    23 290
13  26  19  23  -1  42   0 0.00    M    M  6.5 16 330   M    M   5        19 310
14  32  20  26   2  39   0 0.00    M    M  4.0 10 320   M    M   5 18     12 320
15  36  16  26   2  39   0 0.00    M    M  3.1  9 210   M    M   0 18     11 220
16  36  21  29   5  36   0 0.37    M    M  4.0 10 110   M    M   8 168    15 110
17  45  36  41  17  24   0 0.49    M    M  9.4 20 250   M    M  10 123    26 240
18  39  34  37  13  28   0    T    M    M 10.2 16 230   M    M   9 18     21 230
19  41  34  38  14  27   0    T    M    0  5.5 13 230   M    M   8 18     19 290
================================================================================
SM  646  399       706   0  1.98    M    160.0          M      140
================================================================================
AV 34.0 21.0                               8.4 FASTST   M    M   7    MAX(MPH)
                                 MISC ---->  # 36 250               # 51  270
================================================================================
NOTES:
# LAST OF SEVERAL OCCURRENCES

COLUMN 17 PEAK WIND IN M.P.H.

PRELIMINARY LOCAL CLIMATOLOGICAL DATA (WS FORM: F-6) , PAGE 2

                                          STATION:  KALAMAZOO
                                          MONTH:    JANUARY
                                          YEAR:     2017
                                          LATITUDE:   42 13 N
                                          LONGITUDE:  85 33 W

[TEMPERATURE DATA]      [PRECIPITATION DATA]       SYMBOLS USED IN COLUMN 16

AVERAGE MONTHLY: 27.5   TOTAL FOR MONTH:   1.98    1 = FOG OR MIST
DPTR FM NORMAL:   3.1   DPTR FM NORMAL:    0.90    2 = FOG REDUCING VISIBILITY
HIGHEST:    50 ON 11,10 GRTST 24HR  0.86 ON 16-17      TO 1/4 MILE OR LESS
LOWEST:      2 ON  6                               3 = THUNDER
                        SNOW, ICE PELLETS, HAIL    4 = ICE PELLETS
                        TOTAL MONTH:    M          5 = HAIL
                        GRTST 24HR    M  ON   M    6 = FREEZING RAIN OR DRIZZLE
                        GRTST DEPTH:   0           7 = DUSTSTORM OR SANDSTORM:
                                                       VSBY 1/2 MILE OR LESS
                                                   8 = SMOKE OR HAZE
[NO. OF DAYS WITH]      [WEATHER - DAYS WITH]      9 = BLOWING SNOW
                                                   X = TORNADO
MAX 32 OR BELOW:   7    0.01 INCH OR MORE:   7
MAX 90 OR ABOVE:   0    0.10 INCH OR MORE:   6
MIN 32 OR BELOW:  15    0.50 INCH OR MORE:   0
MIN  0 OR BELOW:   0    1.00 INCH OR MORE:   0

[HDD (BASE 65) ]
TOTAL THIS MO.   706    CLEAR  (SCALE 0-3)   2
DPTR FM NORMAL   -65    PTCLDY (SCALE 4-7)   7
TOTAL FM JUL 1  2759    CLOUDY (SCALE 8-10) 10
DPTR FM NORMAL  -463

[CDD (BASE 65) ]
TOTAL THIS MO.     0
DPTR FM NORMAL     0    [PRESSURE DATA]
TOTAL FM JAN 1     0    HIGHEST SLP M ON M
DPTR FM NORMAL     0    LOWEST  SLP 29.23 ON 10

[REMARKS]
