000
CXUS53 KIWX 260800
CF6BEH
PRELIMINARY LOCAL CLIMATOLOGICAL DATA (WS FORM: F-6)

                                          STATION:   BENTON HARBOR
                                          MONTH:     MAY
                                          YEAR:      2017
                                          LATITUDE:   42  7 N
                                          LONGITUDE:  86 26 W

  TEMPERATURE IN F:       :PCPN:    SNOW:  WIND      :SUNSHINE: SKY     :PK WND
================================================================================
1   2   3   4   5  6A  6B    7    8   9   10  11  12  13   14  15   16   17  18
                                     12Z  AVG MX 2MIN
DY MAX MIN AVG DEP HDD CDD  WTR  SNW DPTH SPD SPD DIR MIN PSBL S-S WX    SPD DR
================================================================================

 1  66  46  56   2   9   0 0.49    M    0 13.4 29 240   M    M   9 13     38 230
 2  47  40  44 -10  21   0 0.04  0.0    0 15.0 28 250   M    M  10 1      43 240
 3  55  31  43 -11  22   0 0.00  0.0    0  3.2 10 300   M    M   0        14  10
 4  49  44  47  -8  18   0 0.12  0.0    0  8.9 20  60   M    M   8        27  60
 5  51  42  47  -8  18   0 0.00  0.0    0  7.3 16 320   M    M   2        26  30
 6  50  42  46  -9  19   0 0.00  0.0    0  7.6 18 350   M    M   3        29 330
 7  48  33  41 -15  24   0 0.00  0.0    0  5.8 15 320   M    M   0        26 320
 8  49  30  40 -16  25   0 0.00  0.0    0  4.1 12 300   M    M   1        19 290
 9  59  43  51  -5  14   0    T  0.0    0  3.2 12 120   M    M  10        14 110
10  69  50  60   4   5   0 0.50  0.0    0  4.8 15 100   M    M   9 1      21 100
11  60  46  53  -4  12   0 0.02  0.0    0  5.3 20 100   M    M   5 18     26 100
12  64  43  54  -3  11   0 0.00  0.0    0  3.7 13 300   M    M   2        18 290
13  72  39  56  -1   9   0 0.00  0.0    0  5.3 20 230   M    M   3 1      25 240
14  67  46  57  -1   8   0 0.00  0.0    0  3.5 13 250   M    M   1 18     16 350
15  80  45  63   5   2   0 0.00  0.0    0  9.1 20 130   M    M   1 38     26 140
16  87  63  75  17   0  10 0.00  0.0    0 10.4 23 180   M    M   0        32 200
17  86  70  78  19   0  13 0.00  0.0    0 15.0 29 190   M    M   1        44 190
18  77  52  65   6   0   0 0.09  0.0    0 13.3 30 240   M    M   2        38 240
19  55  44  50  -9  15   0 0.06  0.0    0  6.6 24  80   M    M   9 18     32  80
20  64  48  56  -4   9   0 0.36  0.0    0 13.8 29 110   M    M  10 13     36 110
21  67  52  60   0   5   0 0.06  0.0    0 13.0 22 260   M    M   7 13     29 250
22  73  50  62   2   3   0 0.00  0.0    0 15.6 23 260   M    M   5        29 250
23  65  56  61   1   4   0 0.04  0.0    0  5.0 16 240   M    M   9 1      21 240
24  71  56  64   3   1   0 0.15  0.0    0  5.3 15  90   M    M   8 1      22  80
25  58  48  53  -8  12   0 0.01  0.0    0  4.8 10 290   M    M   9 1      17 340
================================================================================
SM 1589 1159       266  23  1.94     0.0 203.0          M      124
================================================================================
AV 63.6 46.4                               8.1 FASTST   M    M   5    MAX(MPH)
                                 MISC ---->  # 30 240               # 44  190
================================================================================
NOTES:
# LAST OF SEVERAL OCCURRENCES

COLUMN 17 PEAK WIND IN M.P.H.

PRELIMINARY LOCAL CLIMATOLOGICAL DATA (WS FORM: F-6) , PAGE 2

                                          STATION:  BENTON HARBOR
                                          MONTH:    MAY
                                          YEAR:     2017
                                          LATITUDE:   42  7 N
                                          LONGITUDE:  86 26 W

[TEMPERATURE DATA]      [PRECIPITATION DATA]       SYMBOLS USED IN COLUMN 16

AVERAGE MONTHLY: 55.0   TOTAL FOR MONTH:   1.94    1 = FOG OR MIST
DPTR FM NORMAL:  -2.4   DPTR FM NORMAL:   -0.93    2 = FOG REDUCING VISIBILITY
HIGHEST:    87 ON 16    GRTST 24HR  0.93 ON 30- 1      TO 1/4 MILE OR LESS
LOWEST:     30 ON  8                               3 = THUNDER
                        SNOW, ICE PELLETS, HAIL    4 = ICE PELLETS
                        TOTAL MONTH:   0.0 INCH    5 = HAIL
                        GRTST 24HR     0.0         6 = FREEZING RAIN OR DRIZZLE
                        GRTST DEPTH:   0           7 = DUSTSTORM OR SANDSTORM:
                                                       VSBY 1/2 MILE OR LESS
                                                   8 = SMOKE OR HAZE
[NO. OF DAYS WITH]      [WEATHER - DAYS WITH]      9 = BLOWING SNOW
                                                   X = TORNADO
MAX 32 OR BELOW:   0    0.01 INCH OR MORE:  12
MAX 90 OR ABOVE:   0    0.10 INCH OR MORE:   5
MIN 32 OR BELOW:   2    0.50 INCH OR MORE:   1
MIN  0 OR BELOW:   0    1.00 INCH OR MORE:   0

[HDD (BASE 65) ]
TOTAL THIS MO.   266    CLEAR  (SCALE 0-3)  11
DPTR FM NORMAL    43    PTCLDY (SCALE 4-7)   6
TOTAL FM JUL 1  5196    CLOUDY (SCALE 8-10)  8
DPTR FM NORMAL  -863

[CDD (BASE 65) ]
TOTAL THIS MO.    23
DPTR FM NORMAL   -11    [PRESSURE DATA]
TOTAL FM JAN 1    33    HIGHEST SLP M ON M
DPTR FM NORMAL   -13    LOWEST  SLP 29.42 ON  1

[REMARKS]
