000
CXAK56 PABE 301209
CF6BET

PRELIMINARY LOCAL CLIMATOLOGICAL DATA (WS FORM: F-6)

                                          STATION:   BETHEL
                                          MONTH:     10
                                          YEAR:      2014
                                          LATITUDE:   60 47 N
                                          LONGITUDE: 161 50 W

  TEMPERATURE IN F:       :PCPN:    SNOW:  WIND      :SUNSHINE: SKY     :PK WND
================================================================================
1   2   3   4   5  6A  6B    7     8   9   10  11  12  13   14  15   16  17  18
                                      12Z  AVG MX 2MIN
DY MAX MIN AVG DEP HDD CDD  WTR   SNW DPTH SPD SPD DIR MIN PSBL S-S WX   SPD DR
================================================================================

 1  51  29  40   2  25   0  0.00  0.0   0 10.8 21   10   M    M   M       26  10
 2  49  32  41   3  24   0  0.00  0.0   0 14.5 24   10   M    M   M       31  10
 3  42  30  36  -1  29   0  0.00  0.0   0 19.7 31  350   M    M   M       38 340
 4  40  26  33  -4  32   0  0.00  0.0   0 14.2 28  340   M    M   M       33 340
 5  37  26  32  -4  33   0     T    T   0 11.3 22  340   M    M   M       26 320
 6  40  23  32  -4  33   0  0.00  0.0   0  6.9 13   30   M    M   M       16  10
 7  37  17  27  -8  38   0  0.00  0.0   0 12.9 24   20   M    M   M       30  20
 8  33  19  26  -9  39   0  0.00  0.0   0 21.1 32   20   M    M   M       40  20
 9  31  18  25  -9  40   0  0.00  0.0   0 24.9 38   30   M    M   M       46  30
10  30  19  25  -8  40   0  0.00  0.0   0 15.4 24   10   M    M   M       29  10
11  30  26  28  -5  37   0  0.01  0.6   1 10.2 15  340   M    M   M 1     19 330
12  32  26  29  -3  36   0  0.04  0.9   1  7.7 17  310   M    M   M 1     22 320
13  35  27  31  -1  34   0     T    T   T 13.8 20  310   M    M   M 1     26 300
14  32  27  30  -1  35   0  0.00  0.0   T 12.9 18  340   M    M   M       26 320
15  32  25  29  -2  36   0  0.00  0.0   T 10.1 16  360   M    M   M       21  10
16  31  26  29  -1  36   0  0.00  0.0   T  9.2 14   30   M    M   M       17  30
17  34  20  27  -3  38   0  0.00  0.0   T  9.2 16  360   M    M   M       20 360
18  35  22  29   0  36   0  0.00  0.0   T 10.9 17  320   M    M   M       20 320
19  27  14  21  -8  44   0     T    T   T  4.2  9  300   M    M   M 2     12 290
20  29  24  27  -1  38   0  0.21  2.4   2 12.4 20  340   M    M   M 1     24 320
21  28  17  23  -5  42   0  0.01  0.4   3  7.7 14  330   M    M   M 2     17  10
22  30  15  23  -4  42   0  0.00  0.0   3 10.9 15  310   M    M   M 1     21 320
23  35  23  29   2  36   0  0.20  1.1   3 12.4 22  170   M    M   M 1     27 290
24  33  15  24  -2  41   0  0.00  0.0   3 10.4 14  170   M    M   M 1     17 160
25  34  22  28   2  37   0  0.10  1.1   3 13.3 23  170   M    M   M 1     30 170
26  36  17  27   2  38   0  0.15  0.0   4 14.7 30  160   M    M   M 1     38 160
27  37  33  35  10  30   0  1.16    T   2 10.7 24  180   M    M   M 1     31 170
28  39  28  34  10  31   0  0.18  0.0   T  6.9 14  360   M    M   M       17 360
29  32  24  28   4  37   0  0.03  0.3   T  7.7 15  340   M    M   M 1     16 340
================================================================================
SM 1011  670      1037   0  2.09 6.8    347.0           M        M
================================================================================
AV 34.9 23.1                             12.0 FASTST  PSBL  %   M    MAX(MPH)
                                 MISC ---->     38   30                 46  30
================================================================================
NOTES:
# LAST OF SEVERAL OCCURRENCES

COLUMN 17 PEAK WIND IN M.P.H.

PRELIMINARY LOCAL CLIMATOLOGICAL DATA (WS FORM: F-6) , PAGE 2

                                          STATION:   BETHEL
                                          MONTH:     10
                                          YEAR:      2014
                                          LATITUDE:  60 47 N
                                          LONGITUDE: 161 50 W

[TEMPERATURE DATA]      [PRECIPITATION DATA]       SYMBOLS USED IN COLUMN 16

AVERAGE MONTHLY:29.0   TOTAL FOR MONTH: 2.09       1 = FOG
DPTR FM NORMAL: -1.9   DPTR FM NORMAL: 0.53       2 = FOG REDUCING VISIBILITY
HIGHEST:    51 ON  1    GRTST 24HR   1.16 ON 27        TO 1/4 MILE OR LESS
LOWEST:     14 ON 19                               3 = THUNDER
                        SNOW, ICE PELLETS, HAIL    4 = ICE PELLETS
                        TOTAL MONTH: 6.8 INCHES  5 = HAIL
                        GRTST 24HR   2.4 ON 20     6 = GLAZE OR RIME
                        GRTST DEPTH:    4 ON 26    7 = BLOWING DUST OR SAND:
                                                       VSBY 1/2 MILE OR LESS
                                                   8 = SMOKE OR HAZE
[NO. OF DAYS WITH]      [WEATHER - DAYS WITH]      9 = BLOWING SNOW
                                                   X = TORNADO
MAX 32 OR BELOW:  12    0.01 INCH OR MORE:  10
MAX 70 OR ABOVE:   0    0.10 INCH OR MORE:   6
MIN 32 OR BELOW:  28    0.50 INCH OR MORE:   1
MIN  0 OR BELOW:   0    1.00 INCH OR MORE:   1

[HDD (BASE 65) ]
TOTAL THIS MO.  1037    CLEAR  (SCALE 0-3)   M
DPTR FM NORMAL    45    PTCLDY (SCALE 4-7)   M
SEASONAL TOTAL  2061    CLOUDY (SCALE 8-10)  M
DPTR FM NORMAL  -157

[CDD (BASE 65) ]
TOTAL THIS MO.     0
DPTR FM NORMAL     0    [PRESSURE DATA]
SEASONAL TOTAL     0    HIGHEST SLP     M
DPTR FM NORMAL     0    LOWEST  SLP     M

[REMARKS]
