000
CXAK56 PABE 301133
CF6BET

PRELIMINARY LOCAL CLIMATOLOGICAL DATA (WS FORM: F-6)

                                          STATION:   BETHEL
                                          MONTH:     07
                                          YEAR:      2014
                                          LATITUDE:   60 47 N
                                          LONGITUDE: 161 50 W

  TEMPERATURE IN F:       :PCPN:    SNOW:  WIND      :SUNSHINE: SKY     :PK WND
================================================================================
1   2   3   4   5  6A  6B    7     8   9   10  11  12  13   14  15   16  17  18
                                      12Z  AVG MX 2MIN
DY MAX MIN AVG DEP HDD CDD  WTR   SNW DPTH SPD SPD DIR MIN PSBL S-S WX   SPD DR
================================================================================

 1  66  49  58   2   7   0  0.00  0.0   0  7.2 15  240   M    M   M 12    20 240
 2  62  48  55  -1  10   0  0.00  0.0   0  5.3 10  320   M    M   M 1     14 310
 3  68  51  60   4   5   0  0.00  0.0   0  8.9 17  330   M    M   M       22 320
 4  71  52  62   6   3   0  0.00  0.0   0  6.9 14  190   M    M   M       18 190
 5  73  43  58   2   7   0     T  0.0   0  6.4 13  240   M    M   M 12    15 160
 6  74  55  65   8   0   0  0.01  0.0   0  8.2 18  190   M    M   M       22 180
 7  65  50  58   1   7   0  0.20  0.0   0  5.5 17  190   M    M   M 1     21 190
 8  67  51  59   2   6   0  0.22  0.0   0  5.2 22  190   M    M   M 12    26 190
 9  61  46  54  -3  11   0  0.19  0.0   0  9.5 23  190   M    M   M 12    30 180
10  61  49  55  -2  10   0  0.13  0.0   0  8.7 17   10   M    M   M 1     21 360
11  59  53  56  -1   9   0  0.28  0.0   0  4.8  8  210   M    M   M 12    10 310
12  66  48  57   0   8   0  0.25  0.0   0  5.7 15  160   M    M   M 12    18 160
13  68  48  58   1   7   0  0.48  0.0   0  5.6 18  290   M    M   M 1     22 290
14  65  51  58   1   7   0  0.00  0.0   0 12.7 22  210   M    M   M       26 210
15  66  45  56   0   9   0  0.00  0.0   0 10.6 18  200   M    M   M 12    22 220
16  65  49  57   1   8   0     T  0.0   0 11.8 18  230   M    M   M       24 220
17  60  50  55  -1  10   0  0.16  0.0   0 13.7 23  220   M    M   M 1     29 190
18  60  47  54  -2  11   0  0.17  0.0   0 11.6 22  320   M    M   M 1     26 320
19  51  39  45 -11  20   0  0.18  0.0   0 13.1 28  230   M    M   M 128   36 230
20  61  42  52  -4  13   0  0.00  0.0   0  6.3 15  300   M    M   M       20 300
21  59  40  50  -6  15   0  0.01  0.0   0 10.3 20  200   M    M   M 128   26 210
22  59  48  54  -2  11   0  0.03  0.0   0  7.6 13  220   M    M   M 1     16 220
23  52  45  49  -7  16   0  0.13  0.0   0  9.7 17  210   M    M   M 1     21 220
24  61  48  55  -1  10   0  0.00  0.0   0  9.7 18  340   M    M   M 12    25 340
25  60  40  50  -6  15   0     T  0.0   0  9.9 18  330   M    M   M       22 300
26  64  48  56   0   9   0  0.00  0.0   0  6.7 14  320   M    M   M       18 310
27  60  54  57   1   8   0     T  0.0   0  6.8 12  280   M    M   M       15 240
28  61  49  55   0  10   0  0.01  0.0   0  9.5 16  340   M    M   M 1     21 330
29  74  47  61   6   4   0  0.00  0.0   0 13.2 25   10   M    M   M 1     33  20
================================================================================
SM 1839 1385       266   0  2.45 0.0    251.1           M        M
================================================================================
AV 63.4 47.8                              8.7 FASTST  PSBL  %   M    MAX(MPH)
                                 MISC ---->     28  230                 36 230
================================================================================
NOTES:
# LAST OF SEVERAL OCCURRENCES

COLUMN 17 PEAK WIND IN M.P.H.

PRELIMINARY LOCAL CLIMATOLOGICAL DATA (WS FORM: F-6) , PAGE 2

                                          STATION:   BETHEL
                                          MONTH:     07
                                          YEAR:      2014
                                          LATITUDE:  60 47 N
                                          LONGITUDE: 161 50 W

[TEMPERATURE DATA]      [PRECIPITATION DATA]       SYMBOLS USED IN COLUMN 16

AVERAGE MONTHLY:55.6   TOTAL FOR MONTH: 2.45       1 = FOG
DPTR FM NORMAL: -0.6   DPTR FM NORMAL: 0.29       2 = FOG REDUCING VISIBILITY
HIGHEST:    74 ON 29    GRTST 24HR   0.48 ON 13        TO 1/4 MILE OR LESS
LOWEST:     39 ON 19                               3 = THUNDER
                        SNOW, ICE PELLETS, HAIL    4 = ICE PELLETS
                        TOTAL MONTH: 0.0         5 = HAIL
                        GRTST 24HR   0.0           6 = GLAZE OR RIME
                        GRTST DEPTH:    0          7 = BLOWING DUST OR SAND:
                                                       VSBY 1/2 MILE OR LESS
                                                   8 = SMOKE OR HAZE
[NO. OF DAYS WITH]      [WEATHER - DAYS WITH]      9 = BLOWING SNOW
                                                   X = TORNADO
MAX 32 OR BELOW:   0    0.01 INCH OR MORE:  15
MAX 70 OR ABOVE:   4    0.10 INCH OR MORE:  11
MIN 32 OR BELOW:   0    0.50 INCH OR MORE:   0
MIN  0 OR BELOW:   0    1.00 INCH OR MORE:   0

[HDD (BASE 65) ]
TOTAL THIS MO.   266    CLEAR  (SCALE 0-3)   M
DPTR FM NORMAL     2    PTCLDY (SCALE 4-7)   M
SEASONAL TOTAL   266    CLOUDY (SCALE 8-10)  M
DPTR FM NORMAL     2

[CDD (BASE 65) ]
TOTAL THIS MO.     0
DPTR FM NORMAL     0    [PRESSURE DATA]
SEASONAL TOTAL     0    HIGHEST SLP     M
DPTR FM NORMAL     0    LOWEST  SLP     M

[REMARKS]
