000
CXUS55 KCTP 301131
CF6BFD
PRELIMINARY LOCAL CLIMATOLOGICAL DATA (WS FORM: F-6)

                                          STATION:   BRADFORD
                                          MONTH:     JANUARY
                                          YEAR:      2015
                                          LATITUDE:   41 47 N
                                          LONGITUDE:  78 38 W

  TEMPERATURE IN F:       :PCPN:    SNOW:  WIND      :SUNSHINE: SKY     :PK WND
================================================================================
1   2   3   4   5  6A  6B    7    8   9   10  11  12  13   14  15   16   17  18
                                     12Z  AVG MX 2MIN
DY MAX MIN AVG DEP HDD CDD  WTR  SNW DPTH SPD SPD DIR MIN PSBL S-S WX    SPD DR
================================================================================

 1  29  13  21  -1  44   0    T    M    M 12.3 21 240   M    M   5        32 230
 2  28  16  22   0  43   0    T    M    M  6.8 16 280   M    M   9 18     22 280
 3  40  15  28   6  37   0 0.79    M    M 10.4 21 150   M    M   7 168    32 140
 4  55  27  41  20  24   0 0.25    M    M 11.9 28 280   M    M  10 1      40 290
 5  27   4  16  -5  49   0    T    M    M 14.8 30 280   M    M   8 189    41 280
 6  12   4   8 -13  57   0 0.01    M    M  7.0 15 240   M    M   8 8      21 220
 7   9  -1   4 -17  61   0    T    M    M 13.8 32 320   M    M  10 89     41 310
 8   9   0   5 -16  60   0 0.01    M    M  9.7 17 190   M    M   7 9      28 230
 9  16   2   9 -12  56   0 0.09    M    M 11.4 22 280   M    M   8 89     33 280
10  11  -6   3 -18  62   0    T    M    M  8.1 15 280   M    M   3 8      21 250
11  33   9  21   0  44   0 0.00  0.0    0  8.7 16 190   M    M  10        25 230
12  32  16  24   3  41   0 0.22    M    M  8.6 18 330   M    M  10 168    24 260
13  16  -5   6 -15  59   0    T    M    M  5.8 16 360   M    M   4 8      20 350
14  25  -6  10 -11  55   0 0.00    M    M  4.3 10 280   M    M   4 8      15 280
15  26  10  18  -3  47   0    T    M    M  8.4 15 240   M    M   7 18     21 220
16  25  -4  11 -10  54   0    T    M    M 11.4 25 330   M    M   8 18     36 310
17  30 -11  10 -11  55   0 0.00    M    M  7.6 16 140   M    M   1        28 160
18  38  28  33  12  32   0 0.05    M    M  8.2 17 270   M    M   7 18     26 280
19  30  23  27   6  38   0    T    M    M 11.0 21 280   M    M  10 18     30 280
20  25   9  17  -4  48   0 0.00    M    M  4.4 12 320   M    M   8 18     15 280
21  29   1  15  -6  50   0 0.07    M    0  3.2  9 140   M    M   6 18     11 140
22  29  18  24   3  41   0    T    M    M  7.4 15 310   M    M   9 18     18 300
23  27  18  23   2  42   0 0.00    M    M  4.4 12 190   M    M   7 18     17 250
24  28  21  25   4  40   0 0.01    M    M  6.0 15 280   M    M   9 168    21 260
25  30  14  22   1  43   0 0.03    M    M  8.0 23 290   M    M   8 168    30 320
26  20  12  16  -5  49   0 0.14    M    0  7.6 13  70   M    M  10 8      18  70
27  19   4  12 -10  53   0 0.02    M    M  8.7 18 340   M    M   8 18     24 330
28  26  -1  13  -9  52   0 0.00  0.0    M  4.6 10 320   M    M   0 8      14 280
29  31  -2  15  -7  50   0 0.14    M    M  7.6 21 300   M    M   8 168    29 300
================================================================================
SM  755  228      1386   0  1.83     0.0 242.1          M      209
================================================================================
AV 26.0  7.9                               8.3 FASTST   M    M   7    MAX(MPH)
                                 MISC ---->  # 32 320               # 41  280
================================================================================
NOTES:
# LAST OF SEVERAL OCCURRENCES

COLUMN 17 PEAK WIND IN M.P.H.

PRELIMINARY LOCAL CLIMATOLOGICAL DATA (WS FORM: F-6) , PAGE 2

                                          STATION:  BRADFORD
                                          MONTH:    JANUARY
                                          YEAR:     2015
                                          LATITUDE:   41 47 N
                                          LONGITUDE:  78 38 W

[TEMPERATURE DATA]      [PRECIPITATION DATA]       SYMBOLS USED IN COLUMN 16

AVERAGE MONTHLY: 16.9   TOTAL FOR MONTH:   1.83    1 = FOG OR MIST
DPTR FM NORMAL:  -4.3   DPTR FM NORMAL:   -1.26    2 = FOG REDUCING VISIBILITY
HIGHEST:    55 ON  4    GRTST 24HR  0.91 ON  3- 4      TO 1/4 MILE OR LESS
LOWEST:    -11 ON 17                               3 = THUNDER
                        SNOW, ICE PELLETS, HAIL    4 = ICE PELLETS
                        TOTAL MONTH:   0.0 INCH    5 = HAIL
                        GRTST 24HR     0.0         6 = FREEZING RAIN OR DRIZZLE
                        GRTST DEPTH:   0           7 = DUSTSTORM OR SANDSTORM:
                                                       VSBY 1/2 MILE OR LESS
                                                   8 = SMOKE OR HAZE
[NO. OF DAYS WITH]      [WEATHER - DAYS WITH]      9 = BLOWING SNOW
                                                   X = TORNADO
MAX 32 OR BELOW:  25    0.01 INCH OR MORE:  13
MAX 90 OR ABOVE:   0    0.10 INCH OR MORE:   5
MIN 32 OR BELOW:  29    0.50 INCH OR MORE:   1
MIN  0 OR BELOW:   9    1.00 INCH OR MORE:   0

[HDD (BASE 65) ]
TOTAL THIS MO.  1386    CLEAR  (SCALE 0-3)   3
DPTR FM NORMAL   284    PTCLDY (SCALE 4-7)  12
TOTAL FM JUL 1  4276    CLOUDY (SCALE 8-10) 14
DPTR FM NORMAL   118

[CDD (BASE 65) ]
TOTAL THIS MO.     0
DPTR FM NORMAL     0    [PRESSURE DATA]
TOTAL FM JAN 1     0    HIGHEST SLP M ON M
DPTR FM NORMAL     0    LOWEST  SLP 29.40 ON 24

[REMARKS]
