000
CXUS55 KCTP 291131
CF6BFD
PRELIMINARY LOCAL CLIMATOLOGICAL DATA (WS FORM: F-6)

                                          STATION:   BRADFORD
                                          MONTH:     MARCH
                                          YEAR:      2017
                                          LATITUDE:   41 47 N
                                          LONGITUDE:  78 38 W

  TEMPERATURE IN F:       :PCPN:    SNOW:  WIND      :SUNSHINE: SKY     :PK WND
================================================================================
1   2   3   4   5  6A  6B    7    8   9   10  11  12  13   14  15   16   17  18
                                     12Z  AVG MX 2MIN
DY MAX MIN AVG DEP HDD CDD  WTR  SNW DPTH SPD SPD DIR MIN PSBL S-S WX    SPD DR
================================================================================

 1  58  34  46  20  19   0 0.46    M    M 12.2 30 280   M    M   8 1      39 280
 2  34  19  27   0  38   0 0.04    M    M 15.3 30 280   M    M   9 1      43 280
 3  23   8  16 -11  49   0 0.01    M    M  8.6 28 310   M    M   7 18     34 310
 4  19   1  10 -17  55   0 0.01    M    M  8.4 24 340   M    M   6 1      29 340
 5  34  -8  13 -15  52   0 0.00    M    M  4.9 12 110   M    M   0        16  90
 6  50  25  38  10  27   0 0.13    M    M  7.3 14 210   M    M   9 1      19 200
 7  52  36  44  16  21   0 0.83    M    M 10.7 24 310   M    M  10 1      36 330
 8  49  34  42  13  23   0 0.04    M    M 12.6 33 280   M    M   6 1      46 220
 9  41  28  35   6  30   0 0.04    M    0 12.3 30 270   M    M   9 1      43 280
10  29   8  19 -10  46   0 0.05    M    M 12.7 32 310   M    M  10 1289   41 300
11  16   9  13 -17  52   0    T    M    M 12.7 28 310   M    M  10 1      36 330
12  19   2  11 -19  54   0    T    M    M  9.7 18 330   M    M   9 1      23 300
13  26   0  13 -17  52   0    T    M    M  7.5 17 140   M    M   5 1      20 120
14  22  11  17 -14  48   0 0.06    M    M 13.1 26 330   M    M  10 12     34 320
15  20  10  15 -16  50   0    T    M    M 17.5 31 310   M    M  10 129    49 290
16  27  17  22  -9  43   0    T    M    M 14.3 25 280   M    M   8 18     35 300
17  40   7  24  -8  41   0 0.00    M    M  3.3 12 210   M    M   1 1      19 280
18  36  31  34   2  31   0 0.15    M    M  5.5 14 130   M    M  10 16     18 190
19  36  30  33   0  32   0 0.01    M    M  5.4 14 330   M    M  10 1      16 320
20  37  29  33   0  32   0 0.00    M    M  3.2 12 300   M    M  10        14 300
21  49  29  39   6  26   0 0.00    M    M 10.7 25 330   M    M   6        32 330
22  29  15  22 -12  43   0    T    M    M 14.5 28 330   M    M   4 1      35 330
23  42   7  25  -9  40   0 0.00    M    M  2.8 12 150   M    M   0 1      18 150
24  65  33  49  14  16   0 0.04    M    M  9.1 18 230   M    M   5 1      29 240
25  63  41  52  17  13   0 0.02    M    M  7.4 18 320   M    M   6 1      24 270
26  46  40  43   8  22   0 0.04    M    M 11.5 20 140   M    M   9 1      27 150
27  59  41  50  14  15   0 0.18    M    M  5.4 14 140   M    M   9 12     20 160
28  53  40  47  11  18   0 0.14    M    M  5.6 16 320   M    M  10 12     20 320
================================================================================
SM 1074  577       988   0  2.25    M    264.2          M      206
================================================================================
AV 38.4 20.6                               9.4 FASTST   M    M   7    MAX(MPH)
                                 MISC ---->  # 33 280               # 49  290
================================================================================
NOTES:
# LAST OF SEVERAL OCCURRENCES

COLUMN 17 PEAK WIND IN M.P.H.

PRELIMINARY LOCAL CLIMATOLOGICAL DATA (WS FORM: F-6) , PAGE 2

                                          STATION:  BRADFORD
                                          MONTH:    MARCH
                                          YEAR:     2017
                                          LATITUDE:   41 47 N
                                          LONGITUDE:  78 38 W

[TEMPERATURE DATA]      [PRECIPITATION DATA]       SYMBOLS USED IN COLUMN 16

AVERAGE MONTHLY: 29.5   TOTAL FOR MONTH:   2.25    1 = FOG OR MIST
DPTR FM NORMAL:  -1.6   DPTR FM NORMAL:   -0.77    2 = FOG REDUCING VISIBILITY
HIGHEST:    65 ON 24    GRTST 24HR  0.83 ON  7- 7      TO 1/4 MILE OR LESS
LOWEST:     -8 ON  5                               3 = THUNDER
                        SNOW, ICE PELLETS, HAIL    4 = ICE PELLETS
                        TOTAL MONTH:    M          5 = HAIL
                        GRTST 24HR    M  ON   M    6 = FREEZING RAIN OR DRIZZLE
                        GRTST DEPTH:   0           7 = DUSTSTORM OR SANDSTORM:
                                                       VSBY 1/2 MILE OR LESS
                                                   8 = SMOKE OR HAZE
[NO. OF DAYS WITH]      [WEATHER - DAYS WITH]      9 = BLOWING SNOW
                                                   X = TORNADO
MAX 32 OR BELOW:  10    0.01 INCH OR MORE:  17
MAX 90 OR ABOVE:   0    0.10 INCH OR MORE:   6
MIN 32 OR BELOW:  20    0.50 INCH OR MORE:   1
MIN  0 OR BELOW:   2    1.00 INCH OR MORE:   0

[HDD (BASE 65) ]
TOTAL THIS MO.   988    CLEAR  (SCALE 0-3)   3
DPTR FM NORMAL   196    PTCLDY (SCALE 4-7)   8
TOTAL FM JUL 1  5571    CLOUDY (SCALE 8-10) 17
DPTR FM NORMAL  -791

[CDD (BASE 65) ]
TOTAL THIS MO.     0
DPTR FM NORMAL     0    [PRESSURE DATA]
TOTAL FM JAN 1     0    HIGHEST SLP M ON M
DPTR FM NORMAL     0    LOWEST  SLP 29.39 ON  1

[REMARKS]
