000
CXUS56 KHNX 241146
CF6BFL
PRELIMINARY LOCAL CLIMATOLOGICAL DATA (WS FORM: F-6)

                                          STATION:   BAKERSFIELD CA
                                          MONTH:     NOVEMBER
                                          YEAR:      2017
                                          LATITUDE:   35 25 N
                                          LONGITUDE: 119  3 W

  TEMPERATURE IN F:       :PCPN:    SNOW:  WIND      :SUNSHINE: SKY     :PK WND
================================================================================
1   2   3   4   5  6A  6B    7    8   9   10  11  12  13   14  15   16   17  18
                                     12Z  AVG MX 2MIN
DY MAX MIN AVG DEP HDD CDD  WTR  SNW DPTH SPD SPD DIR MIN PSBL S-S WX    SPD DR
================================================================================

 1  71  50  61   0   4   0 0.00  0.0    0  4.5 10 290   M    M   0 8      16 300
 2  69  52  61   1   4   0 0.00  0.0    0  3.7 14 330   M    M   6 8      16 320
 3  73  54  64   4   1   0 0.00  0.0    0  5.2 13 340   M    M   5        14 350
 4  73  51  62   2   3   0    T  0.0    0  4.8 12 300   M    M   4        13 300
 5  66  52  59   0   6   0 0.02  0.0    0  6.6 14 140   M    M   5 18     17 140
 6  65  49  57  -2   8   0 0.00  0.0    0  2.9 13 310   M    M   3 8      13 310
 7  71  44  58   0   7   0 0.00  0.0    0  3.5  8  40   M    M   0 8      10  90
 8  79  48  64   6   1   0 0.00  0.0    0  5.4 13 320   M    M   0        19 300
 9  75  53  64   7   1   0 0.00  0.0    0  5.8 14 360   M    M   0        20  20
10  71  51  61   4   4   0 0.00  0.0    0  3.1 12 310   M    M   4        15 270
11  68  48  58   1   7   0 0.00  0.0    0  3.4  9 330   M    M   1        12 300
12  66  50  58   2   7   0 0.00  0.0    0  1.6  7  50   M    M   0        11 220
13  69  47  58   2   7   0 0.00  0.0    0  2.8  8  50   M    M   1 18      9 210
14  70  49  60   4   5   0 0.00  0.0    0  3.4  8  50   M    M   0 8      10 280
15  75  50  63   8   2   0 0.00  0.0    0  2.4  8 130   M    M   1 8       9 320
16  79  62  71  16   0   6 0.00  0.0    0  4.8 16 360   M    M   8        23 360
17  68  54  61   7   4   0 0.01  0.0    0  6.8 21 340   M    M   9 1      25 340
18  65  46  56   2   9   0 0.00  0.0    0  3.6 10 340   M    M   4 128    11 330
19  68  42  55   1  10   0 0.00  0.0    0  3.5 12 280   M    M   0 18     15 310
20  72  46  59   6   6   0 0.00  0.0    0  2.7  8  50   M    M   0 8      10 100
21  75  53  64  11   1   0 0.00  0.0    0  2.8  9  60   M    M   0 8      11  60
22  78  49  64  11   1   0 0.00  0.0    0  3.5  9 310   M    M   0 8      11 310
23  77  50  64  12   1   0 0.00  0.0    0  4.9 10 360   M    M   0 8      13 300
================================================================================
SM 1643 1150        99   6  0.03     0.0  91.7          M       51
================================================================================
AV 71.4 50.0                               4.0 FASTST   M    M   2    MAX(MPH)
                                 MISC ---->  # 21 340               # 25  340
================================================================================
NOTES:
# LAST OF SEVERAL OCCURRENCES

COLUMN 17 PEAK WIND IN M.P.H.

PRELIMINARY LOCAL CLIMATOLOGICAL DATA (WS FORM: F-6) , PAGE 2

                                          STATION:  BAKERSFIELD CA
                                          MONTH:    NOVEMBER
                                          YEAR:     2017
                                          LATITUDE:   35 25 N
                                          LONGITUDE: 119  3 W

[TEMPERATURE DATA]      [PRECIPITATION DATA]       SYMBOLS USED IN COLUMN 16

AVERAGE MONTHLY: 60.7   TOTAL FOR MONTH:   0.03    1 = FOG OR MIST
DPTR FM NORMAL:   4.3   DPTR FM NORMAL:   -0.44    2 = FOG REDUCING VISIBILITY
HIGHEST:    79 ON 16, 8 GRTST 24HR  0.02 ON  5- 5      TO 1/4 MILE OR LESS
LOWEST:     42 ON 19                               3 = THUNDER
                        SNOW, ICE PELLETS, HAIL    4 = ICE PELLETS
                        TOTAL MONTH:   0.0 INCH    5 = HAIL
                        GRTST 24HR     0.0         6 = FREEZING RAIN OR DRIZZLE
                        GRTST DEPTH:   0           7 = DUSTSTORM OR SANDSTORM:
                                                       VSBY 1/2 MILE OR LESS
                                                   8 = SMOKE OR HAZE
[NO. OF DAYS WITH]      [WEATHER - DAYS WITH]      9 = BLOWING SNOW
                                                   X = TORNADO
MAX 32 OR BELOW:   0    0.01 INCH OR MORE:   2
MAX 90 OR ABOVE:   0    0.10 INCH OR MORE:   0
MIN 32 OR BELOW:   0    0.50 INCH OR MORE:   0
MIN  0 OR BELOW:   0    1.00 INCH OR MORE:   0

[HDD (BASE 65) ]
TOTAL THIS MO.    99    CLEAR  (SCALE 0-3)  15
DPTR FM NORMAL  -104    PTCLDY (SCALE 4-7)   7
TOTAL FM JUL 1   128    CLOUDY (SCALE 8-10)  1
DPTR FM NORMAL  -133

[CDD (BASE 65) ]
TOTAL THIS MO.     6
DPTR FM NORMAL     3    [PRESSURE DATA]
TOTAL FM JAN 1  2944    HIGHEST SLP M ON M
DPTR FM NORMAL   687    LOWEST  SLP 29.86 ON 16

[REMARKS]
