000
CXUS56 KHNX 261146
CF6BFL
PRELIMINARY LOCAL CLIMATOLOGICAL DATA (WS FORM: F-6)

                                          STATION:   BAKERSFIELD CA
                                          MONTH:     FEBRUARY
                                          YEAR:      2015
                                          LATITUDE:   35 25 N
                                          LONGITUDE: 119  3 W

  TEMPERATURE IN F:       :PCPN:    SNOW:  WIND      :SUNSHINE: SKY     :PK WND
================================================================================
1   2   3   4   5  6A  6B    7    8   9   10  11  12  13   14  15   16   17  18
                                     12Z  AVG MX 2MIN
DY MAX MIN AVG DEP HDD CDD  WTR  SNW DPTH SPD SPD DIR MIN PSBL S-S WX    SPD DR
================================================================================

 1  72  44  58   8   7   0 0.00  0.0    0  2.8 10  10   M    M   0 18     12  10
 2  70  44  57   7   8   0 0.00  0.0    0  2.3  7 140   M    M   0 8       9 200
 3  71  43  57   7   8   0 0.00  0.0    0  2.3  9 350   M    M   0 18     11  10
 4  79  42  61  11   4   0 0.00  0.0    0  2.5  9  60   M    M   0 18     12 210
 5  83  46  65  15   0   0 0.00  0.0    0  4.9 14 350   M    M   0        17 330
 6  85  50  68  17   0   3 0.00  0.0    0  7.8 21 360   M    M   0 8      25 360
 7  64  56  60   9   5   0 0.07  0.0    0  4.6 14  10   M    M   8 128    18  10
 8  82  50  66  15   0   1 0.00  0.0    0  4.4 12 340   M    M   3 12     14 340
 9  71  53  62  11   3   0 0.00  0.0    0  7.6 16 360   M    M   2        19 360
10  66  45  56   4   9   0 0.00  0.0    0  3.9  9 170   M    M   3 1      13 190
11  67  43  55   3  10   0 0.00  0.0    0  4.8 12 350   M    M   2 18     15 330
12  77  44  61   9   4   0 0.00  0.0    0  3.9 10 330   M    M   0 18     14 350
13  79  45  62  10   3   0 0.00  0.0    0  3.2 10  40   M    M   0 18     16 300
14  76  49  63  11   2   0 0.00  0.0    0  4.5 13 310   M    M   0 8      15 290
15  79  47  63  10   2   0 0.00  0.0    0  3.5  9 360   M    M   0 8      13 320
16  80  49  65  12   0   0 0.00  0.0    0  4.5 13 320   M    M   0 8      17 310
17  78  49  64  11   1   0 0.00  0.0    0  3.7 10 300   M    M   0 8      13 300
18  70  50  60   7   5   0 0.00  0.0    0  3.0  9 320   M    M   4 128    12 290
19  72  47  60   6   5   0 0.00  0.0    0  3.3  9 270   M    M   0 18     16 270
20  62  44  53  -1  12   0 0.00  0.0    0  5.0 12 280   M    M   5 128    15 280
21  63  47  55   1  10   0 0.00  0.0    0  3.2  9 280   M    M   6 18     12 270
22  65  45  55   1  10   0 0.52  0.0    0  5.9 21 340   M    M   8 18     25 340
23  66  47  57   3   8   0 0.16  0.0    0  7.7 20 360   M    M   6 13     24 360
24  64  42  53  -2  12   0 0.00  0.0    0  3.7  9 170   M    M   0        12 180
25  67  41  54  -1  11   0 0.00  0.0    0  4.7 10 320   M    M   0        12 160
================================================================================
SM 1808 1162       139   4  0.75     0.0 107.7          M       47
================================================================================
AV 72.3 46.5                               4.3 FASTST   M    M   2    MAX(MPH)
                                 MISC ---->  # 21 360               # 25  360
================================================================================
NOTES:
# LAST OF SEVERAL OCCURRENCES

COLUMN 17 PEAK WIND IN M.P.H.

PRELIMINARY LOCAL CLIMATOLOGICAL DATA (WS FORM: F-6) , PAGE 2

                                          STATION:  BAKERSFIELD CA
                                          MONTH:    FEBRUARY
                                          YEAR:     2015
                                          LATITUDE:   35 25 N
                                          LONGITUDE: 119  3 W

[TEMPERATURE DATA]      [PRECIPITATION DATA]       SYMBOLS USED IN COLUMN 16

AVERAGE MONTHLY: 59.4   TOTAL FOR MONTH:   0.75    1 = FOG OR MIST
DPTR FM NORMAL:   7.2   DPTR FM NORMAL:   -0.36    2 = FOG REDUCING VISIBILITY
HIGHEST:    85 ON  6    GRTST 24HR  0.68 ON 22-23      TO 1/4 MILE OR LESS
LOWEST:     41 ON 25                               3 = THUNDER
                        SNOW, ICE PELLETS, HAIL    4 = ICE PELLETS
                        TOTAL MONTH:   0.0 INCH    5 = HAIL
                        GRTST 24HR     0.0         6 = FREEZING RAIN OR DRIZZLE
                        GRTST DEPTH:   0           7 = DUSTSTORM OR SANDSTORM:
                                                       VSBY 1/2 MILE OR LESS
                                                   8 = SMOKE OR HAZE
[NO. OF DAYS WITH]      [WEATHER - DAYS WITH]      9 = BLOWING SNOW
                                                   X = TORNADO
MAX 32 OR BELOW:   0    0.01 INCH OR MORE:   3
MAX 90 OR ABOVE:   0    0.10 INCH OR MORE:   2
MIN 32 OR BELOW:   0    0.50 INCH OR MORE:   1
MIN  0 OR BELOW:   0    1.00 INCH OR MORE:   0

[HDD (BASE 65) ]
TOTAL THIS MO.   139    CLEAR  (SCALE 0-3)  19
DPTR FM NORMAL  -179    PTCLDY (SCALE 4-7)   6
TOTAL FM JUL 1  1106    CLOUDY (SCALE 8-10)  0
DPTR FM NORMAL  -638

[CDD (BASE 65) ]
TOTAL THIS MO.     4
DPTR FM NORMAL     4    [PRESSURE DATA]
TOTAL FM JAN 1     4    HIGHEST SLP M ON M
DPTR FM NORMAL     4    LOWEST  SLP 29.82 ON 22

[REMARKS]
