000
CXUS51 KCAR 160600
CF6BGR
PRELIMINARY LOCAL CLIMATOLOGICAL DATA (WS FORM: F-6)

                                          STATION:   BANGOR ME
                                          MONTH:     APRIL
                                          YEAR:      2014
                                          LATITUDE:   44 47 N
                                          LONGITUDE:  68 49 W

  TEMPERATURE IN F:       :PCPN:    SNOW:  WIND      :SUNSHINE: SKY     :PK WND
================================================================================
1   2   3   4   5  6A  6B    7    8   9   10  11  12  13   14  15   16   17  18
                                     12Z  AVG MX 2MIN
DY MAX MIN AVG DEP HDD CDD  WTR  SNW DPTH SPD SPD DIR MIN PSBL S-S WX    SPD DR
================================================================================

 1  47  26  37   1  28   0 0.00  0.0    6 15.5 29  10   M    M   5        35 360
 2  45  21  33  -4  32   0 0.00  0.0    5  5.5 15 190   M    M   4 1      18 200
 3  44  22  33  -4  32   0 0.00  0.0    5  6.3 18 330   M    M   4 1      24 330
 4  47  21  34  -4  31   0 0.09    T    5  5.2 17 200   M    M   4 14     21 200
 5  43  33  38   0  27   0 0.23  0.1    4  6.7 15 130   M    M   9 14     20 120
 6  49  30  40   1  25   0 0.00  0.0    3 10.4 26 320   M    M   2        38 320
 7  57  26  42   3  23   0 0.00  0.0    2  6.2 20 170   M    M   5        25 170
 8  51  38  45   6  20   0 0.36  0.0    1  9.2 31 130   M    M  10 12     45 130
 9  49  26  38  -2  27   0 0.00  0.0    0 11.5 25 320   M    M   2        31 320
10  50  21  36  -4  29   0 0.00  0.0    0 12.2 24 180   M    M   2        32 170
11  66  42  54  13  11   0    T  0.0    0  7.8 16 260   M    M   7        24 250
12  63  42  53  12  12   0 0.00  0.0    0  7.3 20 300   M    M   6        30 300
13  45  36  41  -1  24   0 0.17    T    0  6.9 17 120   M    M  10 148    20 170
14  67  41  54  12  11   0 0.00  0.0    0 11.3 24 170   M    M   9 12     30 170
15  56  41  49   7  16   0 0.50  0.0    0 18.3 29 180   M    M  10 18     41 180
================================================================================
SM  779  466       348   0  1.35     0.1 140.3          M       89
================================================================================
AV 51.9 31.1                               9.4 FASTST   M    M   6    MAX(MPH)
                                 MISC ---->  # 31 130               # 45  130
================================================================================
NOTES:
# LAST OF SEVERAL OCCURRENCES

COLUMN 17 PEAK WIND IN M.P.H.

PRELIMINARY LOCAL CLIMATOLOGICAL DATA (WS FORM: F-6) , PAGE 2

                                          STATION:  BANGOR ME
                                          MONTH:    APRIL
                                          YEAR:     2014
                                          LATITUDE:   44 47 N
                                          LONGITUDE:  68 49 W

[TEMPERATURE DATA]      [PRECIPITATION DATA]       SYMBOLS USED IN COLUMN 16

AVERAGE MONTHLY: 41.5   TOTAL FOR MONTH:   1.35    1 = FOG OR MIST
DPTR FM NORMAL:   2.1   DPTR FM NORMAL:   -0.50    2 = FOG REDUCING VISIBILITY
HIGHEST:    67 ON 14    GRTST 24HR  0.50 ON 15-15      TO 1/4 MILE OR LESS
LOWEST:     21 ON 10, 4                            3 = THUNDER
                        SNOW, ICE PELLETS, HAIL    4 = ICE PELLETS
                        TOTAL MONTH:   0.1 INCH    5 = HAIL
                        GRTST 24HR   0.1 ON   M    6 = FREEZING RAIN OR DRIZZLE
                        GRTST DEPTH:   6 ON  1     7 = DUSTSTORM OR SANDSTORM:
                                                       VSBY 1/2 MILE OR LESS
                                                   8 = SMOKE OR HAZE
[NO. OF DAYS WITH]      [WEATHER - DAYS WITH]      9 = BLOWING SNOW
                                                   X = TORNADO
MAX 32 OR BELOW:   0    0.01 INCH OR MORE:   5
MAX 90 OR ABOVE:   0    0.10 INCH OR MORE:   4
MIN 32 OR BELOW:   8    0.50 INCH OR MORE:   1
MIN  0 OR BELOW:   0    1.00 INCH OR MORE:   0

[HDD (BASE 65) ]
TOTAL THIS MO.   348    CLEAR  (SCALE 0-3)   3
DPTR FM NORMAL   -36    PTCLDY (SCALE 4-7)   7
TOTAL FM JUL 1  7404    CLOUDY (SCALE 8-10)  5
DPTR FM NORMAL   297

[CDD (BASE 65) ]
TOTAL THIS MO.     0
DPTR FM NORMAL     0    [PRESSURE DATA]
TOTAL FM JAN 1     0    HIGHEST SLP M ON M
DPTR FM NORMAL     0    LOWEST  SLP 29.18 ON  8

[REMARKS]
