843
CXUS55 KBYZ 201055
CF6BIL
PRELIMINARY LOCAL CLIMATOLOGICAL DATA (WS FORM: F-6)

                                          STATION:   BILLINGS MT
                                          MONTH:     OCTOBER
                                          YEAR:      2017
                                          LATITUDE:   45 47 N
                                          LONGITUDE: 108 32 W

  TEMPERATURE IN F:       :PCPN:    SNOW:  WIND      :SUNSHINE: SKY     :PK WND
================================================================================
1   2   3   4   5  6A  6B    7    8   9   10  11  12  13   14  15   16   17  18
                                     12Z  AVG MX 2MIN
DY MAX MIN AVG DEP HDD CDD  WTR  SNW DPTH SPD SPD DIR MIN PSBL S-S WX    SPD DR
================================================================================

 1  60  44  52  -2  13   0    T  0.0    0 12.4 25 290   M    M   7        32  30
 2  53  32  43 -10  22   0 0.01  0.0    0 16.7 26 320   M    M   6        32 330
 3  46  32  39 -14  26   0    T    T    0 12.2 26 310   M    M   8 8      32 300
 4  54  29  42 -10  23   0 0.09  0.0    0  5.6 12 260   M    M   4 1      14  50
 5  60  38  49  -3  16   0 0.00  0.0    0  6.7 15 220   M    M   4        18 230
 6  68  35  52   0  13   0 0.00  0.0    0 15.8 30 270   M    M   2        39 260
 7  67  43  55   4  10   0 0.18  0.0    0 13.4 25  10   M    M   6 1      34  20
 8  52  35  44  -7  21   0 0.00  0.0    0  8.8 25  20   M    M   8        32  20
 9  55  30  43  -8  22   0 0.00  0.0    0 13.0 22 240   M    M   1        29 240
10  63  40  52   2  13   0 0.00  0.0    0  8.7 20 240   M    M   4        25 240
11  65  40  53   3  12   0 0.00  0.0    0  7.7 23 320   M    M   5        29 310
12  53  36  45  -5  20   0    T  0.0    0  6.9 25 300   M    M   5        34 240
13  56  26  41  -8  24   0    T  0.0    0  8.4 28 310   M    M   4        33 310
14  51  32  42  -7  23   0 0.00  0.0    0 12.6 32 290   M    M   4        38 290
15  63  36  50   1  15   0 0.00  0.0    0 13.9 21 250   M    M   1        28 250
16  73  46  60  12   5   0 0.00  0.0    0 16.6 32 280   M    M   1        38 270
17  76  46  61  13   4   0 0.00  0.0    0 14.7 23 230   M    M   3        30 240
18  65  42  54   6  11   0 0.00  0.0    0  8.7 17 230   M    M   3        24 230
19  79  52  66  19   0   1 0.00  0.0    0 11.5 23 230   M    M   2        27 220
================================================================================
SM 1159  714       293   1  0.28    T    214.3          M       78
================================================================================
AV 61.0 37.6                              11.3 FASTST   M    M   4    MAX(MPH)
                                 MISC ---->  # 32 290               # 39  260
================================================================================
NOTES:
# LAST OF SEVERAL OCCURRENCES

COLUMN 17 PEAK WIND IN M.P.H.

PRELIMINARY LOCAL CLIMATOLOGICAL DATA (WS FORM: F-6) , PAGE 2

                                          STATION:  BILLINGS MT
                                          MONTH:    OCTOBER
                                          YEAR:     2017
                                          LATITUDE:   45 47 N
                                          LONGITUDE: 108 32 W

[TEMPERATURE DATA]      [PRECIPITATION DATA]       SYMBOLS USED IN COLUMN 16

AVERAGE MONTHLY: 49.3   TOTAL FOR MONTH:   0.28    1 = FOG OR MIST
DPTR FM NORMAL:  -1.1   DPTR FM NORMAL:   -0.54    2 = FOG REDUCING VISIBILITY
HIGHEST:    79 ON 19    GRTST 24HR  0.18 ON  7- 7      TO 1/4 MILE OR LESS
LOWEST:     26 ON 13                               3 = THUNDER
                        SNOW, ICE PELLETS, HAIL    4 = ICE PELLETS
                        TOTAL MONTH:    T          5 = HAIL
                        GRTST 24HR    T  ON  3- 3  6 = FREEZING RAIN OR DRIZZLE
                        GRTST DEPTH:   0           7 = DUSTSTORM OR SANDSTORM:
                                                       VSBY 1/2 MILE OR LESS
                                                   8 = SMOKE OR HAZE
[NO. OF DAYS WITH]      [WEATHER - DAYS WITH]      9 = BLOWING SNOW
                                                   X = TORNADO
MAX 32 OR BELOW:   0    0.01 INCH OR MORE:   3
MAX 90 OR ABOVE:   0    0.10 INCH OR MORE:   1
MIN 32 OR BELOW:   6    0.50 INCH OR MORE:   0
MIN  0 OR BELOW:   0    1.00 INCH OR MORE:   0

[HDD (BASE 65) ]
TOTAL THIS MO.   293    CLEAR  (SCALE 0-3)   6
DPTR FM NORMAL    14    PTCLDY (SCALE 4-7)  12
TOTAL FM JUL 1   531    CLOUDY (SCALE 8-10)  1
DPTR FM NORMAL    23

[CDD (BASE 65) ]
TOTAL THIS MO.     1
DPTR FM NORMAL     1    [PRESSURE DATA]
TOTAL FM JAN 1   840    HIGHEST SLP M ON M
DPTR FM NORMAL   207    LOWEST  SLP 29.38 ON  7

[REMARKS]
