000
CXUS55 KSEW 250930
CF6BLI
PRELIMINARY LOCAL CLIMATOLOGICAL DATA (WS FORM: F-6)

                                          STATION:   BELLINGHAM WA AIRPORT
                                          MONTH:     SEPTEMBER
                                          YEAR:      2017
                                          LATITUDE:   48 47 N
                                          LONGITUDE: 122 32 W

  TEMPERATURE IN F:       :PCPN:    SNOW:  WIND      :SUNSHINE: SKY     :PK WND
================================================================================
1   2   3   4   5  6A  6B    7    8   9   10  11  12  13   14  15   16   17  18
                                     12Z  AVG MX 2MIN
DY MAX MIN AVG DEP HDD CDD  WTR  SNW DPTH SPD SPD DIR MIN PSBL S-S WX    SPD DR
================================================================================

 1  80  51  66   5   0   1 0.00  0.0    0  2.5  9 300   M    M   0        12 250
 2  86  53  70  10   0   5 0.00  0.0    0  1.8  8 280   M    M   0        12 250
 3  85  56  71  11   0   6 0.00  0.0    0  1.9 10 280   M    M   0 1      14 270
 4  87  55  71  11   0   6 0.00  0.0    0  2.3 12 270   M    M   0 1      15 270
 5  82  60  71  11   0   6 0.00  0.0    0  0.8 10 260   M    M   6 8      14 270
 6  75  63  69   9   0   4 0.00  0.0    0  5.3 10 170   M    M  10 8      16 190
 7  72  59  66   7   0   1 0.00  0.0    0  5.2 12 170   M    M   1 8      17 190
 8  69  60  65   6   0   0    T  0.0    0  7.7 14 140   M    M   8 13     17 140
 9  62  52  57  -2   8   0 0.20  0.0    0  6.6 15 160   M    M   8 1      22 170
10  69  49  59   0   6   0 0.00    M    0  3.4 10 180   M    M   2 1      14 170
11  79  46  63   5   2   0 0.00  0.0    0  2.3  9 170   M    M   0 1      13 290
12  72  55  64   6   1   0 0.00  0.0    0  2.7 10 290   M    M   5        16 300
13  68  48  58   0   7   0 0.00  0.0    0  2.7 13 280   M    M   4 1      17 280
14  78  47  63   5   2   0 0.00  0.0    0  7.3 22  20   M    M   0        30  30
15  72  41  57  -1   8   0 0.00  0.0    0  2.3  9 270   M    M   0        13 210
16  75  45  60   3   5   0 0.00  0.0    0  1.5  8 180   M    M   0        11 160
17  65  48  57   0   8   0 0.10  0.0    0  9.7 26 150   M    M   4 18     35 140
18  61  50  56  -1   9   0 0.18  0.0    0  7.5 17 140   M    M   8 1      22 150
19  58  49  54  -3  11   0 0.38    M    0  4.6  9 170   M    M   9 1      16 170
20  59  49  54  -2  11   0 0.33    M    0  3.5 10 280   M    M   8 1      13 170
21  65  49  57   1   8   0    T    M    0  3.9 10 300   M    M   7        15 280
22  65  50  58   2   7   0 0.00  0.0    0  2.7  9 170   M    M   4        13 210
23  67  47  57   1   8   0 0.00  0.0    0  3.9 10 160   M    M   4        16 180
24  67  45  56   1   9   0 0.00  0.0    0  3.5 10 160   M    M   3        17 170
================================================================================
SM 1718 1227       110  29  1.19     0.0  95.6          M       91
================================================================================
AV 71.6 51.1                               4.0 FASTST   M    M   4    MAX(MPH)
                                 MISC ---->  # 26 150               # 35  140
================================================================================
NOTES:
# LAST OF SEVERAL OCCURRENCES

COLUMN 17 PEAK WIND IN M.P.H.

PRELIMINARY LOCAL CLIMATOLOGICAL DATA (WS FORM: F-6) , PAGE 2

                                          STATION:  BELLINGHAM WA AIRPORT
                                          MONTH:    SEPTEMBER
                                          YEAR:     2017
                                          LATITUDE:   48 47 N
                                          LONGITUDE: 122 32 W

[TEMPERATURE DATA]      [PRECIPITATION DATA]       SYMBOLS USED IN COLUMN 16

AVERAGE MONTHLY: 61.4   TOTAL FOR MONTH:   1.19    1 = FOG OR MIST
DPTR FM NORMAL:   3.3   DPTR FM NORMAL:   -0.17    2 = FOG REDUCING VISIBILITY
HIGHEST:    87 ON  4    GRTST 24HR  0.38 ON 19-19      TO 1/4 MILE OR LESS
LOWEST:     41 ON 15                               3 = THUNDER
                        SNOW, ICE PELLETS, HAIL    4 = ICE PELLETS
                        TOTAL MONTH:   0.0 INCH    5 = HAIL
                        GRTST 24HR     0.0         6 = FREEZING RAIN OR DRIZZLE
                        GRTST DEPTH:   0           7 = DUSTSTORM OR SANDSTORM:
                                                       VSBY 1/2 MILE OR LESS
                                                   8 = SMOKE OR HAZE
[NO. OF DAYS WITH]      [WEATHER - DAYS WITH]      9 = BLOWING SNOW
                                                   X = TORNADO
MAX 32 OR BELOW:   0    0.01 INCH OR MORE:   5
MAX 90 OR ABOVE:   0    0.10 INCH OR MORE:   5
MIN 32 OR BELOW:   0    0.50 INCH OR MORE:   0
MIN  0 OR BELOW:   0    1.00 INCH OR MORE:   0

[HDD (BASE 65) ]
TOTAL THIS MO.   110    CLEAR  (SCALE 0-3)  11
DPTR FM NORMAL   -56    PTCLDY (SCALE 4-7)   8
TOTAL FM JUL 1   188    CLOUDY (SCALE 8-10)  5
DPTR FM NORMAL  -175

[CDD (BASE 65) ]
TOTAL THIS MO.    29
DPTR FM NORMAL    29    [PRESSURE DATA]
TOTAL FM JAN 1    95    HIGHEST SLP M ON M
DPTR FM NORMAL    55    LOWEST  SLP 29.62 ON 20

[REMARKS]
