000
CXUS53 KIND 280730
CF6BMG
PRELIMINARY LOCAL CLIMATOLOGICAL DATA (WS FORM: F-6)

                                          STATION:   BLOOMINGTON IN
                                          MONTH:     AUGUST
                                          YEAR:      2014
                                          LATITUDE:   39  7 N
                                          LONGITUDE:  86 37 W

  TEMPERATURE IN F:       :PCPN:    SNOW:  WIND      :SUNSHINE: SKY     :PK WND
================================================================================
1   2   3   4   5  6A  6B    7    8   9   10  11  12  13   14  15   16   17  18
                                     12Z  AVG MX 2MIN
DY MAX MIN AVG DEP HDD CDD  WTR  SNW DPTH SPD SPD DIR MIN PSBL S-S WX    SPD DR
================================================================================

 1  83  58  71  -3   0   6    T    M    M  2.3 23  20   M    M   1 123    34  20
 2  82  61  72  -2   0   7 0.00    M    M  3.3 10  20   M    M   3 18     15 350
 3  85  57  71  -3   0   6 0.00    M    M  2.0 10  10   M    M   0 1      15  10
 4  85  57  71  -3   0   6 0.00    M    M  0.4  7 150   M    M   1 1       9 140
 5  82  57  70  -4   0   5    T    M    M  1.7  8 250   M    M   4 128    11 240
 6  83  63  73  -1   0   8 0.00    M    M  2.5 10 360   M    M   4 128    13  10
 7  78  63  71  -3   0   6    T    M    M  6.0 13 100   M    M   2 1      16 120
 8  71  65  68  -6   0   3    M    M    M  7.8 14  70   M    M   9 1      20  80
 9  79  67  73  -1   0   8 0.34    M    M  5.2 14 100   M    M   9 12     17  90
10  80  69  75   1   0  10 0.01    M    M  2.2  8 100   M    M   8 12     10 110
11  81  67  74   0   0   9 0.21    M    M  5.1 13 300   M    M   6 1238   19 310
12  74  58  66  -7   0   1 0.00    M    M  7.2 15 280   M    M   6        22 270
13  80  54  67  -6   0   2 0.00    M    M  2.7 12 290   M    M   0 1      15 280
14  81  60  71  -2   0   6 0.00    M    M  4.4 12 350   M    M   3        16 290
15  77  50  64  -9   1   0 0.00    M    M  1.0 10 350   M    M   0        15 360
16  78  58  68  -5   0   3 0.02    M    M  4.5 14 240   M    M   7        17 250
17  78  67  73   0   0   8 0.44    M    M  7.0 13 130   M    M   9 1      17 110
18  85  67  76   3   0  11 0.01    M    M  3.5  8 360   M    M   9 128    11  10
19  85  63  74   1   0   9 0.31    M    M  4.2 21 360   M    M   4 1238   27  20
20  83  68  76   3   0  11 0.53    M    M  3.7 18 220   M    M   4 123    24 280
21  87  70  79   6   0  14    T    M    M  5.3 14 240   M    M   2 1      19 260
22  88  74  81   8   0  16 0.00    M    M  5.0 12 240   M    M   3 12     16 240
23  89  71  80   7   0  15 0.91    M    M  3.9 18  60   M    M   4 1238   28  40
24  89  70  80   8   0  15 0.00    M    M  2.9  8 180   M    M   4 12     11 160
25  92  68  80   8   0  15 0.00    M    M  1.9 14  40   M    M   3 128    17  60
26  92  67  80   8   0  15    T    M    M  2.5 22 350   M    M   1 13     29 360
27  89  67  78   6   0  13 0.00    M    M  2.8  9  10   M    M   1 1      13 360
================================================================================
SM 2236 1716         1 228  2.78    M    101.0          M      107
================================================================================
AV 82.8 63.6                               3.7 FASTST   M    M   4    MAX(MPH)
                                 MISC ---->  # 23  20               # 34   20
================================================================================
NOTES:
# LAST OF SEVERAL OCCURRENCES

COLUMN 17 PEAK WIND IN M.P.H.

PRELIMINARY LOCAL CLIMATOLOGICAL DATA (WS FORM: F-6) , PAGE 2

                                          STATION:  BLOOMINGTON IN
                                          MONTH:    AUGUST
                                          YEAR:     2014
                                          LATITUDE:   39  7 N
                                          LONGITUDE:  86 37 W

[TEMPERATURE DATA]      [PRECIPITATION DATA]       SYMBOLS USED IN COLUMN 16

AVERAGE MONTHLY: 73.2   TOTAL FOR MONTH:   2.78    1 = FOG OR MIST
DPTR FM NORMAL:  -0.1   DPTR FM NORMAL:   -0.22    2 = FOG REDUCING VISIBILITY
HIGHEST:    92 ON 26,25 GRTST 24HR  1.75 ON  8- 9      TO 1/4 MILE OR LESS
LOWEST:     50 ON 15                               3 = THUNDER
                        SNOW, ICE PELLETS, HAIL    4 = ICE PELLETS
                        TOTAL MONTH:    M          5 = HAIL
                        GRTST 24HR    M  ON   M    6 = FREEZING RAIN OR DRIZZLE
                        GRTST DEPTH:  M  ON   M    7 = DUSTSTORM OR SANDSTORM:
                                                       VSBY 1/2 MILE OR LESS
                                                   8 = SMOKE OR HAZE
[NO. OF DAYS WITH]      [WEATHER - DAYS WITH]      9 = BLOWING SNOW
                                                   X = TORNADO
MAX 32 OR BELOW:   0    0.01 INCH OR MORE:   9
MAX 90 OR ABOVE:   2    0.10 INCH OR MORE:   6
MIN 32 OR BELOW:   0    0.50 INCH OR MORE:   2
MIN  0 OR BELOW:   0    1.00 INCH OR MORE:   0

[HDD (BASE 65) ]
TOTAL THIS MO.     1    CLEAR  (SCALE 0-3)  12
DPTR FM NORMAL     1    PTCLDY (SCALE 4-7)  10
TOTAL FM JUL 1     6    CLOUDY (SCALE 8-10)  5
DPTR FM NORMAL     4

[CDD (BASE 65) ]
TOTAL THIS MO.   228
DPTR FM NORMAL     0    [PRESSURE DATA]
TOTAL FM JAN 1   783    HIGHEST SLP  0.00 ON 27
DPTR FM NORMAL   -11    LOWEST  SLP  0.00 ON 27

[REMARKS]
