000
CXUS56 KBOI 271002
CF6BNO
PRELIMINARY LOCAL CLIMATOLOGICAL DATA (WS FORM: F-6)

                                          STATION:   BURNS OR
                                          MONTH:     AUGUST
                                          YEAR:      2015
                                          LATITUDE:   43 34 N
                                          LONGITUDE: 118 57 W

  TEMPERATURE IN F:       :PCPN:    SNOW:  WIND      :SUNSHINE: SKY     :PK WND
================================================================================
1   2   3   4   5  6A  6B    7    8   9   10  11  12  13   14  15   16   17  18
                                     12Z  AVG MX 2MIN
DY MAX MIN AVG DEP HDD CDD  WTR  SNW DPTH SPD SPD DIR MIN PSBL S-S WX    SPD DR
================================================================================

 1 100  54  77   9   0  12 0.00    M    M  4.9 13 270   M    M   0        15 140
 2  99  54  77   9   0  12 0.00    M    M  8.1 26 170   M    M   0        33 210
 3  87  57  72   4   0   7 0.21    M    M 11.1 36 280   M    M   2 3      45 240
 4  88  48  68   0   0   3    T    M    M  5.7 14 280   M    M   1        21 180
 5  83  52  68   1   0   3    T    M    M 10.4 23 220   M    M   4        35 210
 6  84  43  64  -3   1   0 0.00    M    M  6.4 13 310   M    M   0        17 140
 7  86  44  65  -2   0   0 0.00    M    M  6.8 16 270   M    M   0        19 270
 8  87  49  68   1   0   3 0.00    M    M  6.7 26 170   M    M   2        32 180
 9  90  44  67   0   0   2 0.00    M    M  6.1 22 180   M    M   0 8      28 190
10  85  45  65  -1   0   0    T    M    M  6.4 15 110   M    M   1 3      20 120
11  93  53  73   7   0   8 0.00    M    M  5.5 12 250   M    M   0 3      17 120
12  93  50  72   6   0   7 0.00    M    M  7.3 17 170   M    M   0 3      23 180
13  95  44  70   4   0   5 0.00    M    M  5.1 15 160   M    M   0        19 150
14  87  46  67   1   0   2 0.00    M    M 10.5 28 220   M    M   0        36 200
15  82  36  59  -6   6   0 0.00    M    M  5.1 14 250   M    M   0 8      19 230
16  85  46  66   1   0   1 0.00    M    M  7.4 17 340   M    M   0 8      20 340
17  88  48  68   3   0   3 0.00    M    M  7.7 16 240   M    M   0 8      24 310
18  88  45  67   2   0   2 0.00    M    M  6.7 15 190   M    M   3 8      18 190
19  92  47  70   6   0   5 0.00    M    M  6.6 16 290   M    M   6 8      20 310
20  91  45  68   4   0   3 0.00    M    M  9.2 20 220   M    M   0 8      25 190
21  86  41  64   0   1   0 0.00    M    M 11.0 24 270   M    M   0        32 270
22  81  32  57  -7   8   0 0.00    M    M  3.8 13 290   M    M   1 8      16  50
23  93  43  68   5   0   3 0.00    M    M  6.7 15  50   M    M   0 8      21  50
24  92  44  68   5   0   3 0.00    M    M  5.9 16 200   M    M   1 8      21 200
25  91  41  66   3   0   1 0.00    M    M  4.5 15 210   M    M   0 8      24 200
26  92  38  65   3   0   0 0.00    M    M  6.6 21 220   M    M   0        27 160
================================================================================
SM 2318 1189        16  85  0.21    M    182.2          M       21
================================================================================
AV 89.2 45.7                               7.0 FASTST   M    M   1    MAX(MPH)
                                 MISC ---->  # 36 280               # 45  240
================================================================================
NOTES:
# LAST OF SEVERAL OCCURRENCES

COLUMN 17 PEAK WIND IN M.P.H.

PRELIMINARY LOCAL CLIMATOLOGICAL DATA (WS FORM: F-6) , PAGE 2

                                          STATION:  BURNS OR
                                          MONTH:    AUGUST
                                          YEAR:     2015
                                          LATITUDE:   43 34 N
                                          LONGITUDE: 118 57 W

[TEMPERATURE DATA]      [PRECIPITATION DATA]       SYMBOLS USED IN COLUMN 16

AVERAGE MONTHLY: 67.4   TOTAL FOR MONTH:   0.21    1 = FOG OR MIST
DPTR FM NORMAL:   1.9   DPTR FM NORMAL:   -0.09    2 = FOG REDUCING VISIBILITY
HIGHEST:   100 ON  1    GRTST 24HR  0.21 ON  3- 3      TO 1/4 MILE OR LESS
LOWEST:     32 ON 22                               3 = THUNDER
                        SNOW, ICE PELLETS, HAIL    4 = ICE PELLETS
                        TOTAL MONTH:    M          5 = HAIL
                        GRTST 24HR    M  ON   M    6 = FREEZING RAIN OR DRIZZLE
                        GRTST DEPTH:  M  ON   M    7 = DUSTSTORM OR SANDSTORM:
                                                       VSBY 1/2 MILE OR LESS
                                                   8 = SMOKE OR HAZE
[NO. OF DAYS WITH]      [WEATHER - DAYS WITH]      9 = BLOWING SNOW
                                                   X = TORNADO
MAX 32 OR BELOW:   0    0.01 INCH OR MORE:   1
MAX 90 OR ABOVE:  12    0.10 INCH OR MORE:   1
MIN 32 OR BELOW:   1    0.50 INCH OR MORE:   0
MIN  0 OR BELOW:   0    1.00 INCH OR MORE:   0

[HDD (BASE 65) ]
TOTAL THIS MO.    16    CLEAR  (SCALE 0-3)  24
DPTR FM NORMAL   -40    PTCLDY (SCALE 4-7)   2
TOTAL FM JUL 1    44    CLOUDY (SCALE 8-10)  0
DPTR FM NORMAL   -70

[CDD (BASE 65) ]
TOTAL THIS MO.    85
DPTR FM NORMAL    17    [PRESSURE DATA]
TOTAL FM JAN 1   310    HIGHEST SLP M ON M
DPTR FM NORMAL   110    LOWEST  SLP 29.65 ON  2

[REMARKS]
