000
CXUS55 KBOI 171827
CF6BOI

PRELIMINARY LOCAL CLIMATOLOGICAL DATA (WS FORM: F-6)

                                          STATION:   BOISE ID
                                          MONTH:     JULY
                                          YEAR:      2017
                                          LATITUDE:   43 34 N
                                          LONGITUDE: 116 13 W

  TEMPERATURE IN F:       :PCPN:    SNOW:  WIND      :SUNSHINE: SKY     :PK WND
================================================================================
1   2   3   4   5  6A  6B    7    8   9   10  11  12  13   14  15   16   17  18
                                     12Z  AVG MX 2MIN
DY MAX MIN AVG DEP HDD CDD  WTR  SNW DPTH SPD SPD DIR MIN PSBL S-S WX    SPD DR
================================================================================

 1  96  63  80   8   0  15 0.00  0.0    0  4.7 12 330   M    M   0        16 150
 2  97  65  81   8   0  16 0.00  0.0    0  5.8 13 350   M    M   0        16 340
 3  96  65  81   8   0  16 0.00  0.0    0  7.5 17 320   M    M   0        22 310
 4 101  64  83  10   0  18 0.00  0.0    0  4.8 13 340   M    M   0        16 320
 5  99  68  84  10   0  19 0.00  0.0    0  6.8 14 340   M    M   0        16 320
 6 101  69  85  11   0  20 0.00  0.0    0  6.9 13 320   M    M   0 8      19 280
 7 102  71  87  13   0  22 0.00  0.0    0  7.0 15 340   M    M   0 8      19 320
 8 104  68  86  12   0  21 0.00  0.0    0  6.1 20 140   M    M   0        24 140
 9 101  73  87  12   0  22 0.00  0.0    0  6.6 21 260   M    M   0        26 250
10  95  68  82   7   0  17 0.00  0.0    0  7.3 15 330   M    M   0        19 340
11  91  61  76   1   0  11 0.00  0.0    0  9.0 20 340   M    M   0        25 360
12  97  61  79   3   0  14 0.00  0.0    0  5.5 14 320   M    M   0        19 320
13 100  71  86  10   0  21 0.00  0.0    0  6.6 14 340   M    M   0        20  10
14 102  67  85   9   0  20 0.00  0.0    0  5.6 13 270   M    M   0        14 120
15 100  69  85   9   0  20 0.00  0.0    0  7.7 20 300   M    M   0        26 300
16  92  66  79   3   0  14 0.00  0.0    0  8.8 17 340   M    M   0        22 360
17  93  60  77   1   0  12 0.00  0.0    0  7.4 16 350   M    M   0        22 300
18  96  60  78   1   0  13 0.00  0.0    0  5.6 12 360   M    M   0        16 360
19  96  63  80   3   0  15 0.00  0.0    0  6.2 14 340   M    M   0        17 350
20  92  61  77   0   0  12 0.00  0.0    0  8.1 18 340   M    M   0        25 320
21  94  58  76  -1   0  11 0.00  0.0    0  6.8 18 320   M    M   0        24 350
22  94  60  77   0   0  12 0.00  0.0    0  6.2 21 300   M    M   0        25 300
23  98  63  81   4   0  16 0.00  0.0    0  4.9 13 310   M    M   0        17 280
24  98  70  84   7   0  19    T  0.0    0  7.1 23 290   M    M   0 38     31 300
25  95  73  84   7   0  19 0.00  0.0    0  6.6 15 310   M    M   1        20 310
26  93  71  82   4   0  17 0.01  0.0    0  8.1 17 120   M    M   2 8      21 150
27  93  67  80   2   0  15 0.00  0.0    0  4.9 14 320   M    M   0        19 310
28  99  69  84   6   0  19 0.00  0.0    0  6.9 22 190   M    M   0 8      29 140
29 102  68  85   7   0  20 0.00  0.0    0  6.6 20 280   M    M   0        24 270
30  99  67  83   5   0  18 0.00  0.0    0  5.2 15 300   M    M   0        20 300
31 100  64  82   4   0  17 0.00  0.0    0  6.6 15 310   M    M   0        18 290
================================================================================
SM 3016 2043         0 521  0.01     0.0 203.9          M        3
================================================================================
AV 97.3 65.9                               6.6 FASTST   M    M   0    MAX(MPH)
                                 MISC ---->  # 23 290               # 31  300
================================================================================
NOTES:
# LAST OF SEVERAL OCCURRENCES

COLUMN 17 PEAK WIND IN M.P.H.

PRELIMINARY LOCAL CLIMATOLOGICAL DATA (WS FORM: F-6) , PAGE 2

                                          STATION:  BOISE ID
                                          MONTH:    JULY
                                          YEAR:     2017
                                          LATITUDE:   43 34 N
                                          LONGITUDE: 116 13 W

[TEMPERATURE DATA]      [PRECIPITATION DATA]       SYMBOLS USED IN COLUMN 16

AVERAGE MONTHLY: 81.6   TOTAL FOR MONTH:   0.01    1 = FOG OR MIST
DPTR FM NORMAL:   5.8   DPTR FM NORMAL:   -0.32    2 = FOG REDUCING VISIBILITY
HIGHEST:   104 ON  8    GRTST 24HR  0.01 ON 26-26      TO 1/4 MILE OR LESS
LOWEST:     58 ON 21                               3 = THUNDER
                        SNOW, ICE PELLETS, HAIL    4 = ICE PELLETS
                        TOTAL MONTH:   0.0 INCH    5 = HAIL
                        GRTST 24HR     0.0         6 = FREEZING RAIN OR DRIZZLE
                        GRTST DEPTH:   0           7 = DUSTSTORM OR SANDSTORM:
                                                       VSBY 1/2 MILE OR LESS
                                                   8 = SMOKE OR HAZE
[NO. OF DAYS WITH]      [WEATHER - DAYS WITH]      9 = BLOWING SNOW
                                                   X = TORNADO
MAX 32 OR BELOW:   0    0.01 INCH OR MORE:   1
MAX 90 OR ABOVE:  31    0.10 INCH OR MORE:   0
MIN 32 OR BELOW:   0    0.50 INCH OR MORE:   0
MIN  0 OR BELOW:   0    1.00 INCH OR MORE:   0

[HDD (BASE 65) ]
TOTAL THIS MO.     0    CLEAR  (SCALE 0-3)  31
DPTR FM NORMAL    -8    PTCLDY (SCALE 4-7)   0
TOTAL FM JUL 1     0    CLOUDY (SCALE 8-10)  0
DPTR FM NORMAL    -8

[CDD (BASE 65) ]
TOTAL THIS MO.   521
DPTR FM NORMAL   179    [PRESSURE DATA]
TOTAL FM JAN 1   754    HIGHEST SLP 30.12 ON 31
DPTR FM NORMAL   229    LOWEST  SLP 29.69 ON 10

[REMARKS]
#FINAL-08-17#
