000
CXUS54 KMAF 291100
CF6BPG
PRELIMINARY LOCAL CLIMATOLOGICAL DATA (WS FORM: F-6)

                                          STATION:   Big Spring McMahon-Wrinkle Fi
                                          MONTH:     AUGUST
                                          YEAR:      2015
                                          LATITUDE:   32 12 N
                                          LONGITUDE: 101 31 W

  TEMPERATURE IN F:       :PCPN:    SNOW:  WIND      :SUNSHINE: SKY     :PK WND
================================================================================
1   2   3   4   5  6A  6B    7    8   9   10  11  12  13   14  15   16   17  18
                                     12Z  AVG MX 2MIN
DY MAX MIN AVG DEP HDD CDD  WTR  SNW DPTH SPD SPD DIR MIN PSBL S-S WX    SPD DR
================================================================================

 1  90  71  81   M   0  16 0.00  0.0    0  8.9 17 100   M    M   1 3      22 100
 2  98  70  84   M   0  19 0.00  0.0    0  9.6 20 350   M    M   2 3      35 350
 3  95  70  83   M   0  18 0.00  0.0    0  9.7 21 290   M    M   3        30 290
 4  96  70  83   M   0  18 0.00  0.0    0  7.5 14 200   M    M   1        18 190
 5 100  75  88   M   0  23 0.00  0.0    0  9.1 17 170   M    M   0        23 170
 6 100  75  88   M   0  23 0.00  0.0    0  9.3 15 180   M    M   0        20 160
 7 100  73  87   M   0  22 0.00  0.0    0 11.3 16 130   M    M   0        23 150
 8 100  75  88   M   0  23 0.00  0.0    0 13.4 22 150   M    M   0        24 160
 9 100  72  86   M   0  21 0.00  0.0    0 10.0 17 150   M    M   0        22 150
10 100  71  86   M   0  21 0.00  0.0    0  9.1 14  90   M    M   0        21  90
11  98  70  84   M   0  19 0.00  0.0    0  6.6 12 100   M    M   0         M  M
12  98  72  85   M   0  20 0.00  0.0    0  4.9 14  30   M    M   1        20 350
13  99  70  85   M   0  20 0.00  0.0    0  4.0 12 360   M    M   1         M  M
14 100  70  85   M   0  20 0.62  0.0    0  7.9 24 130   M    M   2 3      35  50
15  94  70  82   M   0  17 0.00  0.0    0  6.2 14  60   M    M   2        17 130
16  93  70  82   M   0  17 0.00  0.0    0  5.9 10 110   M    M   1        12 110
17  94  70  82   M   0  17 0.00  0.0    0  9.0 14 160   M    M   2        16 120
18  95  70  83   M   0  18 0.03  0.0    0 12.0 17 150   M    M   1        22 160
19  80  61  71   M   0   6 0.00  0.0    0 16.5 25  10   M    M   4        33  10
20  90  60  75   M   0  10 0.00  0.0    0  8.6 17 120   M    M   5        23 100
21  95  70  83   M   0  18 0.00  0.0    0 11.5 20 130   M    M   1        23 130
22  98  75  87   M   0  22 0.00  0.0    0 12.0 18 170   M    M   0        24 170
23  95  70  83   M   0  18 0.02  0.0    0 10.7 22  40   M    M   1 3      27  40
24  90  63  77   M   0  12 0.64  0.0    0  8.8 20 170   M    M   1 3      30 170
25  94  70  82   M   0  17 0.00  0.0    0  5.8 20 120   M    M   1 3      22 350
26  93  65  79   M   0  14 0.00  0.0    0  5.0 15  70   M    M   1         M  M
27  95  68  82   M   0  17 0.00  0.0    0  5.8 10 170   M    M   0        16 200
28  98  70  84   M   0  19 0.00  0.0    0 10.7 18 170   M    M   1        20 180
================================================================================
SM 2678 1956         0 505  1.31     0.0 249.8          M       32
================================================================================
AV 95.6 69.9                               8.9 FASTST   M    M   1    MAX(MPH)
                                 MISC ---->    25   M               # 35  350
================================================================================
NOTES:
# LAST OF SEVERAL OCCURRENCES

COLUMN 17 PEAK WIND IN M.P.H.

PRELIMINARY LOCAL CLIMATOLOGICAL DATA (WS FORM: F-6) , PAGE 2

                                          STATION:  Big Spring McMahon-Wrinkle Fi
                                          MONTH:    AUGUST
                                          YEAR:     2015
                                          LATITUDE:   32 12 N
                                          LONGITUDE: 101 31 W

[TEMPERATURE DATA]      [PRECIPITATION DATA]       SYMBOLS USED IN COLUMN 16

AVERAGE MONTHLY: 82.8   TOTAL FOR MONTH:   1.31    1 = FOG OR MIST
DPTR FM NORMAL:     M   DPTR FM NORMAL:       M    2 = FOG REDUCING VISIBILITY
HIGHEST:   100 ON 14,10 GRTST 24HR  0.64 ON 24-24      TO 1/4 MILE OR LESS
LOWEST:     60 ON 20                               3 = THUNDER
                        SNOW, ICE PELLETS, HAIL    4 = ICE PELLETS
                        TOTAL MONTH:   0.0 INCH    5 = HAIL
                        GRTST 24HR     0.0         6 = FREEZING RAIN OR DRIZZLE
                        GRTST DEPTH:   0           7 = DUSTSTORM OR SANDSTORM:
                                                       VSBY 1/2 MILE OR LESS
                                                   8 = SMOKE OR HAZE
[NO. OF DAYS WITH]      [WEATHER - DAYS WITH]      9 = BLOWING SNOW
                                                   X = TORNADO
MAX 32 OR BELOW:   0    0.01 INCH OR MORE:   4
MAX 90 OR ABOVE:  27    0.10 INCH OR MORE:   2
MIN 32 OR BELOW:   0    0.50 INCH OR MORE:   2
MIN  0 OR BELOW:   0    1.00 INCH OR MORE:   0

[HDD (BASE 65) ]
TOTAL THIS MO.     0    CLEAR  (SCALE 0-3)  25
DPTR FM NORMAL     M    PTCLDY (SCALE 4-7)   3
TOTAL FM JUL 1     0    CLOUDY (SCALE 8-10)  0
DPTR FM NORMAL     M

[CDD (BASE 65) ]
TOTAL THIS MO.   505
DPTR FM NORMAL     M    [PRESSURE DATA]
TOTAL FM JAN 1  2071    HIGHEST SLP M ON M
DPTR FM NORMAL     M    LOWEST  SLP M ON M

[REMARKS]
