000
CXUS54 KMAF 291100
CF6BPG
PRELIMINARY LOCAL CLIMATOLOGICAL DATA (WS FORM: F-6)

                                          STATION:   Big Spring McMahon-Wrinkle Fi
                                          MONTH:     MAY
                                          YEAR:      2017
                                          LATITUDE:   32 12 N
                                          LONGITUDE: 101 31 W

  TEMPERATURE IN F:       :PCPN:    SNOW:  WIND      :SUNSHINE: SKY     :PK WND
================================================================================
1   2   3   4   5  6A  6B    7    8   9   10  11  12  13   14  15   16   17  18
                                     12Z  AVG MX 2MIN
DY MAX MIN AVG DEP HDD CDD  WTR  SNW DPTH SPD SPD DIR MIN PSBL S-S WX    SPD DR
================================================================================

 1  86  49  68   M   0   3 0.00  0.0    0 11.3 17  70   M    M   0        24 270
 2  92  52  72   M   0   7 0.00  0.0    0 12.8 22 180   M    M   0        27 170
 3  75  57  66   M   0   1 0.00  0.0    0 15.5 27 360   M    M   0        36  10
 4  75  46  61   M   4   0 0.00  0.0    0  9.4 15  30   M    M   0        22  10
 5  82  45  64   M   1   0 0.00  0.0    0  3.2 10 120   M    M   0         M  M
 6  91  56  74   M   0   9 0.00  0.0    0 13.1 20 130   M    M   0        24 170
 7  90  64  77   M   0  12 0.00  0.0    0 17.0 23 150   M    M   0        31 150
 8  75  62  69   M   0   4 0.00  0.0    0 16.6 23 130   M    M   7        30 130
 9  81  67  74   M   0   9 0.00  0.0    0 15.4 22 140   M    M   7        30 130
10  87  61  74   M   0   9 0.00  0.0    0 14.1 25 150   M    M   2        32 160
11  82  51  67   M   0   2 0.00  0.0    0  8.9 18 290   M    M   1        27 250
12  80  53  67   M   0   2 0.00  0.0    0  9.5 15  10   M    M   0        22  10
13  88  48  68   M   0   3 0.00  0.0    0  8.0 16 120   M    M   0        23 120
14  97  62  80   M   0  15 0.00  0.0    0 12.7 18 130   M    M   1        24 130
15  94  68  81   M   0  16 0.00  0.0    0 19.3 27 150   M    M   0        32 150
16  93  62  78   M   0  13 0.17  0.0    0 20.1 30 170   M    M   5 3      38 160
17  87  56  72   M   0   7 0.00  0.0    0 13.1 24 220   M    M   0        29 220
18  93  64  79   M   0  14 0.00  0.0    0 13.9 25 220   M    M   1        33 180
19  88  57  73   M   0   8 0.53  0.0    0  8.1 17  50   M    M   3 3      23 220
20  76  56  66   M   0   1 0.00  0.0    0 10.9 21  40   M    M   2        31  30
21  65  54  60   M   5   0 0.03  0.0    0 10.2 17  70   M    M   6 3      25 100
22  77  54  66   M   0   1 0.14  0.0    0  6.0 16 160   M    M   8 3      23 160
23  65  52  59   M   6   0 0.02  0.0    0 10.1 21  30   M    M   4        29  30
24  84  46  65   M   0   0 0.00  0.0    0  8.3 20 210   M    M   0        23 210
25 100  61  81   M   0  16 0.00  0.0    0 15.4 23 230   M    M   0        31 210
26  98  66  82   M   0  17 0.00  0.0    0  9.1 21 270   M    M   0        27 270
27  99  68  84   M   0  19 0.00  0.0    0 10.3 16 230   M    M   0        27 240
28  81  63  72   M   0   7 0.00  0.0    0 13.8 24  30   M    M   0        33  30
================================================================================
SM 2381 1600        16 195  0.89     0.0 336.1          M       47
================================================================================
AV 85.0 57.1                              12.0 FASTST   M    M   2    MAX(MPH)
                                 MISC ---->  # 30 170               # 38  160
================================================================================
NOTES:
# LAST OF SEVERAL OCCURRENCES

COLUMN 17 PEAK WIND IN M.P.H.

PRELIMINARY LOCAL CLIMATOLOGICAL DATA (WS FORM: F-6) , PAGE 2

                                          STATION:  Big Spring McMahon-Wrinkle Fi
                                          MONTH:    MAY
                                          YEAR:     2017
                                          LATITUDE:   32 12 N
                                          LONGITUDE: 101 31 W

[TEMPERATURE DATA]      [PRECIPITATION DATA]       SYMBOLS USED IN COLUMN 16

AVERAGE MONTHLY: 71.1   TOTAL FOR MONTH:   0.89    1 = FOG OR MIST
DPTR FM NORMAL:     M   DPTR FM NORMAL:       M    2 = FOG REDUCING VISIBILITY
HIGHEST:   100 ON 25    GRTST 24HR  0.53 ON 19-19      TO 1/4 MILE OR LESS
LOWEST:     45 ON  5                               3 = THUNDER
                        SNOW, ICE PELLETS, HAIL    4 = ICE PELLETS
                        TOTAL MONTH:   0.0 INCH    5 = HAIL
                        GRTST 24HR     0.0         6 = FREEZING RAIN OR DRIZZLE
                        GRTST DEPTH:   0           7 = DUSTSTORM OR SANDSTORM:
                                                       VSBY 1/2 MILE OR LESS
                                                   8 = SMOKE OR HAZE
[NO. OF DAYS WITH]      [WEATHER - DAYS WITH]      9 = BLOWING SNOW
                                                   X = TORNADO
MAX 32 OR BELOW:   0    0.01 INCH OR MORE:   5
MAX 90 OR ABOVE:  10    0.10 INCH OR MORE:   3
MIN 32 OR BELOW:   0    0.50 INCH OR MORE:   1
MIN  0 OR BELOW:   0    1.00 INCH OR MORE:   0

[HDD (BASE 65) ]
TOTAL THIS MO.    16    CLEAR  (SCALE 0-3)  21
DPTR FM NORMAL     M    PTCLDY (SCALE 4-7)   7
TOTAL FM JUL 1  1840    CLOUDY (SCALE 8-10)  0
DPTR FM NORMAL     M

[CDD (BASE 65) ]
TOTAL THIS MO.   195
DPTR FM NORMAL     M    [PRESSURE DATA]
TOTAL FM JAN 1   404    HIGHEST SLP M ON M
DPTR FM NORMAL     M    LOWEST  SLP M ON M

[REMARKS]
