000
CXUS55 KRIW 280945
CF6BPI
PRELIMINARY LOCAL CLIMATOLOGICAL DATA (WS FORM: F-6)

                                          STATION:   BIG PINEY  WY
                                          MONTH:     SEPTEMBER
                                          YEAR:      2016
                                          LATITUDE:   42 34 N
                                          LONGITUDE: 110  6 W

  TEMPERATURE IN F:       :PCPN:    SNOW:  WIND      :SUNSHINE: SKY     :PK WND
================================================================================
1   2   3   4   5  6A  6B    7    8   9   10  11  12  13   14  15   16   17  18
                                     12Z  AVG MX 2MIN
DY MAX MIN AVG DEP HDD CDD  WTR  SNW DPTH SPD SPD DIR MIN PSBL S-S WX    SPD DR
================================================================================

 1  82  43  63   8   2   0 0.02  0.0    0  8.4 24 200   M    M   2        31 190
 2  81  46  64   9   1   0 0.01  0.0    0  8.2 28 300   M    M   2 3      35 290
 3  79  43  61   7   4   0 0.01  0.0    0  8.8 24 160   M    M   3 3      34 160
 4  71  44  58   4   7   0 0.16    M    0  9.6 26 260   M    M   4 13     34 260
 5  66  35  51  -3  14   0 0.01    M    0  8.6 20 290   M    M   1        24 290
 6  72  25  49  -4  16   0 0.00  0.0    0  7.5 22 270   M    M   0        29 280
 7  71  38  55   2  10   0 0.00  0.0    0  8.4 22 280   M    M   2        26 280
 8  73  31  52  -1  13   0 0.00  0.0    0  8.0 28 310   M    M   0        37 270
 9  67  29  48  -4  17   0 0.00  0.0    0  9.5 24 320   M    M   0        29 320
10  76  24  50  -2  15   0 0.00  0.0    0  6.2 17 320   M    M   0        22 320
11  79  25  52   0  13   0 0.00  0.0    0 10.4 31 280   M    M   0        41 270
12  65  40  53   2  12   0 0.05  0.0    0  9.8 23 140   M    M   6 3      28 140
13  65  40  53   2  12   0 0.16    M    M  5.1 28 150   M    M   6 13     33 160
14  57  38  48  -2  17   0 0.65  0.0    0  8.1 33 270   M    M   8 13     39 260
15  60  31  46  -4  19   0 0.00  0.0    0  6.7 17 340   M    M   4        21 310
16  63  29  46  -4  19   0 0.00  0.0    0  5.1 18 260   M    M   0        22 280
17  70  29  50   1  15   0 0.00  0.0    0  4.8 18 300   M    M   0        24 320
18  73  41  57   8   8   0 0.00  0.0    0  9.6 25 260   M    M   3        32 290
19  77  37  57   9   8   0 0.00  0.0    0  8.7 28 260   M    M   1        36 260
20  80  33  57   9   8   0 0.00  0.0    0  6.9 23 280   M    M   0        30 280
21  75  33  54   6  11   0 0.00    M    0  6.8 21 150   M    M   1        25 150
22  64  48  56   9   9   0 0.35  0.0    0 10.3 30 160   M    M   8 1      36 160
23  50  39  45  -2  20   0 0.05  0.0    0  7.2 24 160   M    M   8 1      32 140
24  52  32  42  -4  23   0 0.09  0.0    0 13.3 33 320   M    M   6        41 330
25  65  28  47   1  18   0 0.00  0.0    0  7.2 20 360   M    M   0        23  10
26  72  33  53   7  12   0 0.00  0.0    0  3.5 18 350   M    M   0        23 350
27  74  32  53   8  12   0 0.00  0.0    0  3.0 12 350   M    M   0        12 330
================================================================================
SM 1879  946       335   0  1.56     0.0 209.7          M       65
================================================================================
AV 69.6 35.0                               7.8 FASTST   M    M   2    MAX(MPH)
                                 MISC ---->  # 33 270               # 41  270
================================================================================
NOTES:
# LAST OF SEVERAL OCCURRENCES

COLUMN 17 PEAK WIND IN M.P.H.

PRELIMINARY LOCAL CLIMATOLOGICAL DATA (WS FORM: F-6) , PAGE 2

                                          STATION:  BIG PINEY  WY
                                          MONTH:    SEPTEMBER
                                          YEAR:     2016
                                          LATITUDE:   42 34 N
                                          LONGITUDE: 110  6 W

[TEMPERATURE DATA]      [PRECIPITATION DATA]       SYMBOLS USED IN COLUMN 16

AVERAGE MONTHLY: 52.3   TOTAL FOR MONTH:   1.56    1 = FOG OR MIST
DPTR FM NORMAL:   2.0   DPTR FM NORMAL:    0.85    2 = FOG REDUCING VISIBILITY
HIGHEST:    82 ON  1    GRTST 24HR  0.67 ON 13-14      TO 1/4 MILE OR LESS
LOWEST:     24 ON 10                               3 = THUNDER
                        SNOW, ICE PELLETS, HAIL    4 = ICE PELLETS
                        TOTAL MONTH:   0.0 INCH    5 = HAIL
                        GRTST 24HR     0.0         6 = FREEZING RAIN OR DRIZZLE
                        GRTST DEPTH:   0           7 = DUSTSTORM OR SANDSTORM:
                                                       VSBY 1/2 MILE OR LESS
                                                   8 = SMOKE OR HAZE
[NO. OF DAYS WITH]      [WEATHER - DAYS WITH]      9 = BLOWING SNOW
                                                   X = TORNADO
MAX 32 OR BELOW:   0    0.01 INCH OR MORE:  11
MAX 90 OR ABOVE:   0    0.10 INCH OR MORE:   4
MIN 32 OR BELOW:  11    0.50 INCH OR MORE:   1
MIN  0 OR BELOW:   0    1.00 INCH OR MORE:   0

[HDD (BASE 65) ]
TOTAL THIS MO.   335    CLEAR  (SCALE 0-3)  18
DPTR FM NORMAL   -62    PTCLDY (SCALE 4-7)   9
TOTAL FM JUL 1   618    CLOUDY (SCALE 8-10)  0
DPTR FM NORMAL   -72

[CDD (BASE 65) ]
TOTAL THIS MO.     0
DPTR FM NORMAL     0    [PRESSURE DATA]
TOTAL FM JAN 1    23    HIGHEST SLP M ON M
DPTR FM NORMAL   -12    LOWEST  SLP 29.55 ON M

[REMARKS]
