000
CXUS55 KRIW 230945
CF6BPI
PRELIMINARY LOCAL CLIMATOLOGICAL DATA (WS FORM: F-6)

                                          STATION:   BIG PINEY  WY
                                          MONTH:     AUGUST
                                          YEAR:      2017
                                          LATITUDE:   42 34 N
                                          LONGITUDE: 110  6 W

  TEMPERATURE IN F:       :PCPN:    SNOW:  WIND      :SUNSHINE: SKY     :PK WND
================================================================================
1   2   3   4   5  6A  6B    7    8   9   10  11  12  13   14  15   16   17  18
                                     12Z  AVG MX 2MIN
DY MAX MIN AVG DEP HDD CDD  WTR  SNW DPTH SPD SPD DIR MIN PSBL S-S WX    SPD DR
================================================================================

 1  87  41  64   1   1   0 0.00  0.0    M  5.1 16 310   M    M   0        20 320
 2  87  44  66   4   0   1 0.00  0.0    M  6.9 16 340   M    M   0        23 330
 3  84  47  66   4   0   1 0.00  0.0    M  6.4 16 320   M    M   0        21 310
 4  86  40  63   1   2   0 0.00  0.0    0  8.1 23 310   M    M   0        30 310
 5  85  39  62   0   3   0 0.00  0.0    0  7.4 23 320   M    M   1        28 340
 6  78  43  61  -1   4   0 0.00  0.0    0  6.0 15 330   M    M   0        18 330
 7  75  45  60  -2   5   0 0.03  0.0    0  6.2 26 340   M    M   3 13     31 330
 8  70  40  55  -7  10   0 0.14  0.0    0  6.2 28  10   M    M   3 13     34  10
 9  67  48  58  -4   7   0 0.19  0.0    0  6.9 33 360   M    M   8 13     44  20
10  74  42  58  -3   7   0 0.00    M    M  5.2 10 350   M    M   1        14 280
11  76  40  58  -3   7   0 0.04    M    M  5.0 17  40   M    M   0        20  30
12  77  44  61   0   4   0 0.07    M    M  4.7 15 160   M    M   2 3      17 170
13  80  42  61   0   4   0    T    M    M  9.1 36 270   M    M   3        53 290
14  70  44  57  -3   8   0 0.01    M    M  9.6 22  30   M    M   2        27  40
15  71  45  58  -2   7   0 0.12    M    M  5.9 21 360   M    M   7 13     25  10
16  73  36  55  -5  10   0    T    M    M  5.8 29 300   M    M   0        35 310
17  79  37  58  -2   7   0 0.00  0.0    M  7.8 22 310   M    M   1        28 330
18  81  35  58  -2   7   0 0.00  0.0    M  6.5 18 280   M    M   0        22 290
19  83  35  59   0   6   0 0.00  0.0    M  6.9 24 300   M    M   0        30 290
20  83  37  60   1   5   0 0.00  0.0    M  7.4 28 290   M    M   1        34 290
21  82  39  61   2   4   0 0.00    M    M  6.8 18 320   M    M   0        24 330
22  85  32  59   1   6   0 0.00    M    M  6.8 17 340   M    M   0        21 320
================================================================================
SM 1733  895       114   2  0.60     0.0 146.7          M       32
================================================================================
AV 78.8 40.7                               6.7 FASTST   M    M   1    MAX(MPH)
                                 MISC ---->  # 36 270               # 53  290
================================================================================
NOTES:
# LAST OF SEVERAL OCCURRENCES

COLUMN 17 PEAK WIND IN M.P.H.

PRELIMINARY LOCAL CLIMATOLOGICAL DATA (WS FORM: F-6) , PAGE 2

                                          STATION:  BIG PINEY  WY
                                          MONTH:    AUGUST
                                          YEAR:     2017
                                          LATITUDE:   42 34 N
                                          LONGITUDE: 110  6 W

[TEMPERATURE DATA]      [PRECIPITATION DATA]       SYMBOLS USED IN COLUMN 16

AVERAGE MONTHLY: 59.7   TOTAL FOR MONTH:   0.60    1 = FOG OR MIST
DPTR FM NORMAL:  -1.1   DPTR FM NORMAL:    0.10    2 = FOG REDUCING VISIBILITY
HIGHEST:    87 ON  2, 1 GRTST 24HR  0.19 ON  9- 9      TO 1/4 MILE OR LESS
LOWEST:     32 ON 22                               3 = THUNDER
                        SNOW, ICE PELLETS, HAIL    4 = ICE PELLETS
                        TOTAL MONTH:   0.0 INCH    5 = HAIL
                        GRTST 24HR     0.0         6 = FREEZING RAIN OR DRIZZLE
                        GRTST DEPTH:   0           7 = DUSTSTORM OR SANDSTORM:
                                                       VSBY 1/2 MILE OR LESS
                                                   8 = SMOKE OR HAZE
[NO. OF DAYS WITH]      [WEATHER - DAYS WITH]      9 = BLOWING SNOW
                                                   X = TORNADO
MAX 32 OR BELOW:   0    0.01 INCH OR MORE:   7
MAX 90 OR ABOVE:   0    0.10 INCH OR MORE:   3
MIN 32 OR BELOW:   1    0.50 INCH OR MORE:   0
MIN  0 OR BELOW:   0    1.00 INCH OR MORE:   0

[HDD (BASE 65) ]
TOTAL THIS MO.   114    CLEAR  (SCALE 0-3)  20
DPTR FM NORMAL    12    PTCLDY (SCALE 4-7)   2
TOTAL FM JUL 1   146    CLOUDY (SCALE 8-10)  0
DPTR FM NORMAL   -73

[CDD (BASE 65) ]
TOTAL THIS MO.     2
DPTR FM NORMAL   -10    [PRESSURE DATA]
TOTAL FM JAN 1    27    HIGHEST SLP M ON M
DPTR FM NORMAL    -9    LOWEST  SLP 29.78 ON M

[REMARKS]
