465
CXUS54 KLZK 261130
CF6BPK
PRELIMINARY LOCAL CLIMATOLOGICAL DATA (WS FORM: F-6)

                                          STATION:   Mountain Home Airport
                                          MONTH:     MAY
                                          YEAR:      2017
                                          LATITUDE:   36 22 N
                                          LONGITUDE:  92 28 W

  TEMPERATURE IN F:       :PCPN:    SNOW:  WIND      :SUNSHINE: SKY     :PK WND
================================================================================
1   2   3   4   5  6A  6B    7    8   9   10  11  12  13   14  15   16   17  18
                                     12Z  AVG MX 2MIN
DY MAX MIN AVG DEP HDD CDD  WTR  SNW DPTH SPD SPD DIR MIN PSBL S-S WX    SPD DR
================================================================================

 1  64  44  54  -9  11   0    T    M    0  8.7 17 260   M    M   7        29 270
 2  76  44  60  -3   5   0 0.00  0.0    0  3.9 10  90   M    M   1        17 320
 3  62  46  54 -10  11   0 1.75  0.0    0  7.3 18 130   M    M   8 13     27 130
 4  61  43  52 -12  13   0 0.85    M    0  7.0 15 350   M    M   6 1      26  20
 5  70  44  57  -7   8   0 0.00  0.0    0  5.4 16  10   M    M   0        26  20
 6  80  46  63  -1   2   0 0.00  0.0    0  3.6 13 300   M    M   0        21 300
 7  79  49  64  -1   1   0 0.00  0.0    0  3.9 10 210   M    M   0        14 210
 8  82  55  69   4   0   4 0.00  0.0    0  3.8 13 210   M    M   0        15 220
 9  82  55  69   4   0   4 0.00  0.0    0  3.9 13 230   M    M   0        18 210
10  84  60  72   7   0   7    T  0.0    0  5.2 15 220   M    M   2 3      21 260
11  81  63  72   6   0   7 0.35  0.0    0  3.5 14 350   M    M   4 13     25 360
12  70  55  63  -3   2   0 0.04  0.0    0  4.6 12  70   M    M   8 1      17  70
13  77  52  65  -1   0   0 0.00  0.0    0  2.7  9 120   M    M   0        17  80
14  79  50  65  -1   0   0 0.00  0.0    0  3.6 12 210   M    M   0        17 230
15  83  54  69   2   0   4 0.00  0.0    0  5.0 12 180   M    M   0        18 190
16  83  60  72   5   0   7 0.00  0.0    0  8.8 20 230   M    M   0        29 260
17  78  67  73   6   0   8 0.00  0.0    0 10.4 21 210   M    M   3        34 200
18  84  65  75   8   0  10 0.00  0.0    0  6.6 15 210   M    M   2 1      20 190
19  81  60  71   3   0   6 0.25  0.0    0  6.1 17 300   M    M   6 13     34 310
20  76  60  68   0   0   3 1.55  0.0    0  5.0 17 330   M    M   8 13     32 310
21  72  51  62  -6   3   0 0.00  0.0    0  3.3 12 300   M    M   0        21 340
22  74  51  63  -5   2   0 0.00  0.0    0  3.5 12 180   M    M   0        17 200
23  74  53  64  -5   1   0 0.08  0.0    0  2.2  9 310   M    M   6 1      18 320
24  64  49  57 -12   8   0 0.02  0.0    0  4.2 12 300   M    M   6        22 330
25  78  45  62  -7   3   0 0.00  0.0    0  4.3 13 210   M    M   0 1      16 210
================================================================================
SM 1894 1321        70  60  4.89     0.0 126.5          M       67
================================================================================
AV 75.8 52.8                               5.1 FASTST   M    M   3    MAX(MPH)
                                 MISC ---->  # 21 210               # 34  200
================================================================================
NOTES:
# LAST OF SEVERAL OCCURRENCES

COLUMN 17 PEAK WIND IN M.P.H.

PRELIMINARY LOCAL CLIMATOLOGICAL DATA (WS FORM: F-6) , PAGE 2

                                          STATION:  Mountain Home Airport
                                          MONTH:    MAY
                                          YEAR:     2017
                                          LATITUDE:   36 22 N
                                          LONGITUDE:  92 28 W

[TEMPERATURE DATA]      [PRECIPITATION DATA]       SYMBOLS USED IN COLUMN 16

AVERAGE MONTHLY: 64.3   TOTAL FOR MONTH:   4.89    1 = FOG OR MIST
DPTR FM NORMAL:  -1.8   DPTR FM NORMAL:    1.14    2 = FOG REDUCING VISIBILITY
HIGHEST:    84 ON 18,10 GRTST 24HR  2.03 ON 30- 1      TO 1/4 MILE OR LESS
LOWEST:     43 ON  4                               3 = THUNDER
                        SNOW, ICE PELLETS, HAIL    4 = ICE PELLETS
                        TOTAL MONTH:   0.0 INCH    5 = HAIL
                        GRTST 24HR     0.0         6 = FREEZING RAIN OR DRIZZLE
                        GRTST DEPTH:   0           7 = DUSTSTORM OR SANDSTORM:
                                                       VSBY 1/2 MILE OR LESS
                                                   8 = SMOKE OR HAZE
[NO. OF DAYS WITH]      [WEATHER - DAYS WITH]      9 = BLOWING SNOW
                                                   X = TORNADO
MAX 32 OR BELOW:   0    0.01 INCH OR MORE:   8
MAX 90 OR ABOVE:   0    0.10 INCH OR MORE:   5
MIN 32 OR BELOW:   0    0.50 INCH OR MORE:   3
MIN  0 OR BELOW:   0    1.00 INCH OR MORE:   2

[HDD (BASE 65) ]
TOTAL THIS MO.    70    CLEAR  (SCALE 0-3)  15
DPTR FM NORMAL    15    PTCLDY (SCALE 4-7)   9
TOTAL FM JUL 1  2894    CLOUDY (SCALE 8-10)  1
DPTR FM NORMAL  -895

[CDD (BASE 65) ]
TOTAL THIS MO.    60
DPTR FM NORMAL   -24    [PRESSURE DATA]
TOTAL FM JAN 1   114    HIGHEST SLP M ON M
DPTR FM NORMAL   -12    LOWEST  SLP 29.59 ON  1

[REMARKS]
