000
CXUS55 KMSO 200800
CF6BTM
PRELIMINARY LOCAL CLIMATOLOGICAL DATA (WS FORM: F-6)

                                          STATION:   BUTTE MT
                                          MONTH:     APRIL
                                          YEAR:      2014
                                          LATITUDE:   45 57 N
                                          LONGITUDE: 112 30 W

  TEMPERATURE IN F:       :PCPN:    SNOW:  WIND      :SUNSHINE: SKY     :PK WND
================================================================================
1   2   3   4   5  6A  6B    7    8   9   10  11  12  13   14  15   16   17  18
                                     12Z  AVG MX 2MIN
DY MAX MIN AVG DEP HDD CDD  WTR  SNW DPTH SPD SPD DIR MIN PSBL S-S WX    SPD DR
================================================================================

 1  44  17  31  -5  34   0 0.00    M    M  6.3 16 100   M    M   4        22 120
 2  43  26  35  -1  30   0    T    M    M  5.2 25 310   M    M   6 1      31 310
 3  47  20  34  -2  31   0 0.00    M    M  4.1 14 180   M    M   2        18 250
 4  47  28  38   2  27   0    T    M    M  6.5 24 320   M    M   5 8      30 310
 5  45  29  37   0  28   0    T    M    M  7.5 21 320   M    M   7        26 280
 6  47  34  41   4  24   0    T    M    M 12.6 36 310   M    M   8        44 310
 7  56  30  43   6  22   0 0.00    M    M  8.9 25 290   M    M   4        33 280
 8  64  27  46   9  19   0 0.00    M    M  6.4 17 280   M    M   0        27 280
 9  56  30  43   5  22   0    T    M    M 12.5 26 340   M    M   3        38 250
10  55  26  41   3  24   0 0.00    M    M  5.4 18 320   M    M   0        23 320
11  59  26  43   5  22   0 0.00    M    M  7.2 22 260   M    M   1        31 270
12  49  22  36  -2  29   0    T    M    M 10.3 24  10   M    M   5        31  10
13  38  19  29  -9  36   0    T    M    M  9.2 20  20   M    M   4        25  10
14  56  13  35  -3  30   0 0.00    M    M  5.3 18 300   M    M   0        23 320
15  46  31  39   0  26   0 0.00    M    M 11.7 31 310   M    M   5        40 300
16  45  27  36  -3  29   0 0.00    M    M  5.8 17 320   M    M   8 8      22 310
17  57  28  43   4  22   0    T    M    M  5.0 17 220   M    M   8        23 230
18  51  26  39   0  26   0 0.21    M    M 10.4 28 280   M    M   6 1      39 290
19  61  20  41   1  24   0 0.00    M    M  5.4 17 260   M    M   0        36 240
================================================================================
SM  966  479       505   0  0.21    M    145.7          M       76
================================================================================
AV 50.8 25.2                               7.7 FASTST   M    M   4    MAX(MPH)
                                 MISC ---->  # 36 310               # 44  310
================================================================================
NOTES:
# LAST OF SEVERAL OCCURRENCES

COLUMN 17 PEAK WIND IN M.P.H.

PRELIMINARY LOCAL CLIMATOLOGICAL DATA (WS FORM: F-6) , PAGE 2

                                          STATION:  BUTTE MT
                                          MONTH:    APRIL
                                          YEAR:     2014
                                          LATITUDE:   45 57 N
                                          LONGITUDE: 112 30 W

[TEMPERATURE DATA]      [PRECIPITATION DATA]       SYMBOLS USED IN COLUMN 16

AVERAGE MONTHLY: 38.0   TOTAL FOR MONTH:   0.21    1 = FOG OR MIST
DPTR FM NORMAL:   0.3   DPTR FM NORMAL:   -0.49    2 = FOG REDUCING VISIBILITY
HIGHEST:    64 ON  8    GRTST 24HR  0.21 ON 18-18      TO 1/4 MILE OR LESS
LOWEST:     13 ON 14                               3 = THUNDER
                        SNOW, ICE PELLETS, HAIL    4 = ICE PELLETS
                        TOTAL MONTH:    M          5 = HAIL
                        GRTST 24HR    M  ON   M    6 = FREEZING RAIN OR DRIZZLE
                        GRTST DEPTH:  M  ON   M    7 = DUSTSTORM OR SANDSTORM:
                                                       VSBY 1/2 MILE OR LESS
                                                   8 = SMOKE OR HAZE
[NO. OF DAYS WITH]      [WEATHER - DAYS WITH]      9 = BLOWING SNOW
                                                   X = TORNADO
MAX 32 OR BELOW:   0    0.01 INCH OR MORE:   1
MAX 90 OR ABOVE:   0    0.10 INCH OR MORE:   1
MIN 32 OR BELOW:  18    0.50 INCH OR MORE:   0
MIN  0 OR BELOW:   0    1.00 INCH OR MORE:   0

[HDD (BASE 65) ]
TOTAL THIS MO.   505    CLEAR  (SCALE 0-3)   7
DPTR FM NORMAL   -15    PTCLDY (SCALE 4-7)  11
TOTAL FM JUL 1  7951    CLOUDY (SCALE 8-10)  1
DPTR FM NORMAL  -180

[CDD (BASE 65) ]
TOTAL THIS MO.     0
DPTR FM NORMAL     0    [PRESSURE DATA]
TOTAL FM JAN 1     0    HIGHEST SLP M ON M
DPTR FM NORMAL     0    LOWEST  SLP 29.70 ON  1

[REMARKS]
