000
CXUS55 KMSO 280900
CF6BTM
PRELIMINARY LOCAL CLIMATOLOGICAL DATA (WS FORM: F-6)
STATION: BUTTE MT
MONTH: MARCH
YEAR: 2024
LATITUDE: 45 57 N
LONGITUDE: 112 30 W
TEMPERATURE IN F: :PCPN: SNOW: WIND :SUNSHINE: SKY :PK WND
================================================================================
1 2 3 4 5 6A 6B 7 8 9 10 11 12 13 14 15 16 17 18
12Z AVG MX 2MIN
DY MAX MIN AVG DEP HDD CDD WTR SNW DPTH SPD SPD DIR MIN PSBL S-S WX SPD DR
================================================================================
1 38 23 31 5 34 0 T M M 4.6 17 300 M M 7 1 26 230
2 36 22 29 3 36 0 0.05 M M 5.6 23 290 M M 7 128 33 290
3 29 12 21 -6 44 0 0.01 M M 4.1 20 320 M M 7 1 26 310
4 28 3 16 -11 49 0 T M M 4.6 15 300 M M 6 20 320
5 26 8 17 -11 48 0 0.02 M M 3.5 10 20 M M 8 18 13 10
6 31 -2 15 -13 50 0 0.00 M M 4.2 10 310 M M 2 18 14 320
7 32 -5 14 -14 51 0 0.00 M M 4.7 15 300 M M 1 21 310
8 35 -4 16 -13 49 0 T M M 3.0 10 160 M M 0 8 12 180
9 46 4 25 -4 40 0 0.00 M M 5.2 20 200 M M 0 25 200
10 46 26 36 6 29 0 0.00 M M 12.6 23 180 M M 3 30 170
11 44 31 38 8 27 0 T M M 5.7 17 210 M M 8 23 250
12 46 28 37 7 28 0 0.01 M M 6.9 20 220 M M 8 1 29 220
13 36 27 32 1 33 0 T M M 10.5 21 310 M M 10 18 29 290
14 41 18 30 -1 35 0 0.00 M M 5.3 15 300 M M 4 8 20 270
15 48 14 31 -1 34 0 0.00 M M 2.9 9 150 M M 0 12 140
16 54 20 37 5 28 0 0.00 M M 5.5 17 150 M M 1 22 150
17 56 24 40 8 25 0 0.00 M M 3.2 9 130 M M 1 10 150
18 61 23 42 9 23 0 0.00 M M 3.3 12 320 M M 0 16 340
19 60 24 42 9 23 0 0.00 M M 2.1 9 160 M M 1 11 320
20 60 26 43 10 22 0 0.00 M M 5.1 20 280 M M 2 8 28 230
21 49 32 41 7 24 0 0.04 M M 9.0 24 280 M M 8 1 33 280
22 51 32 42 8 23 0 0.00 M M 4.4 17 170 M M 7 24 250
23 46 25 36 2 29 0 0.27 M M 4.5 23 210 M M 5 123 32 230
24 30 18 24 -10 41 0 0.11 M M 7.4 22 160 M M 10 18 27 150
25 38 17 28 -7 37 0 0.05 M M 4.9 20 300 M M 8 1 25 280
26 40 24 32 -3 33 0 0.03 M M 3.9 28 290 M M 8 1 35 290
27 46 26 36 1 29 0 0.00 M M 5.0 15 210 M M 6 23 260
================================================================================
SM 1153 496 924 0 0.59 M 141.7 M 128
================================================================================
AV 42.7 18.4 5.2 FASTST M M 5 MAX(MPH)
MISC ----> 28 290 35 290
================================================================================
NOTES:
# LAST OF SEVERAL OCCURRENCES
COLUMN 17 PEAK WIND IN M.P.H.
PRELIMINARY LOCAL CLIMATOLOGICAL DATA (WS FORM: F-6) , PAGE 2
STATION: BUTTE MT
MONTH: MARCH
YEAR: 2024
LATITUDE: 45 57 N
LONGITUDE: 112 30 W
[TEMPERATURE DATA] [PRECIPITATION DATA] SYMBOLS USED IN COLUMN 16
AVERAGE MONTHLY: 30.5 TOTAL FOR MONTH: 0.59 1 = FOG OR MIST
DPTR FM NORMAL: -0.4 DPTR FM NORMAL: 0.06 2 = FOG REDUCING VISIBILITY
HIGHEST: 61 ON 18 GRTST 24HR 0.38 ON 23-24 TO 1/4 MILE OR LESS
LOWEST: -5 ON 7 3 = THUNDER
SNOW, ICE PELLETS, HAIL 4 = ICE PELLETS
TOTAL MONTH: M 5 = HAIL
GRTST 24HR M ON M 6 = FREEZING RAIN OR DRIZZLE
GRTST DEPTH: M ON M 7 = DUSTSTORM OR SANDSTORM:
VSBY 1/2 MILE OR LESS
8 = SMOKE OR HAZE
[NO. OF DAYS WITH] [WEATHER - DAYS WITH] 9 = BLOWING SNOW
X = TORNADO
MAX 32 OR BELOW: 6 0.01 INCH OR MORE: 9
MAX 90 OR ABOVE: 0 0.10 INCH OR MORE: 2
MIN 32 OR BELOW: 27 0.50 INCH OR MORE: 0
MIN 0 OR BELOW: 3 1.00 INCH OR MORE: 0
[HDD (BASE 65) ]
TOTAL THIS MO. 924 CLEAR (SCALE 0-3) 11
DPTR FM NORMAL 4 PTCLDY (SCALE 4-7) 11
TOTAL FM JUL 1 6934 CLOUDY (SCALE 8-10) 5
DPTR FM NORMAL -461
[CDD (BASE 65) ]
TOTAL THIS MO. 0
DPTR FM NORMAL 0 [PRESSURE DATA]
TOTAL FM JAN 1 0 HIGHEST SLP M ON M
DPTR FM NORMAL 0 LOWEST SLP 29.31 ON 2
[REMARKS]