000
CXUS55 KMSO 210900
CF6BTM
PRELIMINARY LOCAL CLIMATOLOGICAL DATA (WS FORM: F-6)

                                          STATION:   BUTTE MT
                                          MONTH:     AUGUST
                                          YEAR:      2017
                                          LATITUDE:   45 57 N
                                          LONGITUDE: 112 30 W

  TEMPERATURE IN F:       :PCPN:    SNOW:  WIND      :SUNSHINE: SKY     :PK WND
================================================================================
1   2   3   4   5  6A  6B    7    8   9   10  11  12  13   14  15   16   17  18
                                     12Z  AVG MX 2MIN
DY MAX MIN AVG DEP HDD CDD  WTR  SNW DPTH SPD SPD DIR MIN PSBL S-S WX    SPD DR
================================================================================

 1  89  44  67   3   0   2 0.00    M    M  5.3 21 310   M    M   2 8      25 340
 2  79  47  63  -1   2   0 0.00    M    M  7.4 22 120   M    M   0        28 150
 3  85  44  65   1   0   0 0.00    M    M  4.6 17 150   M    M   0        20 330
 4  88  45  67   3   0   2 0.00    M    M  5.9 20  20   M    M   0        24  30
 5  77  45  61  -3   4   0 0.00    M    M  5.3 17  30   M    M   0 8      23  20
 6  78  42  60  -4   5   0 0.00    M    M  4.0 16  70   M    M   1        22  80
 7  82  40  61  -3   4   0 0.00    M    M  4.3 16 120   M    M   1        22 130
 8  83  49  66   2   0   1    T    M    M  4.8 16 130   M    M   1 3      26 140
 9  79  52  66   2   0   1 0.07    M    M  5.1 20 200   M    M   3 3      24 180
10  81  40  61  -2   4   0 0.00    M    M  4.0 16 230   M    M   1        23 170
11  85  47  66   3   0   1 0.00    M    M  4.6 17  10   M    M   1 8      21 220
12  84  44  64   1   1   0 0.00    M    M  4.5 15 120   M    M   0 8      18 120
13  79  49  64   1   1   0 0.08    M    M  6.5 25 300   M    M   5 18     36 300
14  74  46  60  -2   5   0 0.00    M    M  5.4 15 310   M    M   4        17 310
15  78  38  58  -4   7   0 0.00    M    M  4.7 14 320   M    M   0        18 340
16  80  39  60  -2   5   0 0.00    M    M  5.3 16 290   M    M   0        21 290
17  80  42  61  -1   4   0 0.00    M    M  5.1 17 320   M    M   1 8      26 320
18  86  38  62   0   3   0 0.00    M    M  5.9 20 320   M    M   1 8      24 320
19  81  46  64   3   1   0 0.00    M    M  7.7 23 300   M    M   0 8      35 270
20  77  37  57  -4   8   0 0.00    M    M  4.9 16 320   M    M   0        19  20
================================================================================
SM 1625  874        54   7  0.15    M    105.3          M       21
================================================================================
AV 81.3 43.7                               5.3 FASTST   M    M   1    MAX(MPH)
                                 MISC ---->  # 25 300               # 36  300
================================================================================
NOTES:
# LAST OF SEVERAL OCCURRENCES

COLUMN 17 PEAK WIND IN M.P.H.

PRELIMINARY LOCAL CLIMATOLOGICAL DATA (WS FORM: F-6) , PAGE 2

                                          STATION:  BUTTE MT
                                          MONTH:    AUGUST
                                          YEAR:     2017
                                          LATITUDE:   45 57 N
                                          LONGITUDE: 112 30 W

[TEMPERATURE DATA]      [PRECIPITATION DATA]       SYMBOLS USED IN COLUMN 16

AVERAGE MONTHLY: 62.5   TOTAL FOR MONTH:   0.15    1 = FOG OR MIST
DPTR FM NORMAL:  -0.5   DPTR FM NORMAL:   -0.73    2 = FOG REDUCING VISIBILITY
HIGHEST:    89 ON  1    GRTST 24HR  0.08 ON 13-13      TO 1/4 MILE OR LESS
LOWEST:     37 ON 20                               3 = THUNDER
                        SNOW, ICE PELLETS, HAIL    4 = ICE PELLETS
                        TOTAL MONTH:    M          5 = HAIL
                        GRTST 24HR    M  ON   M    6 = FREEZING RAIN OR DRIZZLE
                        GRTST DEPTH:  M  ON   M    7 = DUSTSTORM OR SANDSTORM:
                                                       VSBY 1/2 MILE OR LESS
                                                   8 = SMOKE OR HAZE
[NO. OF DAYS WITH]      [WEATHER - DAYS WITH]      9 = BLOWING SNOW
                                                   X = TORNADO
MAX 32 OR BELOW:   0    0.01 INCH OR MORE:   2
MAX 90 OR ABOVE:   0    0.10 INCH OR MORE:   0
MIN 32 OR BELOW:   0    0.50 INCH OR MORE:   0
MIN  0 OR BELOW:   0    1.00 INCH OR MORE:   0

[HDD (BASE 65) ]
TOTAL THIS MO.    54    CLEAR  (SCALE 0-3)  18
DPTR FM NORMAL    -7    PTCLDY (SCALE 4-7)   2
TOTAL FM JUL 1    62    CLOUDY (SCALE 8-10)  0
DPTR FM NORMAL   -99

[CDD (BASE 65) ]
TOTAL THIS MO.     7
DPTR FM NORMAL   -15    [PRESSURE DATA]
TOTAL FM JAN 1   110    HIGHEST SLP M ON M
DPTR FM NORMAL    37    LOWEST  SLP 29.73 ON  4

[REMARKS]
