000
CXUS55 KLIX 250830
CF6BTR
PRELIMINARY LOCAL CLIMATOLOGICAL DATA (WS FORM: F-6)

                                          STATION:   BATON ROUGE  ASOS
                                          MONTH:     JANUARY
                                          YEAR:      2015
                                          LATITUDE:   30 31 N
                                          LONGITUDE:  91  9 W

  TEMPERATURE IN F:       :PCPN:    SNOW:  WIND      :SUNSHINE: SKY     :PK WND
================================================================================
1   2   3   4   5  6A  6B    7    8   9   10  11  12  13   14  15   16   17  18
                                     12Z  AVG MX 2MIN
DY MAX MIN AVG DEP HDD CDD  WTR  SNW DPTH SPD SPD DIR MIN PSBL S-S WX    SPD DR
================================================================================

 1  53  41  47  -5  18   0    T  0.0    0  8.3 16  80   M    M   9        20  80
 2  70  53  62  10   3   0 0.04  0.0    0  7.8 14  90   M    M   9 1      18  90
 3  74  58  66  14   0   1 3.52  0.0    0  9.3 30 240   M    M   9 123    30 210
 4  59  44  52   0  13   0 0.00  0.0    0  6.5 15 310   M    M   2        19 320
 5  52  32  42 -10  23   0 0.00  0.0    0  3.7 13  40   M    M   0        18  10
 6  63  29  46  -6  19   0 0.00  0.0    0  2.5  8 280   M    M   0        12 280
 7  56  28  42 -10  23   0 0.00  0.0    0  7.2 20 340   M    M   3        32 340
 8  38  20  29 -23  36   0 0.00  0.0    0  5.8 14  30   M    M   1        23  30
 9  39  33  36 -16  29   0 0.02    T    0  4.1 13  50   M    M   9        16  40
10  51  30  41 -11  24   0 0.00  0.0    0  6.7 15  60   M    M   1        18  80
11  62  41  52   0  13   0 0.42  0.0    0 10.1 17 110   M    M   8 1      24  70
12  63  47  55   3  10   0 0.02    M    0  5.4 14 100   M    M   9 128    17  10
13  47  38  43  -9  22   0 0.00  0.0    0  7.9 14  40   M    M  10 1      18  50
14  41  36  39 -13  26   0    T    M    0  5.8 12  40   M    M  10 1      17  20
15  45  34  40 -12  25   0 0.12    M    0  3.4 10 350   M    M   6 1      14 340
16  58  31  45  -7  20   0 0.00  0.0    0  2.0 10  70   M    M   0 1      14  10
17  63  29  46  -6  19   0 0.00  0.0    0  4.2 13 150   M    M   0 1      16 170
18  70  38  54   2  11   0 0.00  0.0    0  3.0 14  30   M    M   0 1      19  20
19  69  31  50  -2  15   0 0.00  0.0    0  3.9 13 160   M    M   0        16 180
20  73  39  56   4   9   0 0.00  0.0    0  1.5  9 220   M    M   4 8      14 290
21  71  46  59   7   6   0 0.00  0.0    0  5.6 12  60   M    M   1 1      15  60
22  58  44  51  -1  14   0 2.19    M    0 12.2 26  50   M    M   6 1      33  50
23  45  38  42 -10  23   0 0.04    M    0  8.6 17 300   M    M   8 1      24 310
24  59  33  46  -6  19   0 0.00  0.0    0  7.4 15 280   M    M   1        19 340
================================================================================
SM 1379  893       420   1  6.37    T    142.9          M      106
================================================================================
AV 57.5 37.2                               6.0 FASTST   M    M   4    MAX(MPH)
                                 MISC ---->  # 30 240               # 33   50
================================================================================
NOTES:
# LAST OF SEVERAL OCCURRENCES

COLUMN 17 PEAK WIND IN M.P.H.

PRELIMINARY LOCAL CLIMATOLOGICAL DATA (WS FORM: F-6) , PAGE 2

                                          STATION:  BATON ROUGE  ASOS
                                          MONTH:    JANUARY
                                          YEAR:     2015
                                          LATITUDE:   30 31 N
                                          LONGITUDE:  91  9 W

[TEMPERATURE DATA]      [PRECIPITATION DATA]       SYMBOLS USED IN COLUMN 16

AVERAGE MONTHLY: 47.3   TOTAL FOR MONTH:   6.37    1 = FOG OR MIST
DPTR FM NORMAL:  -4.7   DPTR FM NORMAL:    1.97    2 = FOG REDUCING VISIBILITY
HIGHEST:    74 ON  3    GRTST 24HR  3.52 ON  3- 3      TO 1/4 MILE OR LESS
LOWEST:     20 ON  8                               3 = THUNDER
                        SNOW, ICE PELLETS, HAIL    4 = ICE PELLETS
                        TOTAL MONTH:    T          5 = HAIL
                        GRTST 24HR    T  ON  9- 9  6 = FREEZING RAIN OR DRIZZLE
                        GRTST DEPTH:   0           7 = DUSTSTORM OR SANDSTORM:
                                                       VSBY 1/2 MILE OR LESS
                                                   8 = SMOKE OR HAZE
[NO. OF DAYS WITH]      [WEATHER - DAYS WITH]      9 = BLOWING SNOW
                                                   X = TORNADO
MAX 32 OR BELOW:   0    0.01 INCH OR MORE:   8
MAX 90 OR ABOVE:   0    0.10 INCH OR MORE:   4
MIN 32 OR BELOW:   8    0.50 INCH OR MORE:   2
MIN  0 OR BELOW:   0    1.00 INCH OR MORE:   2

[HDD (BASE 65) ]
TOTAL THIS MO.   420    CLEAR  (SCALE 0-3)  12
DPTR FM NORMAL    85    PTCLDY (SCALE 4-7)   4
TOTAL FM JUL 1  1045    CLOUDY (SCALE 8-10)  8
DPTR FM NORMAL    94

[CDD (BASE 65) ]
TOTAL THIS MO.     1
DPTR FM NORMAL    -2    [PRESSURE DATA]
TOTAL FM JAN 1     1    HIGHEST SLP M ON M
DPTR FM NORMAL    -2    LOWEST  SLP 29.84 ON  3

[REMARKS]
