000
CXUS51 KBUF 281205
CF6BUF
PRELIMINARY LOCAL CLIMATOLOGICAL DATA (WS FORM: F-6)

                                          STATION:   BUFFALO NY
                                          MONTH:     SEPTEMBER
                                          YEAR:      2016
                                          LATITUDE:   42 55 N
                                          LONGITUDE:  78 44 W

  TEMPERATURE IN F:       :PCPN:    SNOW:  WIND      :SUNSHINE: SKY     :PK WND
================================================================================
1   2   3   4   5  6A  6B    7    8   9   10  11  12  13   14  15   16   17  18
                                     12Z  AVG MX 2MIN
DY MAX MIN AVG DEP HDD CDD  WTR  SNW DPTH SPD SPD DIR MIN PSBL S-S WX    SPD DR
================================================================================

 1  73  59  66  -1   0   1 0.00  0.0    0  8.6 20 350   M    M   4        24 340
 2  73  56  65  -2   0   0    T  0.0    0  6.2 15  30   M    M   4        19  50
 3  75  51  63  -4   2   0 0.00  0.0    0  6.1 13  60   M    M   2        17 130
 4  82  53  68   2   0   3 0.00  0.0    0  3.5 12  20   M    M   1        14  30
 5  83  58  71   5   0   6 0.00  0.0    0  5.9 14 240   M    M   2        18 230
 6  85  62  74   8   0   9 0.00  0.0    0  6.2 13 230   M    M   2        15 220
 7  84  71  78  13   0  13 0.00  0.0    0 10.0 21 240   M    M   5 1      29 240
 8  84  75  80  15   0  15    T  0.0    0 13.6 29 250   M    M   8        38 250
 9  84  70  77  12   0  12 0.00  0.0    0  5.2 13 270   M    M   7        16 270
10  88  65  77  13   0  12 0.94  0.0    0 11.9 29 260   M    M   7 13     43 240
11  71  59  65   1   0   0 0.06  0.0    0  9.9 21 260   M    M   6 1      27 300
12  75  53  64   0   1   0 0.00  0.0    0  5.0 10 220   M    M   1        17 230
13  79  57  68   5   0   3 0.00  0.0    0 10.4 21 230   M    M   1        27 240
14  72  55  64   1   1   0 0.05  0.0    0  7.9 16 350   M    M   5 1      21 350
15  70  50  60  -3   5   0 0.00  0.0    0  6.3 14  70   M    M   2        17  70
16  80  50  65   3   0   0 0.00  0.0    0  6.5 15 170   M    M   5 8      20 150
17  79  66  73  11   0   8 1.76  0.0    0 11.3 24 220   M    M   9 13     31 210
18  77  66  72  10   0   7 0.00  0.0    0  8.3 18 230   M    M   7        25 240
19  80  62  71  10   0   6 0.00  0.0    0  5.8 13 210   M    M   4        16 240
20  79  58  69   8   0   4 0.00  0.0    0  7.6 17 230   M    M   2        21 230
21  82  56  69   9   0   4 0.00  0.0    0  4.5  9 120   M    M   3        12 160
22  81  59  70  10   0   5 0.00  0.0    0  7.8 15 240   M    M   4        19 210
23  74  58  66   6   0   1    T  0.0    0  8.9 18  40   M    M   8 1      24  30
24  65  47  56  -3   9   0 0.00  0.0    0  5.5 15  40   M    M   5        18  30
25  67  43  55  -4  10   0 0.00  0.0    0  5.1 10 120   M    M   4        13  60
26  71  51  61   3   4   0 0.44  0.0    0  9.1 23 250   M    M   7 1      28 260
27  70  53  62   4   3   0 0.24  0.0    0 10.9 26 230   M    M   6 13     35 230
================================================================================
SM 2083 1563        35 109  3.49     0.0 208.0          M      121
================================================================================
AV 77.1 57.9                               7.7 FASTST   M    M   4    MAX(MPH)
                                 MISC ---->  # 29 250               # 43  240
================================================================================
NOTES:
# LAST OF SEVERAL OCCURRENCES

COLUMN 17 PEAK WIND IN M.P.H.

PRELIMINARY LOCAL CLIMATOLOGICAL DATA (WS FORM: F-6) , PAGE 2

                                          STATION:  BUFFALO NY
                                          MONTH:    SEPTEMBER
                                          YEAR:     2016
                                          LATITUDE:   42 55 N
                                          LONGITUDE:  78 44 W

[TEMPERATURE DATA]      [PRECIPITATION DATA]       SYMBOLS USED IN COLUMN 16

AVERAGE MONTHLY: 67.5   TOTAL FOR MONTH:   3.49    1 = FOG OR MIST
DPTR FM NORMAL:   4.7   DPTR FM NORMAL:    0.01    2 = FOG REDUCING VISIBILITY
HIGHEST:    88 ON 10    GRTST 24HR  1.76 ON 17-17      TO 1/4 MILE OR LESS
LOWEST:     43 ON 25                               3 = THUNDER
                        SNOW, ICE PELLETS, HAIL    4 = ICE PELLETS
                        TOTAL MONTH:   0.0 INCH    5 = HAIL
                        GRTST 24HR     0.0         6 = FREEZING RAIN OR DRIZZLE
                        GRTST DEPTH:   0           7 = DUSTSTORM OR SANDSTORM:
                                                       VSBY 1/2 MILE OR LESS
                                                   8 = SMOKE OR HAZE
[NO. OF DAYS WITH]      [WEATHER - DAYS WITH]      9 = BLOWING SNOW
                                                   X = TORNADO
MAX 32 OR BELOW:   0    0.01 INCH OR MORE:   6
MAX 90 OR ABOVE:   0    0.10 INCH OR MORE:   4
MIN 32 OR BELOW:   0    0.50 INCH OR MORE:   2
MIN  0 OR BELOW:   0    1.00 INCH OR MORE:   1

[HDD (BASE 65) ]
TOTAL THIS MO.    35    CLEAR  (SCALE 0-3)   9
DPTR FM NORMAL   -75    PTCLDY (SCALE 4-7)  16
TOTAL FM JUL 1    35    CLOUDY (SCALE 8-10)  2
DPTR FM NORMAL  -102

[CDD (BASE 65) ]
TOTAL THIS MO.   109
DPTR FM NORMAL    57    [PRESSURE DATA]
TOTAL FM JAN 1   927    HIGHEST SLP M ON M
DPTR FM NORMAL   388    LOWEST  SLP 29.67 ON 10

[REMARKS]
