000
CXUS54 KTSA 240840
CF6BVO
PRELIMINARY LOCAL CLIMATOLOGICAL DATA (WS FORM: F-6)

                                          STATION:   BARTLESVILLE OKLAHOMA
                                          MONTH:     SEPTEMBER
                                          YEAR:      2016
                                          LATITUDE:   36 45 N
                                          LONGITUDE:  96  0 W

  TEMPERATURE IN F:       :PCPN:    SNOW:  WIND      :SUNSHINE: SKY     :PK WND
================================================================================
1   2   3   4   5  6A  6B    7    8   9   10  11  12  13   14  15   16   17  18
                                     12Z  AVG MX 2MIN
DY MAX MIN AVG DEP HDD CDD  WTR  SNW DPTH SPD SPD DIR MIN PSBL S-S WX    SPD DR
================================================================================

 1  86  63  75  -2   0  10 0.00  0.0    0  6.9 15  20   M    M   5        21  20
 2  83  58  71  -6   0   6 0.00  0.0    0  3.3 14  60   M    M   0        18  60
 3  85  53  69  -7   0   4 0.00  0.0    0  2.8 12 160   M    M   0 1      18 140
 4  91  58  75  -1   0  10 0.00  0.0    0  6.4 17 160   M    M   1 1      31 150
 5  97  67  82   6   0  17 0.00  0.0    0  7.2 18 210   M    M   1        27 200
 6  98  72  85  10   0  20 0.00  0.0    0  7.6 18 210   M    M   0        27 210
 7  96  74  85  10   0  20 0.00  0.0    0  8.0 20 210   M    M   0        27 210
 8  95  74  85  10   0  20 0.32  0.0    0  5.7 12 120   M    M   3 138    17 200
 9  95  66  81   7   0  16 0.98  0.0    0  7.0 21 210   M    M   5 13     30 220
10  80  53  67  -7   0   2 0.18  0.0    0  3.2 16  30   M    M   2 1      24  20
11  83  49  66  -7   0   1 0.00  0.0    0  3.8 14 160   M    M   0 1      18 160
12  90  56  73   0   0   8 0.00  0.0    0  5.5 17 170   M    M   0        24 170
13  91  63  77   5   0  12 0.00  0.0    0  2.9 12 140   M    M   1 1      15 160
14  87  65  76   4   0  11 1.01  0.0    0  1.9 16 130   M    M   5 1238   21 130
15  89  62  76   4   0  11 0.00  0.0    0  3.2 13 150   M    M   4 12     19 160
16  75  59  67  -4   0   2 0.48  0.0    0  3.0 20  10   M    M   4 138    25  10
17  84  58  71   0   0   6 0.00  0.0    0  1.0  8  60   M    M   4 12     11  60
18  89  61  75   5   0  10 0.00  0.0    0  1.8 10 210   M    M   1 1      13 210
19  95  63  79   9   0  14 0.00  0.0    0  3.2 10 120   M    M   0 1      15 120
20  96  69  83  14   0  18 0.00  0.0    0  4.1 13 140   M    M   0 1      19 150
21  91  67  79  10   0  14 0.00  0.0    0  3.9 13 130   M    M   0 12     17 130
22  93  60  77   9   0  12 0.00  0.0    0  3.7 14 210   M    M   0 1      20 210
23  91  59  75   7   0  10 0.00  0.0    0  4.3 15 140   M    M   0 1      20 140
================================================================================
SM 2060 1429         0 254  2.97     0.0 100.4          M       36
================================================================================
AV 89.6 62.1                               4.4 FASTST   M    M   2    MAX(MPH)
                                 MISC ---->  # 21 210               # 31  150
================================================================================
NOTES:
# LAST OF SEVERAL OCCURRENCES

COLUMN 17 PEAK WIND IN M.P.H.

PRELIMINARY LOCAL CLIMATOLOGICAL DATA (WS FORM: F-6) , PAGE 2

                                          STATION:  BARTLESVILLE OKLAHOMA
                                          MONTH:    SEPTEMBER
                                          YEAR:     2016
                                          LATITUDE:   36 45 N
                                          LONGITUDE:  96  0 W

[TEMPERATURE DATA]      [PRECIPITATION DATA]       SYMBOLS USED IN COLUMN 16

AVERAGE MONTHLY: 75.8   TOTAL FOR MONTH:   2.97    1 = FOG OR MIST
DPTR FM NORMAL:   3.1   DPTR FM NORMAL:    0.11    2 = FOG REDUCING VISIBILITY
HIGHEST:    98 ON  6    GRTST 24HR  1.16 ON  9-10      TO 1/4 MILE OR LESS
LOWEST:     49 ON 11                               3 = THUNDER
                        SNOW, ICE PELLETS, HAIL    4 = ICE PELLETS
                        TOTAL MONTH:   0.0 INCH    5 = HAIL
                        GRTST 24HR     0.0         6 = FREEZING RAIN OR DRIZZLE
                        GRTST DEPTH:   0           7 = DUSTSTORM OR SANDSTORM:
                                                       VSBY 1/2 MILE OR LESS
                                                   8 = SMOKE OR HAZE
[NO. OF DAYS WITH]      [WEATHER - DAYS WITH]      9 = BLOWING SNOW
                                                   X = TORNADO
MAX 32 OR BELOW:   0    0.01 INCH OR MORE:   5
MAX 90 OR ABOVE:  13    0.10 INCH OR MORE:   5
MIN 32 OR BELOW:   0    0.50 INCH OR MORE:   2
MIN  0 OR BELOW:   0    1.00 INCH OR MORE:   1

[HDD (BASE 65) ]
TOTAL THIS MO.     0    CLEAR  (SCALE 0-3)  17
DPTR FM NORMAL   -15    PTCLDY (SCALE 4-7)   6
TOTAL FM JUL 1     0    CLOUDY (SCALE 8-10)  0
DPTR FM NORMAL   -15

[CDD (BASE 65) ]
TOTAL THIS MO.   254
DPTR FM NORMAL    59    [PRESSURE DATA]
TOTAL FM JAN 1  1814    HIGHEST SLP M ON M
DPTR FM NORMAL   129    LOWEST  SLP 29.75 ON  8

[REMARKS]
