000
CXUS53 KLMK 280800
CF6BWG
PRELIMINARY LOCAL CLIMATOLOGICAL DATA (WS FORM: F-6)

                                          STATION:   BOWLING GREEN KY
                                          MONTH:     APRIL
                                          YEAR:      2017
                                          LATITUDE:   36 58 N
                                          LONGITUDE:  86 26 W

  TEMPERATURE IN F:       :PCPN:    SNOW:  WIND      :SUNSHINE: SKY     :PK WND
================================================================================
1   2   3   4   5  6A  6B    7    8   9   10  11  12  13   14  15   16   17  18
                                     12Z  AVG MX 2MIN
DY MAX MIN AVG DEP HDD CDD  WTR  SNW DPTH SPD SPD DIR MIN PSBL S-S WX    SPD DR
================================================================================

 1  58  41  50  -3  15   0 0.00  0.0    0  4.3 10  60   M    M   7        14  70
 2  73  40  57   3   8   0 0.00  0.0    0  4.9 15 150   M    M   0        21 170
 3  74  61  68  14   0   3 0.13  0.0    0 14.3 29 150   M    M   6 1      41 150
 4  76  55  66  12   0   1 0.00  0.0    0  7.8 18 240   M    M   2        24 240
 5  83  51  67  13   0   2 0.62  0.0    0 12.6 39 220   M    M   2 1      48 210
 6  56  42  49  -6  16   0 0.14  0.0    0 12.7 25 290   M    M   8 1      36 290
 7  60  40  50  -5  15   0 0.00  0.0    0  7.1 20 310   M    M   0        26 300
 8  68  35  52  -3  13   0 0.00  0.0    0  1.9 12 210   M    M   0        20 300
 9  79  41  60   4   5   0 0.00  0.0    0  9.4 22 200   M    M   0        29 200
10  80  60  70  14   0   5 0.00  0.0    0 12.3 22 190   M    M   0        31 200
11  75  56  66  10   0   1 0.35  0.0    0  5.5 14 270   M    M   8 1      19 230
12  76  46  61   4   4   0 0.00  0.0    0  3.5 10  70   M    M   0 12     15  40
13  82  44  63   6   2   0 0.00  0.0    0  2.1 12 250   M    M   0        14 230
14  86  51  69  12   0   4 0.00  0.0    0  1.9 12 200   M    M   0        16 210
15  83  57  70  12   0   5 0.00  0.0    0  8.8 22 190   M    M   2        27 200
16  81  63  72  14   0   7 0.64  0.0    0  9.3 20 230   M    M   8 1      27 320
17  76  62  69  11   0   4 0.32  0.0    0  5.3 12  70   M    M   9 1      14  60
18  78  60  69  11   0   4 0.17  0.0    0  6.2 15 220   M    M   9 1      19 210
19  83  64  74  15   0   9    T  0.0    0  8.2 24 190   M    M   3        33 190
20  84  65  75  16   0  10 0.04  0.0    0  9.6 21 220   M    M   2 1      28 280
21  71  55  63   4   2   0 0.19  0.0    0  5.3 13  40   M    M   7 1      18  40
22  57  52  55  -5  10   0 0.86  0.0    0 11.8 23  60   M    M  10 1      29  40
23  55  48  52  -8  13   0 0.58  0.0    0  8.6 21  50   M    M  10 1      24  70
24  72  53  63   3   2   0 0.00  0.0    0  4.2 12  90   M    M   8        15  80
25  77  50  64   4   1   0 0.00  0.0    0  3.6 14 180   M    M   1 1      20 180
26  83  51  67   6   0   2 0.00  0.0    0 10.5 22 190   M    M   0 1      29 170
27  74  49  62   1   3   0 0.37  0.0    0  8.8 29 110   M    M   6 1      35 110
================================================================================
SM 2000 1392       109  57  4.41     0.0 200.5          M      108
================================================================================
AV 74.1 51.6                               7.4 FASTST   M    M   4    MAX(MPH)
                                 MISC ---->  # 39 220               # 48  210
================================================================================
NOTES:
# LAST OF SEVERAL OCCURRENCES

COLUMN 17 PEAK WIND IN M.P.H.

PRELIMINARY LOCAL CLIMATOLOGICAL DATA (WS FORM: F-6) , PAGE 2

                                          STATION:  BOWLING GREEN KY
                                          MONTH:    APRIL
                                          YEAR:     2017
                                          LATITUDE:   36 58 N
                                          LONGITUDE:  86 26 W

[TEMPERATURE DATA]      [PRECIPITATION DATA]       SYMBOLS USED IN COLUMN 16

AVERAGE MONTHLY: 62.8   TOTAL FOR MONTH:   4.41    1 = FOG OR MIST
DPTR FM NORMAL:   5.6   DPTR FM NORMAL:    0.54    2 = FOG REDUCING VISIBILITY
HIGHEST:    86 ON 14    GRTST 24HR  0.86 ON 22-22      TO 1/4 MILE OR LESS
LOWEST:     35 ON  8                               3 = THUNDER
                        SNOW, ICE PELLETS, HAIL    4 = ICE PELLETS
                        TOTAL MONTH:   0.0 INCH    5 = HAIL
                        GRTST 24HR     0.0         6 = FREEZING RAIN OR DRIZZLE
                        GRTST DEPTH:   0           7 = DUSTSTORM OR SANDSTORM:
                                                       VSBY 1/2 MILE OR LESS
                                                   8 = SMOKE OR HAZE
[NO. OF DAYS WITH]      [WEATHER - DAYS WITH]      9 = BLOWING SNOW
                                                   X = TORNADO
MAX 32 OR BELOW:   0    0.01 INCH OR MORE:  12
MAX 90 OR ABOVE:   0    0.10 INCH OR MORE:  11
MIN 32 OR BELOW:   0    0.50 INCH OR MORE:   4
MIN  0 OR BELOW:   0    1.00 INCH OR MORE:   0

[HDD (BASE 65) ]
TOTAL THIS MO.   109    CLEAR  (SCALE 0-3)  15
DPTR FM NORMAL  -127    PTCLDY (SCALE 4-7)   7
TOTAL FM JUL 1  2929    CLOUDY (SCALE 8-10)  5
DPTR FM NORMAL -1025

[CDD (BASE 65) ]
TOTAL THIS MO.    57
DPTR FM NORMAL    31    [PRESSURE DATA]
TOTAL FM JAN 1    67    HIGHEST SLP M ON M
DPTR FM NORMAL    36    LOWEST  SLP 29.36 ON  5

[REMARKS]
