000
CXUS51 KLWX 210620
CF6BWI
PRELIMINARY LOCAL CLIMATOLOGICAL DATA (WS FORM: F-6)

                                          STATION:   BALTIMORE MD
                                          MONTH:     FEBRUARY
                                          YEAR:      2017
                                          LATITUDE:   39 10 N
                                          LONGITUDE:  76 40 W

  TEMPERATURE IN F:       :PCPN:    SNOW:  WIND      :SUNSHINE: SKY     :PK WND
================================================================================
1   2   3   4   5  6A  6B    7    8   9   10  11  12  13   14  15   16   17  18
                                     12Z  AVG MX 2MIN
DY MAX MIN AVG DEP HDD CDD  WTR  SNW DPTH SPD SPD DIR MIN PSBL S-S WX    SPD DR
================================================================================

 1  49  29  39   5  26   0 0.00  0.0    0  7.1 16 280   M    M   7        22 290
 2  50  33  42   8  23   0 0.00  0.0    0  8.6 23 270   M    M   7        28 260
 3  37  27  32  -2  33   0 0.00  0.0    0  9.1 25 300   M    M   9        35 310
 4  38  17  28  -6  37   0 0.00  0.0    0  6.3 18 300   M    M   3        25 290
 5  51  28  40   6  25   0 0.00  0.0    0  5.7 15 260   M    M   5        21 260
 6  61  25  43   9  22   0 0.00  0.0    0  3.7 13 240   M    M   3        17 230
 7  72  37  55  21  10   0    T  0.0    0  7.8 20 210   M    M   8        32 180
 8  72  51  62  28   3   0    T  0.0    0  8.5 18 290   M    M   7        28 300
 9  51  24  38   3  27   0 0.24    T    0 16.1 35 290   M    M   7 14     49 300
10  36  20  28  -7  37   0 0.00  0.0    0  9.4 23 290   M    M   7        32 280
11  53  29  41   6  24   0 0.00  0.0    0  4.1 13 240   M    M   8        16 240
12  50  41  46  11  19   0 0.22  0.0    0  9.2 37 310   M    M   9 1      50 300
13  44  27  36   1  29   0 0.00  0.0    0 18.2 36 300   M    M   2        49 290
14  46  25  36   0  29   0 0.00  0.0    0  3.9 15 230   M    M   7        21 220
15  54  28  41   5  24   0    T  0.0    0 10.2 32 300   M    M   7        44 300
16  40  25  33  -3  32   0    T    T    0 14.7 29 300   M    M   5        39 280
17  51  20  36   0  29   0 0.00  0.0    0  4.7 12 110   M    M   3        17 310
18  71  27  49  13  16   0 0.00  0.0    0  5.5 14 210   M    M   5        20 220
19  71  49  60  24   5   0    T  0.0    0  9.2 20 300   M    M   5        25 280
20  64  37  51  14  14   0 0.00  0.0    0  6.4 16 360   M    M   2        25 350
================================================================================
SM 1061  599       464   0  0.46    T    168.4          M      116
================================================================================
AV 53.1 30.0                               8.4 FASTST   M    M   6    MAX(MPH)
                                 MISC ---->  # 37 310               # 50  300
================================================================================
NOTES:
# LAST OF SEVERAL OCCURRENCES

COLUMN 17 PEAK WIND IN M.P.H.

PRELIMINARY LOCAL CLIMATOLOGICAL DATA (WS FORM: F-6) , PAGE 2

                                          STATION:  BALTIMORE MD
                                          MONTH:    FEBRUARY
                                          YEAR:     2017
                                          LATITUDE:   39 10 N
                                          LONGITUDE:  76 40 W

[TEMPERATURE DATA]      [PRECIPITATION DATA]       SYMBOLS USED IN COLUMN 16

AVERAGE MONTHLY: 41.5   TOTAL FOR MONTH:   0.46    1 = FOG OR MIST
DPTR FM NORMAL:   6.5   DPTR FM NORMAL:   -1.60    2 = FOG REDUCING VISIBILITY
HIGHEST:    72 ON  8, 7 GRTST 24HR  0.24 ON  9- 9      TO 1/4 MILE OR LESS
LOWEST:     17 ON  4                               3 = THUNDER
                        SNOW, ICE PELLETS, HAIL    4 = ICE PELLETS
                        TOTAL MONTH:    T          5 = HAIL
                        GRTST 24HR    T  ON 16-16  6 = FREEZING RAIN OR DRIZZLE
                        GRTST DEPTH:   0           7 = DUSTSTORM OR SANDSTORM:
                                                       VSBY 1/2 MILE OR LESS
                                                   8 = SMOKE OR HAZE
[NO. OF DAYS WITH]      [WEATHER - DAYS WITH]      9 = BLOWING SNOW
                                                   X = TORNADO
MAX 32 OR BELOW:   0    0.01 INCH OR MORE:   2
MAX 90 OR ABOVE:   0    0.10 INCH OR MORE:   2
MIN 32 OR BELOW:  14    0.50 INCH OR MORE:   0
MIN  0 OR BELOW:   0    1.00 INCH OR MORE:   0

[HDD (BASE 65) ]
TOTAL THIS MO.   464    CLEAR  (SCALE 0-3)   2
DPTR FM NORMAL  -137    PTCLDY (SCALE 4-7)  16
TOTAL FM JUL 1  2779    CLOUDY (SCALE 8-10)  2
DPTR FM NORMAL  -598

[CDD (BASE 65) ]
TOTAL THIS MO.     0
DPTR FM NORMAL     0    [PRESSURE DATA]
TOTAL FM JAN 1     0    HIGHEST SLP M ON M
DPTR FM NORMAL     0    LOWEST  SLP 29.44 ON 15

[REMARKS]
