000
CXUS51 KLWX 010620
CF6BWI
PRELIMINARY LOCAL CLIMATOLOGICAL DATA (WS FORM: F-6)

                                          STATION:   BALTIMORE MD
                                          MONTH:     AUGUST
                                          YEAR:      2015
                                          LATITUDE:   39 10 N
                                          LONGITUDE:  76 40 W

  TEMPERATURE IN F:       :PCPN:    SNOW:  WIND      :SUNSHINE: SKY     :PK WND
================================================================================
1   2   3   4   5  6A  6B    7    8   9   10  11  12  13   14  15   16   17  18
                                     12Z  AVG MX 2MIN
DY MAX MIN AVG DEP HDD CDD  WTR  SNW DPTH SPD SPD DIR MIN PSBL S-S WX    SPD DR
================================================================================

 1  89  67  78   1   0  13 0.00  0.0    0  5.1 14 260   M    M   5        18 310
 2  89  64  77   1   0  12 0.00  0.0    0  3.5 10 220   M    M   6        18 350
 3  91  64  78   2   0  13 0.00  0.0    0  5.9 15 220   M    M   5        18 220
 4  91  67  79   3   0  14 0.52    T    0  5.0 41 270   M    M   6 1358   56 260
 5  88  65  77   1   0  12 0.00  0.0    0  5.4 18 270   M    M   6 1      29 270
 6  80  66  73  -3   0   8 0.02  0.0    0  4.5 13  40   M    M   9        29  90
 7  81  68  75  -1   0  10    T  0.0    0  6.7 16  70   M    M   8        21  60
 8  83  63  73  -3   0   8 0.00  0.0    0  5.4 14 100   M    M   5        18 100
 9  86  64  75  -1   0  10 0.00  0.0    0   M  10 140   M    M   7        14 140
10  77  68  73  -3   0   8 0.21  0.0    0  4.3 14 160   M    M  10 1      21 140
11  89  71  80   4   0  15 0.29  0.0    0  5.0 23 320   M    M   8 13     30 330
12  85  64  75  -1   0  10 0.00  0.0    0  5.6 15 270   M    M   4        22 330
13  83  61  72  -4   0   7 0.00  0.0    0  3.6 13 270   M    M   5        25 320
14  88  57  73  -3   0   8 0.00  0.0    0  3.2 12 120   M    M   3        18 360
15  89  61  75  -1   0  10 0.00  0.0    0  3.9 12 160   M    M   4        15 150
16  92  62  77   2   0  12 0.00  0.0    0  3.2 13 130   M    M   3        18 130
17  95  68  82   7   0  17 0.41  0.0    0  3.5 35  20   M    M   3 38     40  30
18  88  67  78   3   0  13    T  0.0    0  3.9 14 130   M    M   7 138    20 190
19  89  73  81   6   0  16 0.00  0.0    0  5.6 15 150   M    M   7 18     21 190
20  86  71  79   4   0  14 0.49  0.0    0  4.7 15 270   M    M   8 138    21 260
21  84  66  75   0   0  10 0.00  0.0    0  5.8 13  10   M    M   5        24  10
22  83  59  71  -4   0   6 0.00  0.0    0  3.5 14  50   M    M   3        22 360
23  85  57  71  -3   0   6 0.00  0.0    0  2.2 13 120   M    M   6        17 350
24  89  67  78   4   0  13 0.52  0.0    0  3.0 14  70   M    M   6 138    20 130
25  83  64  74   0   0   9    T  0.0    0  5.0 14 270   M    M   4 1      29 210
26  79  60  70  -4   0   5 0.00  0.0    0  4.7 14 280   M    M   5        20 340
27  80  57  69  -5   0   4 0.00  0.0    0  4.2 13 350   M    M   4        25 280
28  83  56  70  -4   0   5 0.00  0.0    0  2.1 12  90   M    M   3 1      14  90
29  86  59  73   0   0   8 0.00  0.0    0  4.0 15 130   M    M   6 1      18 140
30  86  64  75   2   0  10 0.00  0.0    0  3.3  8 160   M    M   7        12 200
31  88  73  81   8   0  16    T  0.0    0  5.0 13 230   M    M   7        17 190
================================================================================
SM 2665 1993         0 322  2.46    T    130.8          M      175
================================================================================
AV 86.0 64.3                               4.4 FASTST   M    M   6    MAX(MPH)
                                 MISC ---->  # 41 270               # 56  260
================================================================================
NOTES:
# LAST OF SEVERAL OCCURRENCES

COLUMN 17 PEAK WIND IN M.P.H.

PRELIMINARY LOCAL CLIMATOLOGICAL DATA (WS FORM: F-6) , PAGE 2

                                          STATION:  BALTIMORE MD
                                          MONTH:    AUGUST
                                          YEAR:     2015
                                          LATITUDE:   39 10 N
                                          LONGITUDE:  76 40 W

[TEMPERATURE DATA]      [PRECIPITATION DATA]       SYMBOLS USED IN COLUMN 16

AVERAGE MONTHLY: 75.1   TOTAL FOR MONTH:   2.46    1 = FOG OR MIST
DPTR FM NORMAL:   0.0   DPTR FM NORMAL:   -0.83    2 = FOG REDUCING VISIBILITY
HIGHEST:    95 ON 17    GRTST 24HR  0.52 ON 24-24      TO 1/4 MILE OR LESS
LOWEST:     56 ON 28                               3 = THUNDER
                        SNOW, ICE PELLETS, HAIL    4 = ICE PELLETS
                        TOTAL MONTH:    T          5 = HAIL
                        GRTST 24HR    T  ON  4- 4  6 = FREEZING RAIN OR DRIZZLE
                        GRTST DEPTH:   0           7 = DUSTSTORM OR SANDSTORM:
                                                       VSBY 1/2 MILE OR LESS
                                                   8 = SMOKE OR HAZE
[NO. OF DAYS WITH]      [WEATHER - DAYS WITH]      9 = BLOWING SNOW
                                                   X = TORNADO
MAX 32 OR BELOW:   0    0.01 INCH OR MORE:   7
MAX 90 OR ABOVE:   4    0.10 INCH OR MORE:   6
MIN 32 OR BELOW:   0    0.50 INCH OR MORE:   2
MIN  0 OR BELOW:   0    1.00 INCH OR MORE:   0

[HDD (BASE 65) ]
TOTAL THIS MO.     0    CLEAR  (SCALE 0-3)   3
DPTR FM NORMAL    -1    PTCLDY (SCALE 4-7)  26
TOTAL FM JUL 1     0    CLOUDY (SCALE 8-10)  2
DPTR FM NORMAL    -1

[CDD (BASE 65) ]
TOTAL THIS MO.   322
DPTR FM NORMAL     6    [PRESSURE DATA]
TOTAL FM JAN 1  1189    HIGHEST SLP M ON M
DPTR FM NORMAL   179    LOWEST  SLP 29.75 ON 11

[REMARKS]
#FINAL-08-15#
