000
CXUS55 KRIW 240945
CF6BYG
PRELIMINARY LOCAL CLIMATOLOGICAL DATA (WS FORM: F-6)

                                          STATION:   BUFFALO WY
                                          MONTH:     APRIL
                                          YEAR:      2017
                                          LATITUDE:   44 22 N
                                          LONGITUDE: 106 43 W

  TEMPERATURE IN F:       :PCPN:    SNOW:  WIND      :SUNSHINE: SKY     :PK WND
================================================================================
1   2   3   4   5  6A  6B    7    8   9   10  11  12  13   14  15   16   17  18
                                     12Z  AVG MX 2MIN
DY MAX MIN AVG DEP HDD CDD  WTR  SNW DPTH SPD SPD DIR MIN PSBL S-S WX    SPD DR
================================================================================

 1  61  35  48   9  17   0 0.00    M    M  9.4 22 160   M    M   2        28 150
 2  51  35  43   4  22   0 0.13    M    M 12.2 28 320   M    M   9        40 330
 3  44  32  38  -1  27   0 0.01    M    M 16.0 28 330   M    M   9 1      38 340
 4  44  27  36  -4  29   0    T    M    M 14.0 29 350   M    M   3 1      40 330
 5  57  28  43   3  22   0 0.00  0.0    M  7.7 20 350   M    M   4        27 330
 6  70  37  54  14  11   0 0.00  0.0    M 11.5 21 130   M    M   1        27 140
 7  76  49  63  23   2   0 0.00  0.0    M 12.3 35 360   M    M   1        40 360
 8  61  43  52  11  13   0 0.11    M    M 11.6 26 160   M    M   6        36 310
 9  44  30  37  -4  28   0 0.20    M    M 23.3 41 340   M    M   9 128    52 340
10  52  28  40  -1  25   0    T    M    M  7.4 28 350   M    M   3 1      36 350
11  55  31  43   1  22   0    T    M    M  7.4 22 330   M    M   4        30 330
12  63  37  50   8  15   0    T    M    M  6.6 24 180   M    M   2 8      29 170
13  79  40  60  18   5   0 0.00  0.0    M 19.9 30 210   M    M   0        37 180
14  68  43  56  13   9   0 0.00    M    M 11.5 36 220   M    M   4        46 210
15  55  30  43   0  22   0 0.00    M    M  8.4 26 340   M    M   3        38 340
16  56  31  44   1  21   0 0.00    M    M  6.5 20 340   M    M   0        28 330
17  73  40  57  13   8   0    T    M    M 21.3 47 340   M    M   2        63 330
18  60  37  49   5  16   0 0.00    M    M  7.0 15 130   M    M   3        20 130
19  56  37  47   3  18   0 0.47    M    M 19.3 38 330   M    M   5 1      48 340
20  61  34  48   3  17   0 0.00  0.0    M  8.8 22 150   M    M   2        28 140
21  47  38  43  -2  22   0 0.57    M    M 11.2 29 190   M    M   9 1      34 190
22  58  38  48   3  17   0 0.01    M    M  9.1 30 170   M    M   5        35 160
23  71  39  55   9  10   0 0.00  0.0    M 10.8 35 330   M    M   2        45 340
================================================================================
SM 1362  819       398   0  1.50     0.0 273.2          M       88
================================================================================
AV 59.2 35.6                              11.9 FASTST   M    M   4    MAX(MPH)
                                 MISC ---->  # 47 340               # 63  330
================================================================================
NOTES:
# LAST OF SEVERAL OCCURRENCES

COLUMN 17 PEAK WIND IN M.P.H.

PRELIMINARY LOCAL CLIMATOLOGICAL DATA (WS FORM: F-6) , PAGE 2

                                          STATION:  BUFFALO WY
                                          MONTH:    APRIL
                                          YEAR:     2017
                                          LATITUDE:   44 22 N
                                          LONGITUDE: 106 43 W

[TEMPERATURE DATA]      [PRECIPITATION DATA]       SYMBOLS USED IN COLUMN 16

AVERAGE MONTHLY: 47.4   TOTAL FOR MONTH:   1.50    1 = FOG OR MIST
DPTR FM NORMAL:   5.3   DPTR FM NORMAL:    0.71    2 = FOG REDUCING VISIBILITY
HIGHEST:    79 ON 13    GRTST 24HR  0.58 ON 21-22      TO 1/4 MILE OR LESS
LOWEST:     27 ON  4                               3 = THUNDER
                        SNOW, ICE PELLETS, HAIL    4 = ICE PELLETS
                        TOTAL MONTH:   0.0 INCH    5 = HAIL
                        GRTST 24HR     0.0         6 = FREEZING RAIN OR DRIZZLE
                        GRTST DEPTH:  M  ON   M    7 = DUSTSTORM OR SANDSTORM:
                                                       VSBY 1/2 MILE OR LESS
                                                   8 = SMOKE OR HAZE
[NO. OF DAYS WITH]      [WEATHER - DAYS WITH]      9 = BLOWING SNOW
                                                   X = TORNADO
MAX 32 OR BELOW:   0    0.01 INCH OR MORE:   7
MAX 90 OR ABOVE:   0    0.10 INCH OR MORE:   5
MIN 32 OR BELOW:   8    0.50 INCH OR MORE:   1
MIN  0 OR BELOW:   0    1.00 INCH OR MORE:   0

[HDD (BASE 65) ]
TOTAL THIS MO.   398    CLEAR  (SCALE 0-3)  11
DPTR FM NORMAL  -129    PTCLDY (SCALE 4-7)   8
TOTAL FM JUL 1  5930    CLOUDY (SCALE 8-10)  4
DPTR FM NORMAL  -787

[CDD (BASE 65) ]
TOTAL THIS MO.     0
DPTR FM NORMAL     0    [PRESSURE DATA]
TOTAL FM JAN 1     0    HIGHEST SLP M ON M
DPTR FM NORMAL     0    LOWEST  SLP 29.48 ON 13

[REMARKS]
