000
CXUS55 KRIW 290945
CF6BYG
PRELIMINARY LOCAL CLIMATOLOGICAL DATA (WS FORM: F-6)

                                          STATION:   BUFFALO WY
                                          MONTH:     JUNE
                                          YEAR:      2015
                                          LATITUDE:   44 22 N
                                          LONGITUDE: 106 43 W

  TEMPERATURE IN F:       :PCPN:    SNOW:  WIND      :SUNSHINE: SKY     :PK WND
================================================================================
1   2   3   4   5  6A  6B    7    8   9   10  11  12  13   14  15   16   17  18
                                     12Z  AVG MX 2MIN
DY MAX MIN AVG DEP HDD CDD  WTR  SNW DPTH SPD SPD DIR MIN PSBL S-S WX    SPD DR
================================================================================

 1  81  54  68  12   0   3 0.04  0.0    0  9.1 44 260   M    M   0 3      56 260
 2  76  49  63   7   2   0 0.00  0.0    0  7.3 38 350   M    M   2 3      47 350
 3  68  47  58   1   7   0 1.81  0.0    0  8.4 37 170   M    M   6 13     49 160
 4  70  50  60   3   5   0 0.01  0.0    0  8.9 21 360   M    M   4        27 350
 5  75  54  65   8   0   0 0.22  0.0    0 14.1 26 190   M    M   5 13     38 190
 6  67  52  60   2   5   0 0.13  0.0    0 10.0 22 350   M    M   5 13     30 330
 7  75  51  63   5   2   0 0.00  0.0    0  9.6 20  10   M    M   0        26 340
 8  82  55  69  11   0   4 0.00  0.0    0  5.7 12  10   M    M   0        16  30
 9  83  62  73  14   0   8 0.00  0.0    0  8.4 23 360   M    M   0 3      27 360
10  74  56  65   6   0   0 0.15  0.0    0  9.5 24  20   M    M   4 13     35 360
11  73  54  64   5   1   0 0.09  0.0    0 12.6 22 350   M    M   3 1      28 330
12  81  49  65   5   0   0 0.00  0.0    0  7.2 31 350   M    M   0 8      40 340
13  72  54  63   3   2   0 0.27  0.0    0 11.0 25 350   M    M   3 138    36 350
14  60  50  55  -5  10   0 0.02  0.0    0 11.4 28 350   M    M   9 1      37 350
15  58  50  54  -7  11   0 0.11  0.0    0  5.2 14 330   M    M   9 1      17 330
16  67  51  59  -2   6   0 0.04  0.0    0  8.7 24 350   M    M   5 1      33 350
17  79  51  65   3   0   0 0.00  0.0    0  6.8 30 350   M    M   0 3      37 350
18  83  52  68   6   0   3    T  0.0    0 12.3 33  20   M    M   0        40 340
19  82  55  69   7   0   4 0.00  0.0    0 11.3 38 340   M    M   3 3      46 340
20  77  52  65   2   0   0    T  0.0    0  4.9 15 350   M    M   2        24 350
21  82  55  69   6   0   4    T  0.0    0 15.1 47 330   M    M   0 8      62 320
22  75  49  62  -2   3   0 0.00  0.0    0  5.9 22 350   M    M   3        29 350
23  80  50  65   1   0   0 0.16  0.0    0  6.3 15 280   M    M   0 3      20 310
24  73  58  66   1   0   1 0.00  0.0    0  8.5 26 350   M    M   3        37 350
25  73  56  65   0   0   0 0.15  0.0    0  6.8 22 340   M    M   5 13     28 330
26  81  52  67   2   0   2 0.00  0.0    0  5.0 12 210   M    M   0        17 360
27  88  57  73   7   0   8 0.00  0.0    0  5.2 13 350   M    M   0        18 330
28  89  61  75   9   0  10 0.00  0.0    0  5.7 17 250   M    M   0        23 250
================================================================================
SM 2124 1486        54  47  3.20     0.0 240.9          M       71
================================================================================
AV 75.9 53.1                               8.6 FASTST   M    M   3    MAX(MPH)
                                 MISC ---->  # 47 330               # 62  320
================================================================================
NOTES:
# LAST OF SEVERAL OCCURRENCES

COLUMN 17 PEAK WIND IN M.P.H.

PRELIMINARY LOCAL CLIMATOLOGICAL DATA (WS FORM: F-6) , PAGE 2

                                          STATION:  BUFFALO WY
                                          MONTH:    JUNE
                                          YEAR:     2015
                                          LATITUDE:   44 22 N
                                          LONGITUDE: 106 43 W

[TEMPERATURE DATA]      [PRECIPITATION DATA]       SYMBOLS USED IN COLUMN 16

AVERAGE MONTHLY: 64.5   TOTAL FOR MONTH:   3.20    1 = FOG OR MIST
DPTR FM NORMAL:   3.6   DPTR FM NORMAL:    1.02    2 = FOG REDUCING VISIBILITY
HIGHEST:    89 ON 28    GRTST 24HR  1.81 ON  3- 3      TO 1/4 MILE OR LESS
LOWEST:     47 ON  3                               3 = THUNDER
                        SNOW, ICE PELLETS, HAIL    4 = ICE PELLETS
                        TOTAL MONTH:   0.0 INCH    5 = HAIL
                        GRTST 24HR     0.0         6 = FREEZING RAIN OR DRIZZLE
                        GRTST DEPTH:   0           7 = DUSTSTORM OR SANDSTORM:
                                                       VSBY 1/2 MILE OR LESS
                                                   8 = SMOKE OR HAZE
[NO. OF DAYS WITH]      [WEATHER - DAYS WITH]      9 = BLOWING SNOW
                                                   X = TORNADO
MAX 32 OR BELOW:   0    0.01 INCH OR MORE:  13
MAX 90 OR ABOVE:   0    0.10 INCH OR MORE:   8
MIN 32 OR BELOW:   0    0.50 INCH OR MORE:   1
MIN  0 OR BELOW:   0    1.00 INCH OR MORE:   1

[HDD (BASE 65) ]
TOTAL THIS MO.    54    CLEAR  (SCALE 0-3)  18
DPTR FM NORMAL  -104    PTCLDY (SCALE 4-7)   8
TOTAL FM JUL 1  6481    CLOUDY (SCALE 8-10)  2
DPTR FM NORMAL  -931

[CDD (BASE 65) ]
TOTAL THIS MO.    47
DPTR FM NORMAL     2    [PRESSURE DATA]
TOTAL FM JAN 1    47    HIGHEST SLP M ON M
DPTR FM NORMAL    -5    LOWEST  SLP 29.70 ON M

[REMARKS]
