000
CXUS55 KPIH 011200
CF6BYI

PRELIMINARY LOCAL CLIMATOLOGICAL DATA (WS FORM: F-6)

                                          STATION:   BURLEY ID
                                          MONTH:     OCTOBER
                                          YEAR:      2014
                                          LATITUDE:   42 32 N
                                          LONGITUDE: 113 46 W

  TEMPERATURE IN F:       :PCPN:    SNOW:  WIND      :SUNSHINE: SKY     :PK WND
================================================================================
1   2   3   4   5  6A  6B    7    8   9   10  11  12  13   14  15   16   17  18
                                     12Z  AVG MX 2MIN
DY MAX MIN AVG DEP HDD CDD  WTR  SNW DPTH SPD SPD DIR MIN PSBL S-S WX    SPD DR
================================================================================

 1  57  40  49  -4  16   0 0.03    M    M 10.8 21 250   M    M   3 1      26 250
 2  66  39  53   1  12   0 0.00    M    M 11.7 21 260   M    M   2        26 270
 3  67  34  51  -1  14   0 0.00    M    M  4.2 14 260   M    M   0        18 270
 4  71  35  53   1  12   0 0.00    M    M  5.3 15 260   M    M   0        21 270
 5  74  39  57   6   8   0 0.00    M    M  8.2 17 270   M    M   0        24 270
 6  77  42  60   9   5   0 0.00    M    M  7.7 16 260   M    M   0        21 270
 7  77  44  61  10   4   0 0.00    M    M  5.8 14 250   M    M   0        18 260
 8  80  38  59   9   6   0 0.00    M    M  2.9  8  80   M    M   0         9  80
 9  71  38  55   5  10   0 0.00    M    M  4.8 12 220   M    M   0        15 290
10  70  39  55   5  10   0 0.00    M    M  6.8 15 250   M    M   1        19 280
11  70  42  56   7   9   0 0.02    M    M 10.2 18 240   M    M   1        29 300
12  58  40  49   0  16   0 0.00    M    M 15.0 25 260   M    M   0        36 270
13  68  33  51   2  14   0 0.00    M    M  6.5 22 180   M    M   0        29 180
14  75  38  57   9   8   0 0.00    M    M 10.5 24 200   M    M   0        32 190
15  69  37  53   5  12   0    T    M    M 14.0 35 290   M    M   1 8      46 290
16  62  37  50   2  15   0 0.00    M    M  3.8 12 210   M    M   0        14  50
17  71  36  54   7  11   0 0.00    M    M  8.7 18  50   M    M   0        24  50
18  69  36  53   6  12   0 0.00    M    M  4.0 12 250   M    M   0        16 260
19  76  33  55   8  10   0 0.00    M    M  5.6 13  60   M    M   0        16  60
20  80  42  61  15   4   0 0.00    M    M  9.7 22 190   M    M   2        26 200
21  67  37  52   6  13   0 0.03    M    M 14.1 32 270   M    M   4        50 280
22  61  29  45  -1  20   0 0.00    M    M  4.1 18 190   M    M   1        23 200
23  65  40  53   8  12   0 0.00    M    M  5.7 20 200   M    M   2        25 210
24  76  41  59  14   6   0 0.00    M    M  2.6 12 220   M    M   2        15 220
25  75  41  58  13   7   0    T    M    M  9.1 29 260   M    M   2        39 250
26  57  34  46   2  19   0 0.04    M    M 11.8 21 270   M    M   5        33 270
27  49  29  39  -5  26   0 0.00    M    M  8.2 20 250   M    M   1        27 250
28  58  23  41  -2  24   0 0.00    M    M  1.9  8 310   M    M   0        12 330
29  63  31  47   4  18   0 0.00    M    M  4.4 14 260   M    M   5        19 260
30  73  31  52   9  13   0 0.00    M    M  4.1 14  50   M    M   1        17  50
31  65  40  53  11  12   0 0.00    M    M  3.5 10 170   M    M   0        14 170
================================================================================
SM 2117 1138       378   0  0.12    M    225.7          M       33
================================================================================
AV 68.3 36.7                               7.3 FASTST   M    M   1    MAX(MPH)
                                 MISC ---->  # 35 290               # 50  280
================================================================================
NOTES:
# LAST OF SEVERAL OCCURRENCES

COLUMN 17 PEAK WIND IN M.P.H.

PRELIMINARY LOCAL CLIMATOLOGICAL DATA (WS FORM: F-6) , PAGE 2

                                          STATION:  BURLEY ID
                                          MONTH:    OCTOBER
                                          YEAR:     2014
                                          LATITUDE:   42 32 N
                                          LONGITUDE: 113 46 W

[TEMPERATURE DATA]      [PRECIPITATION DATA]       SYMBOLS USED IN COLUMN 16

AVERAGE MONTHLY: 52.5   TOTAL FOR MONTH:   0.12    1 = FOG OR MIST
DPTR FM NORMAL:   4.8   DPTR FM NORMAL:   -0.64    2 = FOG REDUCING VISIBILITY
HIGHEST:    80 ON 20, 8 GRTST 24HR  0.07 ON 30- 1      TO 1/4 MILE OR LESS
LOWEST:     23 ON 28                               3 = THUNDER
                        SNOW, ICE PELLETS, HAIL    4 = ICE PELLETS
                        TOTAL MONTH:    M          5 = HAIL
                        GRTST 24HR    M  ON   M    6 = FREEZING RAIN OR DRIZZLE
                        GRTST DEPTH:  M  ON   M    7 = DUSTSTORM OR SANDSTORM:
                                                       VSBY 1/2 MILE OR LESS
                                                   8 = SMOKE OR HAZE
[NO. OF DAYS WITH]      [WEATHER - DAYS WITH]      9 = BLOWING SNOW
                                                   X = TORNADO
MAX 32 OR BELOW:   0    0.01 INCH OR MORE:   4
MAX 90 OR ABOVE:   0    0.10 INCH OR MORE:   0
MIN 32 OR BELOW:   5    0.50 INCH OR MORE:   0
MIN  0 OR BELOW:   0    1.00 INCH OR MORE:   0

[HDD (BASE 65) ]
TOTAL THIS MO.   378    CLEAR  (SCALE 0-3)  28
DPTR FM NORMAL  -160    PTCLDY (SCALE 4-7)   3
TOTAL FM JUL 1   533    CLOUDY (SCALE 8-10)  0
DPTR FM NORMAL  -275

[CDD (BASE 65) ]
TOTAL THIS MO.     0
DPTR FM NORMAL     0    [PRESSURE DATA]
TOTAL FM JAN 1   428    HIGHEST SLP 30.44 ON  3
DPTR FM NORMAL    63    LOWEST  SLP 29.61 ON 31

[REMARKS]
