000
CXUS55 KGJT 261000
CF6CAG
PRELIMINARY LOCAL CLIMATOLOGICAL DATA (WS FORM: F-6)

                                          STATION:   CRAIG CO
                                          MONTH:     MAY
                                          YEAR:      2017
                                          LATITUDE:   40 30 N
                                          LONGITUDE: 107 32 W

  TEMPERATURE IN F:       :PCPN:    SNOW:  WIND      :SUNSHINE: SKY     :PK WND
================================================================================
1   2   3   4   5  6A  6B    7    8   9   10  11  12  13   14  15   16   17  18
                                     12Z  AVG MX 2MIN
DY MAX MIN AVG DEP HDD CDD  WTR  SNW DPTH SPD SPD DIR MIN PSBL S-S WX    SPD DR
================================================================================

 1  62  34  48   2  17   0 0.00    M    M  7.4 22 290   M    M   7        29 270
 2  56  32  44  -3  21   0 0.04    M    M  8.8 29 250   M    M   9        37 250
 3  62  31  47   0  18   0 0.00    M    M  5.9 16 360   M    M   3        22 360
 4  73  26  50   3  15   0 0.00    M    M  1.4  8 290   M    M   0        11 310
 5  78  32  55   8  10   0 0.00    M    M  2.4 12 350   M    M   0        14 300
 6  79  35  57   9   8   0    T    M    M  7.6 29 210   M    M   1 3      43 210
 7  73  44  59  11   6   0 0.03    M    M  6.3 23 200   M    M   3        28 270
 8  73  39  56   8   9   0 0.02    M    M  6.0 29 220   M    M   3 3      42 220
 9  72  35  54   6  11   0 0.03    M    M  6.0 29 170   M    M   4 3      36 170
10  62  37  50   1  15   0 0.23    M    M  3.6 21 120   M    M   7 1      27 110
11  71  30  51   2  14   0 0.00    M    M  3.0 14 250   M    M   1 12     17 200
12  77  32  55   6  10   0 0.00    M    M  7.2 22 230   M    M   0        28 230
13  78  37  58   8   7   0    T    M    M 14.8 31 220   M    M   2        40 230
14  73  30  52   2  13   0 0.00    M    M  8.1 26 220   M    M   0        34 200
15  74  32  53   3  12   0 0.00    M    M  9.4 29 170   M    M   1        38 170
16  66  34  50  -1  15   0    T    M    M  8.6 25 280   M    M   4 3      32 270
17  53  31  42  -9  23   0 0.24    M    M  6.5 25 300   M    M   9 1      32 240
18  38  30  34 -17  31   0 0.34    M    M  8.3 22 240   M    M  10 128    24 240
19  50  31  41 -11  24   0 0.02    M    M  5.6 17 330   M    M   9 1      22 330
20  54  31  43  -9  22   0 0.08    M    M  4.9 23 280   M    M   7        29 280
21  63  30  47  -5  18   0    T    M    M  6.3 25 350   M    M   6        32 360
22  64  29  47  -5  18   0 0.02    M    M  6.1 30 360   M    M   6 123    40 360
23  62  30  46  -7  19   0 0.00    M    M  3.3 13 280   M    M   4        17 300
24  78  32  55   2  10   0 0.00    M    M  8.3 29 260   M    M   1        39 260
25  70  43  57   4   8   0 0.24    M    M  7.8 30 280   M    M   6 13     36 280
================================================================================
SM 1661  827       374   0  1.29    M    163.6          M      103
================================================================================
AV 66.4 33.1                               6.5 FASTST   M    M   4    MAX(MPH)
                                 MISC ---->  # 31 220               # 43  210
================================================================================
NOTES:
# LAST OF SEVERAL OCCURRENCES

COLUMN 17 PEAK WIND IN M.P.H.

PRELIMINARY LOCAL CLIMATOLOGICAL DATA (WS FORM: F-6) , PAGE 2

                                          STATION:  CRAIG CO
                                          MONTH:    MAY
                                          YEAR:     2017
                                          LATITUDE:   40 30 N
                                          LONGITUDE: 107 32 W

[TEMPERATURE DATA]      [PRECIPITATION DATA]       SYMBOLS USED IN COLUMN 16

AVERAGE MONTHLY: 49.8   TOTAL FOR MONTH:   1.29    1 = FOG OR MIST
DPTR FM NORMAL:   0.0   DPTR FM NORMAL:    0.01    2 = FOG REDUCING VISIBILITY
HIGHEST:    79 ON  6    GRTST 24HR  0.34 ON 18-18      TO 1/4 MILE OR LESS
LOWEST:     26 ON  4                               3 = THUNDER
                        SNOW, ICE PELLETS, HAIL    4 = ICE PELLETS
                        TOTAL MONTH:    M          5 = HAIL
                        GRTST 24HR    M  ON   M    6 = FREEZING RAIN OR DRIZZLE
                        GRTST DEPTH:  M  ON   M    7 = DUSTSTORM OR SANDSTORM:
                                                       VSBY 1/2 MILE OR LESS
                                                   8 = SMOKE OR HAZE
[NO. OF DAYS WITH]      [WEATHER - DAYS WITH]      9 = BLOWING SNOW
                                                   X = TORNADO
MAX 32 OR BELOW:   0    0.01 INCH OR MORE:  11
MAX 90 OR ABOVE:   0    0.10 INCH OR MORE:   4
MIN 32 OR BELOW:  16    0.50 INCH OR MORE:   0
MIN  0 OR BELOW:   0    1.00 INCH OR MORE:   0

[HDD (BASE 65) ]
TOTAL THIS MO.   374    CLEAR  (SCALE 0-3)  12
DPTR FM NORMAL    -8    PTCLDY (SCALE 4-7)   9
TOTAL FM JUL 1  7327    CLOUDY (SCALE 8-10)  4
DPTR FM NORMAL -1067

[CDD (BASE 65) ]
TOTAL THIS MO.     0
DPTR FM NORMAL     0    [PRESSURE DATA]
TOTAL FM JAN 1     0    HIGHEST SLP M ON M
DPTR FM NORMAL     0    LOWEST  SLP 29.36 ON 25

[REMARKS]
