956
CXUS56 KMTR 291000
CF6CCR
PRELIMINARY LOCAL CLIMATOLOGICAL DATA (WS FORM: F-6)

                                          STATION:   CONCORD AIRPORT
                                          MONTH:     APRIL
                                          YEAR:      2017
                                          LATITUDE:   37 58 N
                                          LONGITUDE: 122  3 W

  TEMPERATURE IN F:       :PCPN:    SNOW:  WIND      :SUNSHINE: SKY     :PK WND
================================================================================
1   2   3   4   5  6A  6B    7    8   9   10  11  12  13   14  15   16   17  18
                                     12Z  AVG MX 2MIN
DY MAX MIN AVG DEP HDD CDD  WTR  SNW DPTH SPD SPD DIR MIN PSBL S-S WX    SPD DR
================================================================================

 1  79  47  63   7   2   0 0.00  0.0    0  4.1 12  80   M    M   1        14  70
 2  81  51  66  10   0   1 0.00  0.0    0  4.0 14 300   M    M   0        16  90
 3  77  47  62   5   3   0 0.00  0.0    0  4.5 16 290   M    M   0        20 300
 4  75  52  64   7   1   0 0.00  0.0    0  6.2 15 310   M    M   0        19 310
 5  75  52  64   7   1   0 0.00  0.0    0  4.0 15 250   M    M   0        20 260
 6  66  50  58   1   7   0 0.94  0.0    0  9.9 36 170   M    M   8 18     48 170
 7  66  50  58   1   7   0 0.60  0.0    0 10.1 22 320   M    M   8 1      28 200
 8  59  45  52  -5  13   0 0.13  0.0    0  8.1 21 270   M    M   4 18     26 280
 9  64  40  52  -5  13   0 0.00  0.0    0  6.1 15 250   M    M   2        18 250
10  68  44  56  -2   9   0 0.00  0.0    0  5.5 15 330   M    M   3        18 330
11  68  54  61   3   4   0    T  0.0    0  6.6 21 200   M    M   9        27 220
12  68  56  62   4   3   0 0.05  0.0    0 10.4 24 190   M    M   9 18     31 180
13  63  49  56  -2   9   0 0.07    M    0 10.6 24 230   M    M   4 1      30 230
14  66  42  54  -4  11   0 0.00  0.0    0  5.6 15 290   M    M   0        18 290
15  69  42  56  -2   9   0 0.00  0.0    0  3.6 12  10   M    M   1        14  20
16  60  48  54  -5  11   0 0.16    M    0  5.0 21 200   M    M   7 1      24 200
17  64  55  60   1   5   0 0.19  0.0    0  3.9 13 270   M    M  10 1      16 270
18  70  53  62   3   3   0    T  0.0    0  5.5 18 250   M    M   6        21 260
19  70  47  59   0   6   0 0.39    M    0  6.5 20 260   M    M   4 1      24 280
20  71  52  62   3   3   0    T  0.0    0  5.6 15 290   M    M   2        19 290
21  79  49  64   4   1   0 0.00  0.0    0  4.1 13 320   M    M   0        15 320
22  70  51  61   1   4   0 0.00  0.0    0  7.9 17 270   M    M   2        24 280
23  71  53  62   2   3   0 0.00  0.0    0 10.7 21 300   M    M   1        28 250
24  63  53  58  -2   7   0    T  0.0    0 11.5 21 260   M    M   8        25 260
25  70  52  61   1   4   0 0.00  0.0    0 10.4 20 270   M    M   2        24 280
26  69  56  63   3   2   0 0.00  0.0    0 10.9 20 240   M    M   8        24 250
27  76  50  63   2   2   0 0.00  0.0    0  8.1 21 280   M    M   0        26 280
28  77  48  63   2   2   0 0.00  0.0    0  7.3 22 340   M    M   0        29 360
================================================================================
SM 1954 1388       145   1  2.53     0.0 196.7          M       99
================================================================================
AV 69.8 49.6                               7.0 FASTST   M    M   4    MAX(MPH)
                                 MISC ---->  # 36 170               # 48  170
================================================================================
NOTES:
# LAST OF SEVERAL OCCURRENCES

COLUMN 17 PEAK WIND IN M.P.H.

PRELIMINARY LOCAL CLIMATOLOGICAL DATA (WS FORM: F-6) , PAGE 2

                                          STATION:  CONCORD AIRPORT
                                          MONTH:    APRIL
                                          YEAR:     2017
                                          LATITUDE:   37 58 N
                                          LONGITUDE: 122  3 W

[TEMPERATURE DATA]      [PRECIPITATION DATA]       SYMBOLS USED IN COLUMN 16

AVERAGE MONTHLY: 59.7   TOTAL FOR MONTH:   2.53    1 = FOG OR MIST
DPTR FM NORMAL:   1.3   DPTR FM NORMAL:    1.45    2 = FOG REDUCING VISIBILITY
HIGHEST:    81 ON  2    GRTST 24HR  1.01 ON  6- 7      TO 1/4 MILE OR LESS
LOWEST:     40 ON  9                               3 = THUNDER
                        SNOW, ICE PELLETS, HAIL    4 = ICE PELLETS
                        TOTAL MONTH:   0.0 INCH    5 = HAIL
                        GRTST 24HR     0.0         6 = FREEZING RAIN OR DRIZZLE
                        GRTST DEPTH:   0           7 = DUSTSTORM OR SANDSTORM:
                                                       VSBY 1/2 MILE OR LESS
                                                   8 = SMOKE OR HAZE
[NO. OF DAYS WITH]      [WEATHER - DAYS WITH]      9 = BLOWING SNOW
                                                   X = TORNADO
MAX 32 OR BELOW:   0    0.01 INCH OR MORE:   8
MAX 90 OR ABOVE:   0    0.10 INCH OR MORE:   6
MIN 32 OR BELOW:   0    0.50 INCH OR MORE:   2
MIN  0 OR BELOW:   0    1.00 INCH OR MORE:   0

[HDD (BASE 65) ]
TOTAL THIS MO.   145    CLEAR  (SCALE 0-3)  16
DPTR FM NORMAL   -48    PTCLDY (SCALE 4-7)   8
TOTAL FM JUL 1  1920    CLOUDY (SCALE 8-10)  4
DPTR FM NORMAL  -436

[CDD (BASE 65) ]
TOTAL THIS MO.     1
DPTR FM NORMAL    -8    [PRESSURE DATA]
TOTAL FM JAN 1     1    HIGHEST SLP M ON M
DPTR FM NORMAL   -10    LOWEST  SLP 29.70 ON  6

[REMARKS]
