000
CXAK56 PACD 181204
CF6CDB

PRELIMINARY LOCAL CLIMATOLOGICAL DATA (WS FORM: F-6)

                                          STATION:   COLD BAY
                                          MONTH:     09
                                          YEAR:      2014
                                          LATITUDE:   55 13 N
                                          LONGITUDE: 162 44 W

  TEMPERATURE IN F:       :PCPN:    SNOW:  WIND      :SUNSHINE: SKY     :PK WND
================================================================================
1   2   3   4   5  6A  6B    7     8   9   10  11  12  13   14  15   16  17  18
                                      12Z  AVG MX 2MIN
DY MAX MIN AVG DEP HDD CDD  WTR   SNW DPTH SPD SPD DIR MIN PSBL S-S WX   SPD DR
================================================================================

 1  61  40  51   0  14   0  0.00  0.0   0  6.5 16  310   M    M   M 1     20 290
 2  60  44  52   1  13   0  0.00  0.0   0  5.3 13  320   M    M   M 1     17 300
 3  53  48  51   0  14   0  0.57  0.0   0 12.9 23  360   M    M   M 1     29 360
 4  59  52  56   5   9   0  0.14  0.0   0 15.2 22  320   M    M   M 1     27 330
 5  57  45  51   1  14   0  0.00  0.0   0  8.2 16  290   M    M   M       19 290
 6  59  45  52   2  13   0  0.00  0.0   0 14.0 32  150   M    M   M       41 150
 7  61  55  58   8   7   0  0.49  0.0   0 22.9 39  140   M    M   M 1     48 140
 8  59  53  56   6   9   0  0.02  0.0   0 19.0 32  170   M    M   M 1     40 170
 9  57  53  55   5  10   0  0.09  0.0   0 18.8 28  160   M    M   M 1     32 150
10  57  53  55   5  10   0  0.25  0.0   0 18.4 31  150   M    M   M 1     39 160
11  58  54  56   7   9   0  1.08  0.0   0 25.3 38  140   M    M   M 1     48 140
12  59  48  54   5  11   0  0.70  0.0   0 21.0 48  140   M    M   M 1     59 140
13  57  49  53   4  12   0  0.97  0.0   0 23.5 45  150   M    M   M 1     53 160
14  55  50  53   4  12   0  0.15  0.0   0 26.1 33  270   M    M   M 1     42 240
15  56  49  53   5  12   0  0.01  0.0   0 16.7 30  270   M    M   M       37 270
16  54  48  51   3  14   0  0.11  0.0   0 18.4 30  280   M    M   M 1     34 290
17  54  48  51   3  14   0  0.14  0.0   0 18.2 28  310   M    M   M 1     33 300
================================================================================
SM  976  834       197   0  4.72 0.0    290.4           M        M
================================================================================
AV 57.4 49.1                             17.1 FASTST  PSBL  %   M    MAX(MPH)
                                 MISC ---->     48  140                 59 140
================================================================================
NOTES:
# LAST OF SEVERAL OCCURRENCES

COLUMN 17 PEAK WIND IN M.P.H.

PRELIMINARY LOCAL CLIMATOLOGICAL DATA (WS FORM: F-6) , PAGE 2

                                          STATION:   COLD BAY
                                          MONTH:     09
                                          YEAR:      2014
                                          LATITUDE:  55 13 N
                                          LONGITUDE: 162 44 W

[TEMPERATURE DATA]      [PRECIPITATION DATA]       SYMBOLS USED IN COLUMN 16

AVERAGE MONTHLY:53.2   TOTAL FOR MONTH: 4.72       1 = FOG
DPTR FM NORMAL:  3.6   DPTR FM NORMAL: 2.11       2 = FOG REDUCING VISIBILITY
HIGHEST:    61 ON  7    GRTST 24HR   1.08 ON 11        TO 1/4 MILE OR LESS
LOWEST:     40 ON  1                               3 = THUNDER
                        SNOW, ICE PELLETS, HAIL    4 = ICE PELLETS
                        TOTAL MONTH: 0.0         5 = HAIL
                        GRTST 24HR   0.0           6 = GLAZE OR RIME
                        GRTST DEPTH:    0          7 = BLOWING DUST OR SAND:
                                                       VSBY 1/2 MILE OR LESS
                                                   8 = SMOKE OR HAZE
[NO. OF DAYS WITH]      [WEATHER - DAYS WITH]      9 = BLOWING SNOW
                                                   X = TORNADO
MAX 32 OR BELOW:   0    0.01 INCH OR MORE:  13
MAX 70 OR ABOVE:   0    0.10 INCH OR MORE:  10
MIN 32 OR BELOW:   0    0.50 INCH OR MORE:   4
MIN  0 OR BELOW:   0    1.00 INCH OR MORE:   1

[HDD (BASE 65) ]
TOTAL THIS MO.   197    CLEAR  (SCALE 0-3)   M
DPTR FM NORMAL   -65    PTCLDY (SCALE 4-7)   M
SEASONAL TOTAL   739    CLOUDY (SCALE 8-10)  M
DPTR FM NORMAL  -367

[CDD (BASE 65) ]
TOTAL THIS MO.     0
DPTR FM NORMAL     0    [PRESSURE DATA]
SEASONAL TOTAL     0    HIGHEST SLP     M
DPTR FM NORMAL     0    LOWEST  SLP     M

[REMARKS]
