000
CXUS55 KEAX 200736
CF6CDJ
PRELIMINARY LOCAL CLIMATOLOGICAL DATA (WS FORM: F-6)

                                          STATION:   CHILLICOTHE MO
                                          MONTH:     SEPTEMBER
                                          YEAR:      2014
                                          LATITUDE:   39 49 N
                                          LONGITUDE:  93 35 W

  TEMPERATURE IN F:       :PCPN:    SNOW:  WIND      :SUNSHINE: SKY     :PK WND
================================================================================
1   2   3   4   5  6A  6B    7    8   9   10  11  12  13   14  15   16   17  18
                                     12Z  AVG MX 2MIN
DY MAX MIN AVG DEP HDD CDD  WTR  SNW DPTH SPD SPD DIR MIN PSBL S-S WX    SPD DR
================================================================================

 1  81  66  74   3   0   9 0.54    M    M  5.0 24 130   M    M   0        37 130
 2  85  63  74   3   0   9 0.00    M    M  1.1  9 200   M    M   0        12 230
 3  84  64  74   3   0   9 0.00    M    M  5.7 15 180   M    M   0        20 180
 4  92  76  84  14   0  19 0.00    M    M 10.5 18 200   M    M   0        27 190
 5  80  62  71   1   0   6 0.06    M    M  5.6 14 360   M    M   0        22 340
 6  75  55  65  -5   0   0 0.01    M    M  3.8 13  40   M    M   0        17  30
 7  77  50  64  -5   1   0 0.00    M    M  1.7  8 190   M    M   0        11 150
 8  83  52  68  -1   0   3 0.00    M    M  5.1 14 200   M    M   0        19 170
 9  90  72  81  13   0  16 2.27    M    M  8.4 16 200   M    M   0        23 150
10  80  58  69   1   0   4 2.83    M    M  7.0 14 350   M    M   0        21 340
11  60  53  57 -11   8   0 0.00    M    M  7.0 15  20   M    M   0        21  30
12  55  43  49 -18  16   0 0.00    M    M  6.1 15  10   M    M   0        22  10
13  63  40  52 -15  13   0 0.00    M    M  2.7 10 190   M    M   0        17 100
14  72  44  58  -8   7   0 0.00    M    M  3.4  9 150   M    M   0        13 170
15  70  49  60  -6   5   0 0.28    M    M  2.7 14 350   M    M   0        21 340
16  69  45  57  -9   8   0 0.00    M    M  1.6  8 130   M    M   0        12 110
17  77  59  68   3   0   3 0.01    M    M  3.5  9  60   M    M   0        13  40
18  72  59  66   1   0   1 0.00    M    M  4.6 10 120   M    M   0        14  70
19  78  56  67   3   0   2 0.00    M    M  6.3 14 180   M    M   0        21 210
================================================================================
SM 1443 1066        58  81  6.00    M     91.8          M        0
================================================================================
AV 75.9 56.1                               4.8 FASTST   M    M   0    MAX(MPH)
                                 MISC ---->  # 24 130               # 37  130
================================================================================
NOTES:
# LAST OF SEVERAL OCCURRENCES

COLUMN 17 PEAK WIND IN M.P.H.

PRELIMINARY LOCAL CLIMATOLOGICAL DATA (WS FORM: F-6) , PAGE 2

                                          STATION:  CHILLICOTHE MO
                                          MONTH:    SEPTEMBER
                                          YEAR:     2014
                                          LATITUDE:   39 49 N
                                          LONGITUDE:  93 35 W

[TEMPERATURE DATA]      [PRECIPITATION DATA]       SYMBOLS USED IN COLUMN 16

AVERAGE MONTHLY: 66.0   TOTAL FOR MONTH:   6.00    1 = FOG OR MIST
DPTR FM NORMAL:  -1.9   DPTR FM NORMAL:    3.38    2 = FOG REDUCING VISIBILITY
HIGHEST:    92 ON  4    GRTST 24HR  5.10 ON  9-10      TO 1/4 MILE OR LESS
LOWEST:     40 ON 13                               3 = THUNDER
                        SNOW, ICE PELLETS, HAIL    4 = ICE PELLETS
                        TOTAL MONTH:    M          5 = HAIL
                        GRTST 24HR    M  ON   M    6 = FREEZING RAIN OR DRIZZLE
                        GRTST DEPTH:  M  ON   M    7 = DUSTSTORM OR SANDSTORM:
                                                       VSBY 1/2 MILE OR LESS
                                                   8 = SMOKE OR HAZE
[NO. OF DAYS WITH]      [WEATHER - DAYS WITH]      9 = BLOWING SNOW
                                                   X = TORNADO
MAX 32 OR BELOW:   0    0.01 INCH OR MORE:   7
MAX 90 OR ABOVE:   2    0.10 INCH OR MORE:   4
MIN 32 OR BELOW:   0    0.50 INCH OR MORE:   3
MIN  0 OR BELOW:   0    1.00 INCH OR MORE:   2

[HDD (BASE 65) ]
TOTAL THIS MO.    58    CLEAR  (SCALE 0-3)  19
DPTR FM NORMAL    31    PTCLDY (SCALE 4-7)   0
TOTAL FM JUL 1    61    CLOUDY (SCALE 8-10)  0
DPTR FM NORMAL    30

[CDD (BASE 65) ]
TOTAL THIS MO.    81
DPTR FM NORMAL    -1    [PRESSURE DATA]
TOTAL FM JAN 1  1151    HIGHEST SLP  0.00 ON M
DPTR FM NORMAL    68    LOWEST  SLP  0.00 ON M

[REMARKS]
