000
CXUS56 KEKA 011230
CF6CEC
PRELIMINARY LOCAL CLIMATOLOGICAL DATA (WS FORM: F-6)

                                          STATION:   CRESCENT CITY CA
                                          MONTH:     JUNE
                                          YEAR:      2015
                                          LATITUDE:   41 46 N
                                          LONGITUDE: 124 14 W

  TEMPERATURE IN F:       :PCPN:    SNOW:  WIND      :SUNSHINE: SKY     :PK WND
================================================================================
1   2   3   4   5  6A  6B    7    8   9   10  11  12  13   14  15   16   17  18
                                     12Z  AVG MX 2MIN
DY MAX MIN AVG DEP HDD CDD  WTR  SNW DPTH SPD SPD DIR MIN PSBL S-S WX    SPD DR
================================================================================

 1  57  52  55   1  10   0 0.50  0.0    0  6.0 16 170   M    M  10 1      21 180
 2  62  47  55   1  10   0 0.00  0.0    0  5.6 12 330   M    M   5 2      15 330
 3  61  51  56   2   9   0 0.00  0.0    0 12.2 26 340   M    M   3 1      36 340
 4  60  48  54   0  11   0 0.00  0.0    0 15.3 32 340   M    M   0 18     44 340
 5  61  46  54   0  11   0 0.00  0.0    0  9.0 25 340   M    M   2 18     37 320
 6  61  48  55   1  10   0 0.00  0.0    0  7.5 18 180   M    M   2 18     23 150
 7  57  51  54   0  11   0 0.00  0.0    0  6.3 14 180   M    M   9 1      17 180
 8  60  51  56   2   9   0 0.02  0.0    0  3.5  9 210   M    M   6 238    12 190
 9  71  53  62   8   3   0 0.03  0.0    0  8.9 31 180   M    M   4 138    36 170
10  60  48  54   0  11   0 0.00  0.0    0  7.2 16 160   M    M   8 1      21 160
11  62  47  55   1  10   0 0.00  0.0    0 15.1 28 340   M    M   3 18     39 340
12  61  51  56   2   9   0 0.00  0.0    0 16.6 24 350   M    M   3 18     35 350
13  59  50  55   0  10   0 0.00  0.0    0 15.9 29 340   M    M   3 18     41 340
14  58  44  51  -4  14   0 0.00  0.0    0  8.9 20 170   M    M   9 28     27 180
15  57  50  54  -1  11   0 0.00  0.0    0  7.0 17 180   M    M  10 1      20 170
16  57  49  53  -2  12   0 0.00  0.0    0  5.6 12 170   M    M   6 1       M  M
17  56  47  52  -3  13   0 0.00  0.0    0  5.0 16 180   M    M   9 1      19 180
18  58  50  54  -1  11   0 0.00  0.0    0  5.8 14 190   M    M  10 1      17 180
19  60  51  56   1   9   0 0.00  0.0    0  5.6 21 160   M    M   5        25 170
20  59  48  54  -1  11   0 0.00  0.0    0  6.6 14 150   M    M   3 2      17 200
21  60  53  57   2   8   0 0.00  0.0    0 10.8 22 160   M    M   9 1      29 150
22  61  51  56   1   9   0 0.00  0.0    0  4.9 13 320   M    M   5 1      15 310
23  58  50  54  -1  11   0 0.00  0.0    0  5.2 12 240   M    M  10 1      14 160
24  61  53  57   2   8   0 0.00  0.0    0  5.8 13 160   M    M   5        16 150
25  66  53  60   5   5   0 0.00  0.0    0  7.9 20 170   M    M   5 18     25 170
26  69  51  60   5   5   0 0.00  0.0    0  5.2 12 180   M    M   0 18     14 180
27  59  53  56   1   9   0 0.00  0.0    0  8.4 15 180   M    M   9 1      18 180
28  64  54  59   4   6   0    T  0.0    0  4.2 10 250   M    M   5 1      14 240
29  60  55  58   3   7   0 0.01  0.0    0  5.6 13 330   M    M  10 1      16 310
30  60  52  56   0   9   0 0.00  0.0    0  5.3 15 160   M    M  10 12     21 140
================================================================================
SM 1815 1507       282   0  0.56     0.0 236.9          M      178
================================================================================
AV 60.5 50.2                               7.9 FASTST   M    M   6    MAX(MPH)
                                 MISC ---->  # 32 340               # 44  340
================================================================================
NOTES:
# LAST OF SEVERAL OCCURRENCES

COLUMN 17 PEAK WIND IN M.P.H.

PRELIMINARY LOCAL CLIMATOLOGICAL DATA (WS FORM: F-6) , PAGE 2

                                          STATION:  CRESCENT CITY CA
                                          MONTH:    JUNE
                                          YEAR:     2015
                                          LATITUDE:   41 46 N
                                          LONGITUDE: 124 14 W

[TEMPERATURE DATA]      [PRECIPITATION DATA]       SYMBOLS USED IN COLUMN 16

AVERAGE MONTHLY: 55.4   TOTAL FOR MONTH:   0.56    1 = FOG OR MIST
DPTR FM NORMAL:   0.7   DPTR FM NORMAL:   -1.17    2 = FOG REDUCING VISIBILITY
HIGHEST:    71 ON  9    GRTST 24HR  0.50 ON  1- 1      TO 1/4 MILE OR LESS
LOWEST:     44 ON 14                               3 = THUNDER
                        SNOW, ICE PELLETS, HAIL    4 = ICE PELLETS
                        TOTAL MONTH:   0.0 INCH    5 = HAIL
                        GRTST 24HR     0.0         6 = FREEZING RAIN OR DRIZZLE
                        GRTST DEPTH:   0           7 = DUSTSTORM OR SANDSTORM:
                                                       VSBY 1/2 MILE OR LESS
                                                   8 = SMOKE OR HAZE
[NO. OF DAYS WITH]      [WEATHER - DAYS WITH]      9 = BLOWING SNOW
                                                   X = TORNADO
MAX 32 OR BELOW:   0    0.01 INCH OR MORE:   4
MAX 90 OR ABOVE:   0    0.10 INCH OR MORE:   1
MIN 32 OR BELOW:   0    0.50 INCH OR MORE:   1
MIN  0 OR BELOW:   0    1.00 INCH OR MORE:   0

[HDD (BASE 65) ]
TOTAL THIS MO.   282    CLEAR  (SCALE 0-3)   9
DPTR FM NORMAL   -27    PTCLDY (SCALE 4-7)  10
TOTAL FM JUL 1  3762    CLOUDY (SCALE 8-10) 11
DPTR FM NORMAL -1098

[CDD (BASE 65) ]
TOTAL THIS MO.     0
DPTR FM NORMAL     0    [PRESSURE DATA]
TOTAL FM JAN 1     0    HIGHEST SLP 30.16 ON  2
DPTR FM NORMAL     0    LOWEST  SLP 29.79 ON 13

[REMARKS]
#FINAL-06-15#
