000
CXUS56 KEKA 221230
CF6CEC
PRELIMINARY LOCAL CLIMATOLOGICAL DATA (WS FORM: F-6)

                                          STATION:   CRESCENT CITY CA
                                          MONTH:     OCTOBER
                                          YEAR:      2017
                                          LATITUDE:   41 46 N
                                          LONGITUDE: 124 14 W

  TEMPERATURE IN F:       :PCPN:    SNOW:  WIND      :SUNSHINE: SKY     :PK WND
================================================================================
1   2   3   4   5  6A  6B    7    8   9   10  11  12  13   14  15   16   17  18
                                     12Z  AVG MX 2MIN
DY MAX MIN AVG DEP HDD CDD  WTR  SNW DPTH SPD SPD DIR MIN PSBL S-S WX    SPD DR
================================================================================

 1  61  51  56   2   9   0 0.00  0.0    0 13.7 26 340   M    M   0        37 340
 2  60  49  55   1  10   0 0.00  0.0    0 12.7 24 340   M    M   1        32 330
 3  66  48  57   3   8   0 0.00  0.0    0 11.1 21 340   M    M   0 18     27 330
 4  67  42  55   1  10   0 0.00  0.0    0  3.6 12 170   M    M   0        16 170
 5  61  40  51  -3  14   0 0.00  0.0    0  4.3 12 160   M    M   0        14 170
 6  66  42  54   0  11   0 0.00  0.0    0  5.6 14 330   M    M   0 18     17 340
 7  61  45  53  -1  12   0 0.00  0.0    0 11.1 26 340   M    M   1        38 330
 8  60  51  56   2   9   0 0.00  0.0    0 13.8 28 340   M    M   0 8      38 340
 9  72  42  57   3   8   0 0.00  0.0    0  4.6  8 320   M    M   1 18      M  M
10  57  42  50  -4  15   0 0.00  0.0    M  8.3 20 320   M    M   2 18     26 340
11  57  40  49  -5  16   0 0.23    M    0  5.6 15 320   M    M   2 1      19 310
12  60  40  50  -4  15   0 0.01    M    0  4.4 10 260   M    M   3 18     14 260
13  59  43  51  -3  14   0 0.00  0.0    0  7.1 15 340   M    M   2 1      20 330
14  60  45  53  -1  12   0 0.00  0.0    0  9.0 18 360   M    M   0 8      29  10
15  69  43  56   2   9   0 0.00  0.0    0  4.9 13 340   M    M   0 1      16  80
16  59  41  50  -4  15   0 0.00  0.0    0  5.3 12 330   M    M   0 1      14 350
17  58  40  49  -4  16   0 0.00  0.0    0  4.4 13 340   M    M   4 12     15 340
18  55  40  48  -5  17   0    T    M    0  5.8 13 150   M    M   8 12     16 170
19  60  48  54   1  11   0 1.25    M    0 14.9 28 200   M    M  10 1      38 200
20  56  48  52  -1  13   0 0.01    M    0 12.0 18 160   M    M   8 1      23 160
21  56  49  53   0  12   0 0.40    M    0 19.4 31 160   M    M  10 1      42 160
================================================================================
SM 1280  929       256   0  1.90     0.0 181.6          M       52
================================================================================
AV 61.0 44.2                               8.6 FASTST   M    M   2    MAX(MPH)
                                 MISC ---->  # 31 160               # 42  160
================================================================================
NOTES:
# LAST OF SEVERAL OCCURRENCES

COLUMN 17 PEAK WIND IN M.P.H.

PRELIMINARY LOCAL CLIMATOLOGICAL DATA (WS FORM: F-6) , PAGE 2

                                          STATION:  CRESCENT CITY CA
                                          MONTH:    OCTOBER
                                          YEAR:     2017
                                          LATITUDE:   41 46 N
                                          LONGITUDE: 124 14 W

[TEMPERATURE DATA]      [PRECIPITATION DATA]       SYMBOLS USED IN COLUMN 16

AVERAGE MONTHLY: 52.6   TOTAL FOR MONTH:   1.90    1 = FOG OR MIST
DPTR FM NORMAL:  -1.2   DPTR FM NORMAL:   -0.27    2 = FOG REDUCING VISIBILITY
HIGHEST:    72 ON  9    GRTST 24HR  1.25 ON 19-19      TO 1/4 MILE OR LESS
LOWEST:     40 ON 18,17                            3 = THUNDER
                        SNOW, ICE PELLETS, HAIL    4 = ICE PELLETS
                        TOTAL MONTH:   0.0 INCH    5 = HAIL
                        GRTST 24HR     0.0         6 = FREEZING RAIN OR DRIZZLE
                        GRTST DEPTH:   0           7 = DUSTSTORM OR SANDSTORM:
                                                       VSBY 1/2 MILE OR LESS
                                                   8 = SMOKE OR HAZE
[NO. OF DAYS WITH]      [WEATHER - DAYS WITH]      9 = BLOWING SNOW
                                                   X = TORNADO
MAX 32 OR BELOW:   0    0.01 INCH OR MORE:   5
MAX 90 OR ABOVE:   0    0.10 INCH OR MORE:   3
MIN 32 OR BELOW:   0    0.50 INCH OR MORE:   1
MIN  0 OR BELOW:   0    1.00 INCH OR MORE:   1

[HDD (BASE 65) ]
TOTAL THIS MO.   256    CLEAR  (SCALE 0-3)  15
DPTR FM NORMAL    19    PTCLDY (SCALE 4-7)   3
TOTAL FM JUL 1   959    CLOUDY (SCALE 8-10)  3
DPTR FM NORMAL   -82

[CDD (BASE 65) ]
TOTAL THIS MO.     0
DPTR FM NORMAL     0    [PRESSURE DATA]
TOTAL FM JAN 1     6    HIGHEST SLP M ON M
DPTR FM NORMAL     6    LOWEST  SLP 29.76 ON 19

[REMARKS]
