000
CXUS56 KEKA 281230
CF6CEC
PRELIMINARY LOCAL CLIMATOLOGICAL DATA (WS FORM: F-6)

                                          STATION:   CRESCENT CITY CA
                                          MONTH:     DECEMBER
                                          YEAR:      2014
                                          LATITUDE:   41 46 N
                                          LONGITUDE: 124 14 W

  TEMPERATURE IN F:       :PCPN:    SNOW:  WIND      :SUNSHINE: SKY     :PK WND
================================================================================
1   2   3   4   5  6A  6B    7    8   9   10  11  12  13   14  15   16   17  18
                                     12Z  AVG MX 2MIN
DY MAX MIN AVG DEP HDD CDD  WTR  SNW DPTH SPD SPD DIR MIN PSBL S-S WX    SPD DR
================================================================================

 1  66  52  59  11   6   0    T  0.0    0  8.7 18 160   M    M   5        23 150
 2  61  53  57   9   8   0 0.08  0.0    0  6.0 14  70   M    M   5        19 100
 3  59  53  56   8   9   0 0.34  0.0    0  8.6 21 200   M    M  10 1      25 200
 4  62  55  59  11   6   0 0.01  0.0    0 11.4 20 160   M    M   6        25 160
 5  65  55  60  12   5   0 0.86  0.0    0 13.4 31 190   M    M  10 1      39 190
 6  61  49  55   7  10   0 0.14    M    0  8.2 21 160   M    M   3 1      29 160
 7  66  48  57   9   8   0 0.12    M    0 14.4 33 200   M    M   4 1      41 210
 8  62  55  59  12   6   0 0.05  0.0    0 13.5 22 180   M    M   4 1      26 160
 9  64  58  61  14   4   0 0.39  0.0    0 14.6 23 160   M    M  10 18     32 160
10  64  51  58  11   7   0 0.60  0.0    0 19.7 40 160   M    M   7 18     53 150
11  64  50  57  10   8   0 0.71  0.0    0 21.0 46 190   M    M  10 138    68 190
12  56  44  50   3  15   0 0.21    M    0  4.4 15 320   M    M   8 1      20 310
13  56  42  49   2  16   0 0.00  0.0    0  5.5  8  90   M    M   0        12  90
14  59  45  52   5  13   0 0.04    M    0 11.1 29 160   M    M   5        37 150
15  54  49  52   5  13   0 0.47  0.0    0  9.7 24 160   M    M   8 1      31 160
16  59  49  54   7  11   0 0.03    M    M 15.7 28 170   M    M   8        38 160
17  56  49  53   5  12   0 0.31    M    0 12.1 30 160   M    M  10 1      39 150
18  59  50  55   7  10   0 0.77  0.0    0 15.4 25 180   M    M  10 1      32 160
19  59  48  54   6  11   0 1.34    M    0 12.7 28 190   M    M  10 13     34 160
20  58  53  56   8   9   0 2.84  0.0    0 20.7 32 180   M    M  10 1      42 180
21  59  56  58  10   7   0 0.48  0.0    0  9.2 18 190   M    M  10 1      22 190
22  59  56  58  10   7   0 0.09  0.0    0  4.1  9 170   M    M   9 2      11 180
23  57  53  55   7  10   0 0.01  0.0    0  3.4 10 330   M    M  10 1      13 330
24  55  43  49   1  16   0 0.70    M    0 11.9 38 330   M    M  10 1      52 330
25  54  37  46  -2  19   0    T    M    0  5.8 15 360   M    M   3 8      21 360
26  55  36  46  -2  19   0 0.00  0.0    0  7.7 15 330   M    M   2 1      21 330
27  53  41  47  -1  18   0 0.00  0.0    0  3.9 10  40   M    M   2        13  40
================================================================================
SM 1602 1330       283   0 10.59     0.0 292.8          M      189
================================================================================
AV 59.3 49.3                              10.8 FASTST   M    M   7    MAX(MPH)
                                 MISC ---->  # 46 190               # 68  190
================================================================================
NOTES:
# LAST OF SEVERAL OCCURRENCES

COLUMN 17 PEAK WIND IN M.P.H.

PRELIMINARY LOCAL CLIMATOLOGICAL DATA (WS FORM: F-6) , PAGE 2

                                          STATION:  CRESCENT CITY CA
                                          MONTH:    DECEMBER
                                          YEAR:     2014
                                          LATITUDE:   41 46 N
                                          LONGITUDE: 124 14 W

[TEMPERATURE DATA]      [PRECIPITATION DATA]       SYMBOLS USED IN COLUMN 16

AVERAGE MONTHLY: 54.3   TOTAL FOR MONTH:  10.59    1 = FOG OR MIST
DPTR FM NORMAL:   6.6   DPTR FM NORMAL:    0.84    2 = FOG REDUCING VISIBILITY
HIGHEST:    66 ON  7, 1 GRTST 24HR  2.90 ON 19-20      TO 1/4 MILE OR LESS
LOWEST:     36 ON 26                               3 = THUNDER
                        SNOW, ICE PELLETS, HAIL    4 = ICE PELLETS
                        TOTAL MONTH:   0.0 INCH    5 = HAIL
                        GRTST 24HR     0.0         6 = FREEZING RAIN OR DRIZZLE
                        GRTST DEPTH:   0           7 = DUSTSTORM OR SANDSTORM:
                                                       VSBY 1/2 MILE OR LESS
                                                   8 = SMOKE OR HAZE
[NO. OF DAYS WITH]      [WEATHER - DAYS WITH]      9 = BLOWING SNOW
                                                   X = TORNADO
MAX 32 OR BELOW:   0    0.01 INCH OR MORE:  22
MAX 90 OR ABOVE:   0    0.10 INCH OR MORE:  15
MIN 32 OR BELOW:   0    0.50 INCH OR MORE:   7
MIN  0 OR BELOW:   0    1.00 INCH OR MORE:   2

[HDD (BASE 65) ]
TOTAL THIS MO.   283    CLEAR  (SCALE 0-3)   5
DPTR FM NORMAL  -188    PTCLDY (SCALE 4-7)   9
TOTAL FM JUL 1  1390    CLOUDY (SCALE 8-10) 13
DPTR FM NORMAL  -698

[CDD (BASE 65) ]
TOTAL THIS MO.     0
DPTR FM NORMAL     0    [PRESSURE DATA]
TOTAL FM JAN 1     1    HIGHEST SLP M ON M
DPTR FM NORMAL     1    LOWEST  SLP 29.12 ON 11

[REMARKS]
