000
CXUS55 KGJT 011000
CF6CEZ
PRELIMINARY LOCAL CLIMATOLOGICAL DATA (WS FORM: F-6)

                                          STATION:   CORTEZ CO
                                          MONTH:     SEPTEMBER
                                          YEAR:      2016
                                          LATITUDE:   37 17 N
                                          LONGITUDE: 108 38 W

  TEMPERATURE IN F:       :PCPN:    SNOW:  WIND      :SUNSHINE: SKY     :PK WND
================================================================================
1   2   3   4   5  6A  6B    7    8   9   10  11  12  13   14  15   16   17  18
                                     12Z  AVG MX 2MIN
DY MAX MIN AVG DEP HDD CDD  WTR  SNW DPTH SPD SPD DIR MIN PSBL S-S WX    SPD DR
================================================================================

 1  86  56  71   6   0   6 0.19    M    M  5.2 25 290   M    M   2 13     32 270
 2  80  59  70   5   0   5    T    M    M  4.9 26 210   M    M   4 1      31 210
 3  81  57  69   4   0   4 0.00    M    M  5.7 23 210   M    M   3 3      28 210
 4  82  48  65   1   0   0 0.00    M    M  8.4 26 210   M    M   3        32 230
 5  84  40  62  -2   3   0 0.00    M    M  7.3 26 190   M    M   0        37 200
 6  83  45  64   0   1   0 0.00    M    M  7.4 17 230   M    M   2        22 230
 7  81  47  64   0   1   0 0.00    M    M  5.7 14 290   M    M   0        18 210
 8  84  39  62  -1   3   0 0.00    M    M  7.2 17 280   M    M   0        24 280
 9  85  41  63   0   2   0 0.00    M    M  6.8 23 340   M    M   0        30 310
10  85  37  61  -1   4   0 0.00    M    M  5.3 18 290   M    M   0        22 300
11  84  44  64   2   1   0 0.00    M    M  5.0 17 290   M    M   1        22 270
12  78  44  61  -1   4   0 0.12    M    M  6.0 28 250   M    M   2 3      36 250
13  79  47  63   2   2   0 0.04    M    M  6.3 25 180   M    M   3 3      44 150
14  78  48  63   2   2   0 0.03    M    M  9.8 28 220   M    M   2 3      37 210
15  75  36  56  -4   9   0 0.00    M    M  6.8 18 290   M    M   0        23 290
16  78  33  56  -4   9   0 0.00    M    M  6.2 17 290   M    M   0        23 290
17  79  34  57  -3   8   0 0.00    M    M  6.3 21 310   M    M   0        28 280
18  81  33  57  -2   8   0 0.00    M    M  6.3 15 280   M    M   0        22 290
19  85  35  60   1   5   0 0.00    M    M  5.2 16 300   M    M   0        21 290
20  79  45  62   3   3   0    T    M    M  5.7 25 180   M    M   4        34 190
21  75  53  64   6   1   0 0.15    M    M  2.7 15 140   M    M   8 138    19 180
22  84  56  70  12   0   5 0.00    M    M 12.1 29 210   M    M   3        37 210
23  68  36  52  -5  13   0 0.37    M    M  9.0 31 180   M    M   5 13     39 270
24  61  40  51  -6  14   0 0.00    M    M  2.9 10  60   M    M   9        14 350
25  72  32  52  -5  13   0 0.00    M    M  4.5 14 210   M    M   0        16 210
26  76  36  56   0   9   0 0.00    M    M  3.6 10 190   M    M   0        13 200
27  77  36  57   1   8   0 0.00    M    M  4.7 15 210   M    M   0        17 210
28  82  39  61   5   4   0    T    M    M  6.4 21 180   M    M   2        25 180
29  65  50  58   3   7   0 0.11    M    M  3.6 21 170   M    M  10 1      27 170
30  71  46  59   4   6   0 0.00    M    M  5.1 15 290   M    M   3        20 290
================================================================================
SM 2358 1292       140  20  1.01    M    182.1          M       66
================================================================================
AV 78.6 43.1                               6.1 FASTST   M    M   2    MAX(MPH)
                                 MISC ---->  # 31 180               # 44  150
================================================================================
NOTES:
# LAST OF SEVERAL OCCURRENCES

COLUMN 17 PEAK WIND IN M.P.H.

PRELIMINARY LOCAL CLIMATOLOGICAL DATA (WS FORM: F-6) , PAGE 2

                                          STATION:  CORTEZ CO
                                          MONTH:    SEPTEMBER
                                          YEAR:     2016
                                          LATITUDE:   37 17 N
                                          LONGITUDE: 108 38 W

[TEMPERATURE DATA]      [PRECIPITATION DATA]       SYMBOLS USED IN COLUMN 16

AVERAGE MONTHLY: 60.8   TOTAL FOR MONTH:   1.01    1 = FOG OR MIST
DPTR FM NORMAL:   0.5   DPTR FM NORMAL:   -0.77    2 = FOG REDUCING VISIBILITY
HIGHEST:    86 ON  1    GRTST 24HR  0.37 ON 23-23      TO 1/4 MILE OR LESS
LOWEST:     32 ON 25                               3 = THUNDER
                        SNOW, ICE PELLETS, HAIL    4 = ICE PELLETS
                        TOTAL MONTH:    M          5 = HAIL
                        GRTST 24HR    M  ON   M    6 = FREEZING RAIN OR DRIZZLE
                        GRTST DEPTH:  M  ON   M    7 = DUSTSTORM OR SANDSTORM:
                                                       VSBY 1/2 MILE OR LESS
                                                   8 = SMOKE OR HAZE
[NO. OF DAYS WITH]      [WEATHER - DAYS WITH]      9 = BLOWING SNOW
                                                   X = TORNADO
MAX 32 OR BELOW:   0    0.01 INCH OR MORE:   7
MAX 90 OR ABOVE:   0    0.10 INCH OR MORE:   5
MIN 32 OR BELOW:   1    0.50 INCH OR MORE:   0
MIN  0 OR BELOW:   0    1.00 INCH OR MORE:   0

[HDD (BASE 65) ]
TOTAL THIS MO.   140    CLEAR  (SCALE 0-3)  23
DPTR FM NORMAL   -20    PTCLDY (SCALE 4-7)   5
TOTAL FM JUL 1   153    CLOUDY (SCALE 8-10)  2
DPTR FM NORMAL   -19

[CDD (BASE 65) ]
TOTAL THIS MO.    20
DPTR FM NORMAL     3    [PRESSURE DATA]
TOTAL FM JAN 1   537    HIGHEST SLP 30.39 ON 26
DPTR FM NORMAL   111    LOWEST  SLP 29.60 ON 22

[REMARKS]
#FINAL-09-16#
