000
CXUS55 KPAH 280630
CF6CGI
PRELIMINARY LOCAL CLIMATOLOGICAL DATA (WS FORM: F-6)

                                          STATION:   CAPE GIRARDEAU MO
                                          MONTH:     JULY
                                          YEAR:      2017
                                          LATITUDE:   37 13 N
                                          LONGITUDE:  89 35 W

  TEMPERATURE IN F:       :PCPN:    SNOW:  WIND      :SUNSHINE: SKY     :PK WND
================================================================================
1   2   3   4   5  6A  6B    7    8   9   10  11  12  13   14  15   16   17  18
                                     12Z  AVG MX 2MIN
DY MAX MIN AVG DEP HDD CDD  WTR  SNW DPTH SPD SPD DIR MIN PSBL S-S WX    SPD DR
================================================================================

 1  89  67  78   0   0  13 0.11  0.0    0  4.3 13 290   M    M   2 13     17 310
 2  90  64  77  -1   0  12 0.00  0.0    0  2.6 13 250   M    M   1 1      19 210
 3  79  67  73  -5   0   8 0.04  0.0    0  3.9 16 240   M    M   4 12     22 220
 4  88  65  77  -1   0  12    T  0.0    0  3.4 14  40   M    M   3 128    16  40
 5  80  71  76  -3   0  11 0.45  0.0    0  5.4 15 180   M    M   8 13     21 190
 6  86  69  78  -1   0  13 0.06  0.0    0  4.0 12 340   M    M   7 13     15 340
 7  89  67  78  -1   0  13 0.27  0.0    0  7.6 23 360   M    M   1 1238   33  10
 8  90  68  79   0   0  14 0.00  0.0    0  4.4 14 340   M    M   0        17 360
 9  89  67  78  -1   0  13 0.00  0.0    0  6.3 16 220   M    M   0        21 230
10  88  68  78  -1   0  13 0.00  0.0    0  8.9 21 220   M    M   0        26 200
11  90  71  81   2   0  16 0.00  0.0    0  8.0 16 240   M    M   0        23 240
12  91  69  80   1   0  15 0.00  0.0    0  7.8 16 210   M    M   1        22 210
13  93  71  82   3   0  17 0.24  0.0    0  7.4 25 330   M    M   2 13     30 320
14  91  71  81   2   0  16    T  0.0    0  2.6 14 220   M    M   2 3      18 200
15  89  64  77  -2   0  12 0.00  0.0    0  5.7 14  50   M    M   4 1      21  10
16  90  61  76  -3   0  11 0.00  0.0    0  2.4 10 280   M    M   2 12     12 290
17  90  67  79   0   0  14    T  0.0    0  2.2 20 280   M    M   1        24 280
18  92  69  81   2   0  16 0.00  0.0    0  3.6 12 260   M    M   2 1      15 260
19  94  74  84   5   0  19 0.00  0.0    0  4.1 10 260   M    M   2 1      13 250
20  94  71  83   4   0  18 0.00  0.0    0  3.8 10 250   M    M   0 18     14 220
21  96  74  85   6   0  20 0.00  0.0    0  5.6 14 240   M    M   0 18     17 250
22  94  76  85   6   0  20 0.00  0.0    0  8.7 20 220   M    M   0 18     25 210
23  94  74  84   5   0  19 0.00  0.0    0  5.0 14 350   M    M   1        17  20
24  94  70  82   3   0  17 0.02  0.0    0  3.4 31  30   M    M   2 3      40 360
25  89  73  81   3   0  16 0.18  0.0    0  5.1 16  10   M    M   5 138    23 330
26  93  74  84   6   0  19 0.00  0.0    0  5.8 13 210   M    M   0 1      17 200
27  86  76  81   3   0  16 0.00  0.0    0  5.5 15 260   M    M   4 1      17 260
================================================================================
SM 2428 1878         0 403  1.37     0.0 137.5          M       54
================================================================================
AV 89.9 69.6                               5.1 FASTST   M    M   2    MAX(MPH)
                                 MISC ---->  # 31  30               # 40  360
================================================================================
NOTES:
# LAST OF SEVERAL OCCURRENCES

COLUMN 17 PEAK WIND IN M.P.H.

PRELIMINARY LOCAL CLIMATOLOGICAL DATA (WS FORM: F-6) , PAGE 2

                                          STATION:  CAPE GIRARDEAU MO
                                          MONTH:    JULY
                                          YEAR:     2017
                                          LATITUDE:   37 13 N
                                          LONGITUDE:  89 35 W

[TEMPERATURE DATA]      [PRECIPITATION DATA]       SYMBOLS USED IN COLUMN 16

AVERAGE MONTHLY: 79.7   TOTAL FOR MONTH:   1.37    1 = FOG OR MIST
DPTR FM NORMAL:   1.0   DPTR FM NORMAL:   -1.57    2 = FOG REDUCING VISIBILITY
HIGHEST:    96 ON 21    GRTST 24HR  0.45 ON  5- 5      TO 1/4 MILE OR LESS
LOWEST:     61 ON 16                               3 = THUNDER
                        SNOW, ICE PELLETS, HAIL    4 = ICE PELLETS
                        TOTAL MONTH:   0.0 INCH    5 = HAIL
                        GRTST 24HR     0.0         6 = FREEZING RAIN OR DRIZZLE
                        GRTST DEPTH:   0           7 = DUSTSTORM OR SANDSTORM:
                                                       VSBY 1/2 MILE OR LESS
                                                   8 = SMOKE OR HAZE
[NO. OF DAYS WITH]      [WEATHER - DAYS WITH]      9 = BLOWING SNOW
                                                   X = TORNADO
MAX 32 OR BELOW:   0    0.01 INCH OR MORE:   8
MAX 90 OR ABOVE:  16    0.10 INCH OR MORE:   5
MIN 32 OR BELOW:   0    0.50 INCH OR MORE:   0
MIN  0 OR BELOW:   0    1.00 INCH OR MORE:   0

[HDD (BASE 65) ]
TOTAL THIS MO.     0    CLEAR  (SCALE 0-3)  21
DPTR FM NORMAL     0    PTCLDY (SCALE 4-7)   6
TOTAL FM JUL 1     0    CLOUDY (SCALE 8-10)  0
DPTR FM NORMAL     0

[CDD (BASE 65) ]
TOTAL THIS MO.   403
DPTR FM NORMAL    30    [PRESSURE DATA]
TOTAL FM JAN 1   886    HIGHEST SLP M ON M
DPTR FM NORMAL    49    LOWEST  SLP 29.77 ON M

[REMARKS]
