000
CXUS54 KMRX 171000
CF6CHA
PRELIMINARY LOCAL CLIMATOLOGICAL DATA (WS FORM: F-6)

                                          STATION:   CHATTANOOGA  ASOS
                                          MONTH:     AUGUST
                                          YEAR:      2017
                                          LATITUDE:   35  1 N
                                          LONGITUDE:  85 12 W

  TEMPERATURE IN F:       :PCPN:    SNOW:  WIND      :SUNSHINE: SKY     :PK WND
================================================================================
1   2   3   4   5  6A  6B    7    8   9   10  11  12  13   14  15   16   17  18
                                     12Z  AVG MX 2MIN
DY MAX MIN AVG DEP HDD CDD  WTR  SNW DPTH SPD SPD DIR MIN PSBL S-S WX    SPD DR
================================================================================

 1  88  66  77  -3   0  12 0.00  0.0    0  1.5  9  40   M    M   6        11  30
 2  88  69  79  -1   0  14 0.00  0.0    0  2.5 14 190   M    M   5        18 180
 3  89  66  78  -2   0  13 0.00  0.0    0  3.7 15 200   M    M   3 1      18 200
 4  89  72  81   1   0  16    T  0.0    0  5.7 15 210   M    M   6        19 220
 5  86  66  76  -4   0  11 0.00  0.0    0  5.7 16  10   M    M   3        22  10
 6  90  63  77  -3   0  12 0.22  0.0    0  3.5 17 160   M    M   4 13     24 170
 7  83  73  78  -2   0  13 0.69  0.0    0  5.5 18 300   M    M   7 138    25 210
 8  86  72  79  -1   0  14 0.29  0.0    0  6.0 16  10   M    M   6 1      19  10
 9  84  70  77  -3   0  12    T  0.0    0  6.1 14 170   M    M   7 1      19 180
10  87  72  80   0   0  15 0.31  0.0    0  4.1 22  70   M    M   8 138    29  60
11  85  72  79  -1   0  14 1.02  0.0    0  4.8 13 200   M    M   8 13     15 210
12  90  73  82   2   0  17 0.00  0.0    0  3.6 14 310   M    M   5 1      17 310
13  89  72  81   1   0  16 0.00  0.0    0  3.5  8  40   M    M   6 1      13  40
14  86  74  80   0   0  15 0.13  0.0    0  2.6 13 230   M    M   7 138    16 230
15  91  74  83   3   0  18 0.09  0.0    0  3.3 18 320   M    M   7 18     22 320
16  93  72  83   3   0  18 0.00  0.0    0  2.9 13 230   M    M   3 3      15 250
================================================================================
SM 1404 1126         0 230  2.75     0.0  65.0          M       91
================================================================================
AV 87.8 70.4                               4.1 FASTST   M    M   6    MAX(MPH)
                                 MISC ---->  # 22  70               # 29   60
================================================================================
NOTES:
# LAST OF SEVERAL OCCURRENCES

COLUMN 17 PEAK WIND IN M.P.H.

PRELIMINARY LOCAL CLIMATOLOGICAL DATA (WS FORM: F-6) , PAGE 2

                                          STATION:  CHATTANOOGA  ASOS
                                          MONTH:    AUGUST
                                          YEAR:     2017
                                          LATITUDE:   35  1 N
                                          LONGITUDE:  85 12 W

[TEMPERATURE DATA]      [PRECIPITATION DATA]       SYMBOLS USED IN COLUMN 16

AVERAGE MONTHLY: 79.1   TOTAL FOR MONTH:   2.75    1 = FOG OR MIST
DPTR FM NORMAL:  -0.9   DPTR FM NORMAL:    0.84    2 = FOG REDUCING VISIBILITY
HIGHEST:    93 ON 16    GRTST 24HR  1.02 ON 11-11      TO 1/4 MILE OR LESS
LOWEST:     63 ON  6                               3 = THUNDER
                        SNOW, ICE PELLETS, HAIL    4 = ICE PELLETS
                        TOTAL MONTH:   0.0 INCH    5 = HAIL
                        GRTST 24HR     0.0         6 = FREEZING RAIN OR DRIZZLE
                        GRTST DEPTH:   0           7 = DUSTSTORM OR SANDSTORM:
                                                       VSBY 1/2 MILE OR LESS
                                                   8 = SMOKE OR HAZE
[NO. OF DAYS WITH]      [WEATHER - DAYS WITH]      9 = BLOWING SNOW
                                                   X = TORNADO
MAX 32 OR BELOW:   0    0.01 INCH OR MORE:   7
MAX 90 OR ABOVE:   4    0.10 INCH OR MORE:   6
MIN 32 OR BELOW:   0    0.50 INCH OR MORE:   2
MIN  0 OR BELOW:   0    1.00 INCH OR MORE:   1

[HDD (BASE 65) ]
TOTAL THIS MO.     0    CLEAR  (SCALE 0-3)   0
DPTR FM NORMAL     0    PTCLDY (SCALE 4-7)  16
TOTAL FM JUL 1     0    CLOUDY (SCALE 8-10)  0
DPTR FM NORMAL     0

[CDD (BASE 65) ]
TOTAL THIS MO.   230
DPTR FM NORMAL   -10    [PRESSURE DATA]
TOTAL FM JAN 1  1398    HIGHEST SLP M ON M
DPTR FM NORMAL   154    LOWEST  SLP 29.85 ON 14

[REMARKS]
