000
CXUS51 KLWX 290815
CF6CHO
PRELIMINARY LOCAL CLIMATOLOGICAL DATA (WS FORM: F-6)
STATION: CHARLOTTESVILLE VA
MONTH: MARCH
YEAR: 2024
LATITUDE: 38 7 N
LONGITUDE: 78 27 W
TEMPERATURE IN F: :PCPN: SNOW: WIND :SUNSHINE: SKY :PK WND
================================================================================
1 2 3 4 5 6A 6B 7 8 9 10 11 12 13 14 15 16 17 18
12Z AVG MX 2MIN
DY MAX MIN AVG DEP HDD CDD WTR SNW DPTH SPD SPD DIR MIN PSBL S-S WX SPD DR
================================================================================
1 55 27 41 -3 24 0 0.05 M M 3.1 16 180 M M 4 18 22 140
2 67 43 55 10 10 0 0.60 M M 3.2 10 20 M M 8 18 15 10
3 64 48 56 11 9 0 T M M 1.4 6 160 M M 7 18 9 190
4 70 47 59 14 6 0 0.11 M M 4.1 15 100 M M 7 12 19 90
5 68 52 60 15 5 0 0.06 M M 5.0 14 40 M M 8 18 21 40
6 58 54 56 10 9 0 0.14 M M 4.7 13 40 M M 10 18 17 30
7 71 52 62 16 3 0 0.07 M M 5.0 14 60 M M 5 12 19 20
8 63 46 55 9 10 0 0.02 M M 5.7 14 150 M M 5 21 150
9 50 44 47 1 18 0 0.84 M M 4.1 14 20 M M 10 128 18 20
10 53 41 47 0 18 0 0.01 M M 9.6 21 300 M M 7 1 42 270
11 61 38 50 3 15 0 0.00 M M 7.9 20 310 M M 1 34 280
12 74 46 60 13 5 0 0.00 M M 3.1 13 200 M M 0 23 270
13 76 42 59 11 6 0 0.00 M M 3.1 14 190 M M 0 18 200
14 82 45 64 16 1 0 0.00 M M 5.4 16 200 M M 0 23 170
15 78 57 68 20 0 3 0.05 M M 5.8 16 180 M M 4 20 340
16 73 47 60 12 5 0 0.00 M M 5.8 15 200 M M 1 20 50
17 72 51 62 13 3 0 0.00 M M 6.9 16 240 M M 0 31 260
18 56 38 47 -2 18 0 0.00 M M 6.9 16 320 M M 2 30 300
19 55 34 45 -5 20 0 0.00 M M 8.3 18 200 M M 2 33 200
20 70 40 55 5 10 0 0.00 M M 9.9 22 280 M M 1 8 42 270
21 58 33 46 -4 19 0 0.00 M M 5.2 14 40 M M 1 20 130
22 57 33 45 -5 20 0 0.05 M M 4.8 10 30 M M 6 18 17 160
23 63 38 51 0 14 0 0.61 0.0 0 8.3 20 340 M M 6 1 34 320
24 55 30 43 -8 22 0 0.00 M M 5.9 18 30 M M 0 24 40
25 62 30 46 -5 19 0 0.00 M M 4.6 10 90 M M 0 16 130
26 63 35 49 -3 16 0 0.02 M M 2.4 9 210 M M 3 12 180
27 54 49 52 0 13 0 0.27 M M 3.5 12 170 M M 10 18 14 170
28 63 50 57 5 8 0 0.01 M M 5.5 15 20 M M 5 18 23 20
================================================================================
SM 1791 1190 326 3 2.91 0.0 149.2 M 113
================================================================================
AV 64.0 42.5 5.3 FASTST M M 4 MAX(MPH)
MISC ----> 22 280 # 42 270
================================================================================
NOTES:
# LAST OF SEVERAL OCCURRENCES
COLUMN 17 PEAK WIND IN M.P.H.
PRELIMINARY LOCAL CLIMATOLOGICAL DATA (WS FORM: F-6) , PAGE 2
STATION: CHARLOTTESVILLE VA
MONTH: MARCH
YEAR: 2024
LATITUDE: 38 7 N
LONGITUDE: 78 27 W
[TEMPERATURE DATA] [PRECIPITATION DATA] SYMBOLS USED IN COLUMN 16
AVERAGE MONTHLY: 53.2 TOTAL FOR MONTH: 2.91 1 = FOG OR MIST
DPTR FM NORMAL: 5.1 DPTR FM NORMAL: -0.26 2 = FOG REDUCING VISIBILITY
HIGHEST: 82 ON 14 GRTST 24HR 0.85 ON 8- 9 TO 1/4 MILE OR LESS
LOWEST: 27 ON 1 3 = THUNDER
SNOW, ICE PELLETS, HAIL 4 = ICE PELLETS
TOTAL MONTH: 0.0 INCH 5 = HAIL
GRTST 24HR 0.0 6 = FREEZING RAIN OR DRIZZLE
GRTST DEPTH: 0 7 = DUSTSTORM OR SANDSTORM:
VSBY 1/2 MILE OR LESS
8 = SMOKE OR HAZE
[NO. OF DAYS WITH] [WEATHER - DAYS WITH] 9 = BLOWING SNOW
X = TORNADO
MAX 32 OR BELOW: 0 0.01 INCH OR MORE: 15
MAX 90 OR ABOVE: 0 0.10 INCH OR MORE: 6
MIN 32 OR BELOW: 3 0.50 INCH OR MORE: 3
MIN 0 OR BELOW: 0 1.00 INCH OR MORE: 0
[HDD (BASE 65) ]
TOTAL THIS MO. 326 CLEAR (SCALE 0-3) 13
DPTR FM NORMAL -150 PTCLDY (SCALE 4-7) 10
TOTAL FM JUL 1 2936 CLOUDY (SCALE 8-10) 5
DPTR FM NORMAL -481
[CDD (BASE 65) ]
TOTAL THIS MO. 3
DPTR FM NORMAL 3 [PRESSURE DATA]
TOTAL FM JAN 1 6 HIGHEST SLP M ON M
DPTR FM NORMAL 5 LOWEST SLP 29.54 ON 17
[REMARKS]