000
CXUS51 KLWX 200620
CF6CHO
PRELIMINARY LOCAL CLIMATOLOGICAL DATA (WS FORM: F-6)

                                          STATION:   CHARLOTTESVILLE VA
                                          MONTH:     FEBRUARY
                                          YEAR:      2017
                                          LATITUDE:   38  7 N
                                          LONGITUDE:  78 27 W

  TEMPERATURE IN F:       :PCPN:    SNOW:  WIND      :SUNSHINE: SKY     :PK WND
================================================================================
1   2   3   4   5  6A  6B    7    8   9   10  11  12  13   14  15   16   17  18
                                     12Z  AVG MX 2MIN
DY MAX MIN AVG DEP HDD CDD  WTR  SNW DPTH SPD SPD DIR MIN PSBL S-S WX    SPD DR
================================================================================

 1  59  46  53  17  12   0 0.00    M    M  4.3 14 280   M    M   2        24 270
 2  55  38  47  11  18   0 0.00    M    M  5.6 13 300   M    M   0        18 310
 3  40  29  35  -1  30   0 0.00    M    M  5.7 13 200   M    M   6        20 320
 4  44  20  32  -4  33   0 0.00    M    M  5.2 15 190   M    M   0        19 190
 5  56  30  43   7  22   0 0.00    M    M  8.1 15 190   M    M   3        22 250
 6  68  32  50  13  15   0 0.00    M    M  5.6 15 200   M    M   0        19 210
 7  75  52  64  27   1   0    T    M    M 13.1 26 190   M    M   2        35 210
 8  73  54  64  27   1   0 0.01    M    M  6.6 15 190   M    M   3 8      19 200
 9  54  25  40   3  25   0 0.20    M    M 11.2 23 300   M    M   6 1      36 300
10  36  21  29  -8  36   0 0.00    M    M  5.8 15 190   M    M   2        20 190
11  71  33  52  15  13   0 0.00    M    M  5.5 13 160   M    M   0        16 190
12  82  50  66  28   0   1    T    M    M  7.6 23 310   M    M   7        43 280
13  55  38  47   9  18   0 0.00    M    M  8.4 24 320   M    M   0        41 330
14  50  35  43   5  22   0 0.00    M    M  5.6 16 190   M    M   3        20 190
15  56  38  47   9  18   0    T    M    M  7.5 18 310   M    M   4        30 330
16  45  31  38   0  27   0 0.00    M    M  7.2 17 320   M    M   4        29 290
17  65  29  47   9  18   0 0.00    M    M  3.8 14  40   M    M   3        18  30
18  73  32  53  14  12   0    T    M    M  3.6 13 210   M    M   1        17 210
19  74  52  63  24   2   0 0.00    M    M  5.7 13 300   M    M   2        19 330
================================================================================
SM 1131  685       323   1  0.21    M    126.1          M       48
================================================================================
AV 59.5 36.1                               6.6 FASTST   M    M   3    MAX(MPH)
                                 MISC ---->  # 26 190               # 43  280
================================================================================
NOTES:
# LAST OF SEVERAL OCCURRENCES

COLUMN 17 PEAK WIND IN M.P.H.

PRELIMINARY LOCAL CLIMATOLOGICAL DATA (WS FORM: F-6) , PAGE 2

                                          STATION:  CHARLOTTESVILLE VA
                                          MONTH:    FEBRUARY
                                          YEAR:     2017
                                          LATITUDE:   38  7 N
                                          LONGITUDE:  78 27 W

[TEMPERATURE DATA]      [PRECIPITATION DATA]       SYMBOLS USED IN COLUMN 16

AVERAGE MONTHLY: 47.8   TOTAL FOR MONTH:   0.21    1 = FOG OR MIST
DPTR FM NORMAL:  10.5   DPTR FM NORMAL:   -1.54    2 = FOG REDUCING VISIBILITY
HIGHEST:    82 ON 12    GRTST 24HR  0.21 ON  8- 9      TO 1/4 MILE OR LESS
LOWEST:     20 ON  4                               3 = THUNDER
                        SNOW, ICE PELLETS, HAIL    4 = ICE PELLETS
                        TOTAL MONTH:    M          5 = HAIL
                        GRTST 24HR    M  ON   M    6 = FREEZING RAIN OR DRIZZLE
                        GRTST DEPTH:  M  ON   M    7 = DUSTSTORM OR SANDSTORM:
                                                       VSBY 1/2 MILE OR LESS
                                                   8 = SMOKE OR HAZE
[NO. OF DAYS WITH]      [WEATHER - DAYS WITH]      9 = BLOWING SNOW
                                                   X = TORNADO
MAX 32 OR BELOW:   0    0.01 INCH OR MORE:   2
MAX 90 OR ABOVE:   0    0.10 INCH OR MORE:   1
MIN 32 OR BELOW:   9    0.50 INCH OR MORE:   0
MIN  0 OR BELOW:   0    1.00 INCH OR MORE:   0

[HDD (BASE 65) ]
TOTAL THIS MO.   323    CLEAR  (SCALE 0-3)  12
DPTR FM NORMAL  -203    PTCLDY (SCALE 4-7)   7
TOTAL FM JUL 1  2288    CLOUDY (SCALE 8-10)  0
DPTR FM NORMAL  -898

[CDD (BASE 65) ]
TOTAL THIS MO.     1
DPTR FM NORMAL     1    [PRESSURE DATA]
TOTAL FM JAN 1     1    HIGHEST SLP M ON M
DPTR FM NORMAL     1    LOWEST  SLP 29.44 ON 15

[REMARKS]
