077
CXUS51 KLWX 270620
CF6CHO
PRELIMINARY LOCAL CLIMATOLOGICAL DATA (WS FORM: F-6)

                                          STATION:   CHARLOTTESVILLE VA
                                          MONTH:     APRIL
                                          YEAR:      2017
                                          LATITUDE:   38  7 N
                                          LONGITUDE:  78 27 W

  TEMPERATURE IN F:       :PCPN:    SNOW:  WIND      :SUNSHINE: SKY     :PK WND
================================================================================
1   2   3   4   5  6A  6B    7    8   9   10  11  12  13   14  15   16   17  18
                                     12Z  AVG MX 2MIN
DY MAX MIN AVG DEP HDD CDD  WTR  SNW DPTH SPD SPD DIR MIN PSBL S-S WX    SPD DR
================================================================================

 1  68  49  59   8   6   0 0.00    M    M  7.7 18 330   M    M   3        27 320
 2  67  41  54   2  11   0 0.00    M    M  2.8 13  70   M    M   0        18 120
 3  62  45  54   2  11   0 0.38    M    M  7.5 18 200   M    M   6 1      23 190
 4  81  55  68  16   0   3 0.00    M    M  8.0 17 280   M    M   4 1      28 270
 5  78  55  67  15   0   2 0.00    M    M  5.9 20 190   M    M   1        26 190
 6  66  49  58   5   7   0 0.58    M    M  7.4 18 290   M    M   7 13     30 320
 7  51  41  46  -7  19   0 0.00    M    M  9.3 20 300   M    M   8        30 310
 8  69  38  54   1  11   0 0.00    M    M  5.4 13  30   M    M   0        19 350
 9  75  37  56   2   9   0 0.00    M    M  5.4 16 190   M    M   0        22 200
10  81  48  65  11   0   0 0.00    M    M 10.3 17 180   M    M   0        24 160
11  87  57  72  18   0   7 0.00    M    M  8.1 17 180   M    M   0        22 180
12  82  60  71  17   0   6    T    M    M  3.8 10 210   M    M   3        14 210
13  76  54  65  10   0   0 0.00    M    M  5.3 14  50   M    M   3 8      19  50
14  77  51  64   9   1   0 0.00    M    M  4.6 14 160   M    M   4        18 170
15  83  54  69  14   0   4    T    M    M  4.7 14 210   M    M   3 3      20 210
16  88  61  75  19   0  10 0.00    M    M  7.8 20 200   M    M   2        26 190
17  77  56  67  11   0   2 0.07    M    M  3.9 10  40   M    M   4 1      20 310
18  75  50  63   7   2   0 0.00    M    M  6.5 15 160   M    M   2 1      21 150
19  59  51  55  -1  10   0 0.08    M    M  4.6 14 180   M    M  10 1      16 180
20  86  55  71  14   0   6 0.22    M    M  6.2 16 190   M    M   2 123    21 190
21  88  62  75  18   0  10 0.06    M    M  4.4 16 160   M    M   3 1      20 160
22  72  50  61   4   4   0 0.31    M    M  5.2 16  50   M    M  10 1      20  60
23  58  49  54  -3  11   0 0.05    M    M  5.7 15  30   M    M   6 1      19  50
24  54  48  51  -7  14   0 0.75    M    M 12.8 21  40   M    M  10 1      28  20
25  62  52  57  -1   8   0 0.20    M    M 10.3 24  30   M    M  10 18     32  40
26  81  52  67   9   0   2    T    M    M  3.6 10 150   M    M   2 1      13 190
================================================================================
SM 1903 1320       124  52  2.70    M    167.2          M      103
================================================================================
AV 73.2 50.8                               6.4 FASTST   M    M   4    MAX(MPH)
                                 MISC ---->  # 24  30               # 32   40
================================================================================
NOTES:
# LAST OF SEVERAL OCCURRENCES

COLUMN 17 PEAK WIND IN M.P.H.

PRELIMINARY LOCAL CLIMATOLOGICAL DATA (WS FORM: F-6) , PAGE 2

                                          STATION:  CHARLOTTESVILLE VA
                                          MONTH:    APRIL
                                          YEAR:     2017
                                          LATITUDE:   38  7 N
                                          LONGITUDE:  78 27 W

[TEMPERATURE DATA]      [PRECIPITATION DATA]       SYMBOLS USED IN COLUMN 16

AVERAGE MONTHLY: 62.0   TOTAL FOR MONTH:   2.70    1 = FOG OR MIST
DPTR FM NORMAL:   7.2   DPTR FM NORMAL:   -0.26    2 = FOG REDUCING VISIBILITY
HIGHEST:    88 ON 21,16 GRTST 24HR  1.15 ON 31- 1      TO 1/4 MILE OR LESS
LOWEST:     37 ON  9                               3 = THUNDER
                        SNOW, ICE PELLETS, HAIL    4 = ICE PELLETS
                        TOTAL MONTH:    M          5 = HAIL
                        GRTST 24HR    M  ON   M    6 = FREEZING RAIN OR DRIZZLE
                        GRTST DEPTH:  M  ON   M    7 = DUSTSTORM OR SANDSTORM:
                                                       VSBY 1/2 MILE OR LESS
                                                   8 = SMOKE OR HAZE
[NO. OF DAYS WITH]      [WEATHER - DAYS WITH]      9 = BLOWING SNOW
                                                   X = TORNADO
MAX 32 OR BELOW:   0    0.01 INCH OR MORE:  10
MAX 90 OR ABOVE:   0    0.10 INCH OR MORE:   6
MIN 32 OR BELOW:   0    0.50 INCH OR MORE:   2
MIN  0 OR BELOW:   0    1.00 INCH OR MORE:   0

[HDD (BASE 65) ]
TOTAL THIS MO.   124    CLEAR  (SCALE 0-3)  14
DPTR FM NORMAL  -156    PTCLDY (SCALE 4-7)   8
TOTAL FM JUL 1  3001    CLOUDY (SCALE 8-10)  4
DPTR FM NORMAL -1283

[CDD (BASE 65) ]
TOTAL THIS MO.    52
DPTR FM NORMAL    34    [PRESSURE DATA]
TOTAL FM JAN 1    57    HIGHEST SLP M ON M
DPTR FM NORMAL    37    LOWEST  SLP 29.24 ON  6

[REMARKS]
