000
CXUS55 KOHX 291010
CF6CKV
PRELIMINARY LOCAL CLIMATOLOGICAL DATA (WS FORM: F-6)

                                          STATION:   CLARKSVILLE
                                          MONTH:     APRIL
                                          YEAR:      2016
                                          LATITUDE:   36 37 N
                                          LONGITUDE:  87 25 W

  TEMPERATURE IN F:       :PCPN:    SNOW:  WIND      :SUNSHINE: SKY     :PK WND
================================================================================
1   2   3   4   5  6A  6B    7    8   9   10  11  12  13   14  15   16   17  18
                                     12Z  AVG MX 2MIN
DY MAX MIN AVG DEP HDD CDD  WTR  SNW DPTH SPD SPD DIR MIN PSBL S-S WX    SPD DR
================================================================================

 1  64  48  56   3   9   0 0.00    M    M  9.7 23 320   M    M   3        30 320
 2  62  41  52  -2  13   0 0.00    M    M 12.5 29 270   M    M   2        37 280
 3  68  32  50  -4  15   0 0.00    M    M  6.3 17 200   M    M   0        21 260
 4  75  42  59   5   6   0 0.00    M    M 12.1 22 340   M    M   0        28 330
 5  57  32  45  -9  20   0 0.00    M    M  7.8 14 100   M    M   0        19 100
 6  66  42  54  -1  11   0 0.22    M    M 13.7 29 190   M    M   3 1      39 190
 7  63  42  53  -2  12   0 0.06    M    M 12.1 35 330   M    M   5        43 340
 8  56  39  48  -7  17   0    T    M    M 11.2 24 310   M    M   6        31 300
 9  51  31  41 -15  24   0 0.00    M    M  8.0 18 340   M    M   1        22 340
10  74  37  56   0   9   0 0.02    M    M 11.6 30 190   M    M   4        37 190
11  69  48  59   3   6   0 0.47    M    M 13.6 31 200   M    M   9 1      39 210
12  62  39  51  -5  14   0 0.00    M    M  6.1 16  10   M    M   1        20  10
13  68  37  53  -4  12   0 0.00    M    M  4.6 12  60   M    M   0        15  70
14  71  52  62   5   3   0 0.04    M    M  4.8 21  70   M    M   7 3      29  70
15  77  54  66   9   0   1 0.00    M    M  6.2 17 140   M    M   3        22 140
16  77  48  63   5   2   0 0.00    M    M  5.7 15  90   M    M   0        20  90
17  80  48  64   6   1   0 0.00    M    M  4.3 12  70   0    0   0        15 120
18  83  48  66   8   0   1 0.00    M    M  2.5  9 190   M    M   0        13 210
19  77  52  65   7   0   0 0.00    M    M  3.3 13 210   M    M   3        15 280
20  81  56  69  10   0   4    T    M    M  4.7 17 210   M    M   7        23 200
21  69  59  64   5   1   0 0.54    M    M  6.5 18 140   M    M   8 1      23 130
22  71  53  62   2   3   0 0.12    M    M  7.6 17 320   M    M   3 13     22 300
23  68  50  59  -1   6   0 0.00    M    M  5.0 12  10   M    M   4 18     19 350
24  80  44  62   2   3   0 0.01    M    M  3.4 12 150   M    M   3 12     18 140
25  82  56  69   9   0   4 0.00    M    M  8.1 21 210   M    M   2        31 200
26  83  59  71  10   0   6 0.15    M    M  9.2 35 330   M    M   3 13     43 330
27  79  60  70   9   0   5 0.22  0.0    0  6.9 29 220   M    M   2 13     40 220
28  79  56  68   7   0   3    T    M    M  6.7 18 240   M    M   4 1      27 240
================================================================================
SM 1992 1305       187  24  1.85     0.0 214.2            0     83
================================================================================
AV 71.1 46.6                               7.6 FASTST    0   0   3    MAX(MPH)
                                 MISC ---->  # 35 330               # 43  340
================================================================================
NOTES:
# LAST OF SEVERAL OCCURRENCES

COLUMN 17 PEAK WIND IN M.P.H.

PRELIMINARY LOCAL CLIMATOLOGICAL DATA (WS FORM: F-6) , PAGE 2

                                          STATION:  CLARKSVILLE
                                          MONTH:    APRIL
                                          YEAR:     2016
                                          LATITUDE:   36 37 N
                                          LONGITUDE:  87 25 W

[TEMPERATURE DATA]      [PRECIPITATION DATA]       SYMBOLS USED IN COLUMN 16

AVERAGE MONTHLY: 58.9   TOTAL FOR MONTH:   1.85    1 = FOG OR MIST
DPTR FM NORMAL:   1.7   DPTR FM NORMAL:   -2.26    2 = FOG REDUCING VISIBILITY
HIGHEST:    83 ON 26,18 GRTST 24HR  1.47 ON 31- 1      TO 1/4 MILE OR LESS
LOWEST:     31 ON  9                               3 = THUNDER
                        SNOW, ICE PELLETS, HAIL    4 = ICE PELLETS
                        TOTAL MONTH:   0.0 INCH    5 = HAIL
                        GRTST 24HR     0.0         6 = FREEZING RAIN OR DRIZZLE
                        GRTST DEPTH:   0           7 = DUSTSTORM OR SANDSTORM:
                                                       VSBY 1/2 MILE OR LESS
                                                   8 = SMOKE OR HAZE
[NO. OF DAYS WITH]      [WEATHER - DAYS WITH]      9 = BLOWING SNOW
                                                   X = TORNADO
MAX 32 OR BELOW:   0    0.01 INCH OR MORE:  10
MAX 90 OR ABOVE:   0    0.10 INCH OR MORE:   6
MIN 32 OR BELOW:   3    0.50 INCH OR MORE:   1
MIN  0 OR BELOW:   0    1.00 INCH OR MORE:   0

[HDD (BASE 65) ]
TOTAL THIS MO.   187    CLEAR  (SCALE 0-3)  18
DPTR FM NORMAL   -56    PTCLDY (SCALE 4-7)   9
TOTAL FM JUL 1  3119    CLOUDY (SCALE 8-10)  1
DPTR FM NORMAL  -818

[CDD (BASE 65) ]
TOTAL THIS MO.    24
DPTR FM NORMAL    -4    [PRESSURE DATA]
TOTAL FM JAN 1    27    HIGHEST SLP  0.00 ON 17
DPTR FM NORMAL    -9    LOWEST  SLP 29.66 ON  1

[REMARKS]
