000
CXUS55 KOHX 181010
CF6CKV
PRELIMINARY LOCAL CLIMATOLOGICAL DATA (WS FORM: F-6)

                                          STATION:   CLARKSVILLE
                                          MONTH:     JANUARY
                                          YEAR:      2017
                                          LATITUDE:   36 37 N
                                          LONGITUDE:  87 25 W

  TEMPERATURE IN F:       :PCPN:    SNOW:  WIND      :SUNSHINE: SKY     :PK WND
================================================================================
1   2   3   4   5  6A  6B    7    8   9   10  11  12  13   14  15   16   17  18
                                     12Z  AVG MX 2MIN
DY MAX MIN AVG DEP HDD CDD  WTR  SNW DPTH SPD SPD DIR MIN PSBL S-S WX    SPD DR
================================================================================

 1  50  43  47  11  18   0 0.02    M    M  5.0 13  80   M    M  10 12     14  90
 2  65  49  57  21   8   0 0.36    M    M  4.7 10 120   M    M   9 12     12 140
 3  62  40  51  15  14   0 0.12    M    M 10.3 22 320   M    M  10 128    28 330
 4  40  23  32  -4  33   0 0.00    M    M 10.1 24 310   M    M   2        29 320
 5  29  20  25 -11  40   0    T    M    M  9.1 15 340   M    M  10 18     18 360
 6  21  13  17 -19  48   0    T    M    M 13.1 22 350   M    M   8        25 350
 7  21   8  15 -21  50   0 0.00    M    M  8.5 20 340   M    M   3        24 340
 8  28   6  17 -19  48   0 0.00    M    M  2.9  9 150   M    M   1        13 160
 9  45  21  33  -3  32   0 0.00    M    M 10.3 20 200   M    M   4        29 180
10  59  45  52  16  13   0 0.02    M    0 19.7 37 190   M    M   9        48 180
11  69  51  60  24   5   0 0.21  0.0    0 12.0 25 190   0    0   9 1      35 200
12  71  41  56  20   9   0 0.24    M    0 15.2 25 210   M    M  10 1      36 210
13  43  39  41   5  24   0 0.07    M    0  6.5 14 360   M    M  10 1      17  10
14  49  41  45   9  20   0 0.38    M    0  4.3 14 310   M    M  10 12     17 320
15  47  40  44   8  21   0 0.01    M    0  4.6 10  20   M    M  10 12     12  30
16  69  45  57  21   8   0 0.39    M    0  7.5 18 180   M    M   9 12     28 200
17  64  45  55  19  10   0 0.52    M    0 10.8 20 250   M    M   7 1      27 240
================================================================================
SM  832  570       401   0  2.34     0.0 154.6            0    131
================================================================================
AV 48.9 33.5                               9.1 FASTST    0   0   8    MAX(MPH)
                                 MISC ---->  # 37 190               # 48  180
================================================================================
NOTES:
# LAST OF SEVERAL OCCURRENCES

COLUMN 17 PEAK WIND IN M.P.H.

PRELIMINARY LOCAL CLIMATOLOGICAL DATA (WS FORM: F-6) , PAGE 2

                                          STATION:  CLARKSVILLE
                                          MONTH:    JANUARY
                                          YEAR:     2017
                                          LATITUDE:   36 37 N
                                          LONGITUDE:  87 25 W

[TEMPERATURE DATA]      [PRECIPITATION DATA]       SYMBOLS USED IN COLUMN 16

AVERAGE MONTHLY: 41.2   TOTAL FOR MONTH:   2.34    1 = FOG OR MIST
DPTR FM NORMAL:   5.2   DPTR FM NORMAL:    0.51    2 = FOG REDUCING VISIBILITY
HIGHEST:    71 ON 12    GRTST 24HR  0.91 ON 16-17      TO 1/4 MILE OR LESS
LOWEST:      6 ON  8                               3 = THUNDER
                        SNOW, ICE PELLETS, HAIL    4 = ICE PELLETS
                        TOTAL MONTH:   0.0 INCH    5 = HAIL
                        GRTST 24HR     0.0         6 = FREEZING RAIN OR DRIZZLE
                        GRTST DEPTH:   0           7 = DUSTSTORM OR SANDSTORM:
                                                       VSBY 1/2 MILE OR LESS
                                                   8 = SMOKE OR HAZE
[NO. OF DAYS WITH]      [WEATHER - DAYS WITH]      9 = BLOWING SNOW
                                                   X = TORNADO
MAX 32 OR BELOW:   4    0.01 INCH OR MORE:  11
MAX 90 OR ABOVE:   0    0.10 INCH OR MORE:   7
MIN 32 OR BELOW:   6    0.50 INCH OR MORE:   1
MIN  0 OR BELOW:   0    1.00 INCH OR MORE:   0

[HDD (BASE 65) ]
TOTAL THIS MO.   401    CLEAR  (SCALE 0-3)   3
DPTR FM NORMAL   -94    PTCLDY (SCALE 4-7)   3
TOTAL FM JUL 1  1695    CLOUDY (SCALE 8-10) 11
DPTR FM NORMAL  -365

[CDD (BASE 65) ]
TOTAL THIS MO.     0
DPTR FM NORMAL     0    [PRESSURE DATA]
TOTAL FM JAN 1     0    HIGHEST SLP  0.00 ON 11
DPTR FM NORMAL     0    LOWEST  SLP 29.74 ON  3

[REMARKS]
