000
CXUS52 KGSP 290817
CF6CLT
PRELIMINARY LOCAL CLIMATOLOGICAL DATA (WS FORM: F-6)

                                          STATION:   CHARLOTTE NC
                                          MONTH:     APRIL
                                          YEAR:      2016
                                          LATITUDE:   35 12 N
                                          LONGITUDE:  80 57 W

  TEMPERATURE IN F:       :PCPN:    SNOW:  WIND      :SUNSHINE: SKY     :PK WND
================================================================================
1   2   3   4   5  6A  6B    7    8   9   10  11  12  13   14  15   16   17  18
                                     12Z  AVG MX 2MIN
DY MAX MIN AVG DEP HDD CDD  WTR  SNW DPTH SPD SPD DIR MIN PSBL S-S WX    SPD DR
================================================================================

 1  71  62  67  11   0   2 0.19  0.0    0 10.9 22 200   M    M  10        29 220
 2  71  54  63   7   2   0 0.08  0.0    0  9.8 22 300   M    M   6 1      29 260
 3  68  46  57   1   8   0 0.00  0.0    0  6.7 17 310   M    M   0        22 320
 4  77  43  60   4   5   0 0.00  0.0    0  7.9 20 230   M    M   1        24 220
 5  58  44  51  -6  14   0 0.00  0.0    0 10.0 22  10   M    M   1        28 360
 6  60  34  47 -10  18   0 0.01  0.0    0  8.7 24 180   M    M   5        29 180
 7  70  48  59   2   6   0 0.33  0.0    0 11.9 29 170   M    M   6 13     37 180
 8  64  41  53  -5  12   0 0.00  0.0    0  6.8 22 300   M    M   5        31 250
 9  56  39  48 -10  17   0 0.00  0.0    0  9.3 26 310   M    M   2        37 280
10  60  34  47 -11  18   0 0.00  0.0    0  6.9 14 190   M    M   5        17 210
11  74  44  59   1   6   0    T  0.0    0  8.8 21 210   M    M   9        29 200
12  72  56  64   6   1   0 0.30  0.0    0  8.4 17 180   M    M   9 1      24 190
13  66  47  57  -2   8   0 0.00  0.0    0  7.9 14  50   M    M   8 8      22  40
14  68  48  58  -1   7   0 0.00  0.0    0  8.1 15  40   M    M   6        25  90
15  69  45  57  -2   8   0 0.00  0.0    0 10.1 17  50   M    M   8        24 100
16  70  43  57  -3   8   0 0.00  0.0    0  7.5 16  30   M    M   5        24  70
17  75  37  56  -4   9   0 0.00  0.0    0  4.0 15  30   M    M   0        20  40
18  86  38  62   2   3   0 0.00  0.0    0  2.6 12  30   M    M   1        17  70
19  88  51  70  10   0   5 0.00  0.0    0  3.7  9 240   M    M   8        13 340
20  78  57  68   7   0   3 0.00  0.0    0  9.9 20  50   M    M   8        26  70
21  80  62  71  10   0   6 0.00  0.0    0 10.4 22 180   M    M   8        26 210
22  70  62  66   5   0   1 0.34  0.0    0  5.3 15 180   M    M   9 1      20 170
23  77  57  67   6   0   2 0.00  0.0    0  7.6 18 350   M    M   5 1      25 360
24  77  48  63   1   2   0 0.00  0.0    0  4.8 14  50   M    M   2        21 110
25  80  55  68   6   0   3 0.00  0.0    0  8.0 14 220   M    M   3        22 200
26  84  59  72  10   0   7 0.00  0.0    0  8.0 14 180   M    M   1        18 200
27  86  63  75  13   0  10 0.00  0.0    0  8.1 17 240   M    M   6        26 210
28  86  64  75  12   0  10    T  0.0    0  7.7 23 210   M    M   5        28 200
================================================================================
SM 2041 1381       152  49  1.25     0.0 219.8          M      142
================================================================================
AV 72.9 49.3                               7.9 FASTST   M    M   5    MAX(MPH)
                                 MISC ---->  # 29 170               # 37  180
================================================================================
NOTES:
# LAST OF SEVERAL OCCURRENCES

COLUMN 17 PEAK WIND IN M.P.H.

PRELIMINARY LOCAL CLIMATOLOGICAL DATA (WS FORM: F-6) , PAGE 2

                                          STATION:  CHARLOTTE NC
                                          MONTH:    APRIL
                                          YEAR:     2016
                                          LATITUDE:   35 12 N
                                          LONGITUDE:  80 57 W

[TEMPERATURE DATA]      [PRECIPITATION DATA]       SYMBOLS USED IN COLUMN 16

AVERAGE MONTHLY: 61.1   TOTAL FOR MONTH:   1.25    1 = FOG OR MIST
DPTR FM NORMAL:   1.9   DPTR FM NORMAL:   -1.61    2 = FOG REDUCING VISIBILITY
HIGHEST:    88 ON 19    GRTST 24HR  0.34 ON 22-22      TO 1/4 MILE OR LESS
LOWEST:     34 ON 10, 6                            3 = THUNDER
                        SNOW, ICE PELLETS, HAIL    4 = ICE PELLETS
                        TOTAL MONTH:   0.0 INCH    5 = HAIL
                        GRTST 24HR     0.0         6 = FREEZING RAIN OR DRIZZLE
                        GRTST DEPTH:   0           7 = DUSTSTORM OR SANDSTORM:
                                                       VSBY 1/2 MILE OR LESS
                                                   8 = SMOKE OR HAZE
[NO. OF DAYS WITH]      [WEATHER - DAYS WITH]      9 = BLOWING SNOW
                                                   X = TORNADO
MAX 32 OR BELOW:   0    0.01 INCH OR MORE:   6
MAX 90 OR ABOVE:   0    0.10 INCH OR MORE:   4
MIN 32 OR BELOW:   0    0.50 INCH OR MORE:   0
MIN  0 OR BELOW:   0    1.00 INCH OR MORE:   0

[HDD (BASE 65) ]
TOTAL THIS MO.   152    CLEAR  (SCALE 0-3)   9
DPTR FM NORMAL   -39    PTCLDY (SCALE 4-7)  15
TOTAL FM JUL 1  2525    CLOUDY (SCALE 8-10)  4
DPTR FM NORMAL  -798

[CDD (BASE 65) ]
TOTAL THIS MO.    49
DPTR FM NORMAL    17    [PRESSURE DATA]
TOTAL FM JAN 1    86    HIGHEST SLP  0.00 ON 14
DPTR FM NORMAL    49    LOWEST  SLP  0.00 ON 14

[REMARKS]
