000
CXUS55 KLOX 271655
CF6CMA
PRELIMINARY LOCAL CLIMATOLOGICAL DATA (WS FORM: F-6)

                                          STATION:   CAMARILLO AIRPORT CA
                                          MONTH:     SEPTEMBER
                                          YEAR:      2016
                                          LATITUDE:   34 12 N
                                          LONGITUDE: 119  6 W

  TEMPERATURE IN F:       :PCPN:    SNOW:  WIND      :SUNSHINE: SKY     :PK WND
================================================================================
1   2   3   4   5  6A  6B    7    8   9   10  11  12  13   14  15   16   17  18
                                     12Z  AVG MX 2MIN
DY MAX MIN AVG DEP HDD CDD  WTR  SNW DPTH SPD SPD DIR MIN PSBL S-S WX    SPD DR
================================================================================

 1  78  57  68   0   0   3 0.00  0.0    0  4.4 14 260   M    M   0 1      17 260
 2  76  59  68   0   0   3 0.00  0.0    0  4.9 13 250   M    M   5 18     17 220
 3  74  60  67  -1   0   2 0.00  0.0    0  6.0 17 270   M    M   5        21 270
 4  73  60  67  -1   0   2 0.00  0.0    0  6.9 18 260   M    M   3        23 280
 5  74  54  64  -4   1   0 0.00  0.0    0  4.3 14 270   M    M   1        20 240
 6  75  55  65  -3   0   0 0.00  0.0    0  4.0 14 240   M    M   0        17 230
 7  73  60  67  -1   0   2 0.00  0.0    0  6.3 17 230   M    M   8 18     24 240
 8  75  63  69   1   0   4 0.00  0.0    0  6.0 15 210   M    M   3 8      21 220
 9  74  61  68   0   0   3 0.00  0.0    0  4.1 14 260   M    M   6 8      18 270
10  75  61  68   0   0   3 0.00  0.0    0  4.2 13 270   M    M   5 18     17 270
11  74  63  69   2   0   4 0.00  0.0    0  4.6 14 260   M    M   7 18     18 270
12  71  63  67   0   0   2 0.00  0.0    0  5.6 15 270   M    M  10        19 250
13  72  57  65  -2   0   0    T  0.0    0  5.9 15 230   M    M   5        19 210
14  74  51  63  -4   2   0 0.00  0.0    0  6.0 15 270   M    M   0        21 200
15  76  52  64  -3   1   0 0.00  0.0    0  4.1 14 220   M    M   0        18 210
16  77  55  66  -1   0   1 0.00  0.0    0  4.4 14 220   M    M   0        17 220
17  78  54  66  -1   0   1 0.00  0.0    0  3.9 13 260   M    M   0 18     16 260
18  79  57  68   1   0   3 0.00  0.0    0  4.3 12 290   M    M   5 128    15 210
19  80  61  71   4   0   6 0.00  0.0    0  4.0 21 210   M    M   3 128    28 190
20  86  65  76  10   0  11 0.00  0.0    0  5.2 18 240   M    M   0        22 230
21  83  64  74   8   0   9 0.00  0.0    0  5.4 14 230   M    M   0        17 250
22  83  58  71   5   0   6 0.00  0.0    0  8.0 22 260   M    M   0 8      27 320
23  82  52  67   1   0   2 0.00  0.0    0  5.5 23 280   M    M   0        26 280
24  85  56  71   5   0   6 0.00  0.0    0  4.9 13 210   M    M   0        16 210
25 104  57  81  15   0  16 0.00  0.0    0  8.0 26  80   M    M   0 78     34  60
26 104  62  83  17   0  18 0.00  0.0    0  7.1 17 260   M    M   0        21  70
================================================================================
SM 2055 1517         4 107    T      0.0 138.1          M       66
================================================================================
AV 79.0 58.3                               5.3 FASTST   M    M   3    MAX(MPH)
                                 MISC ---->  # 26  80               # 34   60
================================================================================
NOTES:
# LAST OF SEVERAL OCCURRENCES

COLUMN 17 PEAK WIND IN M.P.H.

PRELIMINARY LOCAL CLIMATOLOGICAL DATA (WS FORM: F-6) , PAGE 2

                                          STATION:  CAMARILLO AIRPORT CA
                                          MONTH:    SEPTEMBER
                                          YEAR:     2016
                                          LATITUDE:   34 12 N
                                          LONGITUDE: 119  6 W

[TEMPERATURE DATA]      [PRECIPITATION DATA]       SYMBOLS USED IN COLUMN 16

AVERAGE MONTHLY: 68.7   TOTAL FOR MONTH:      T    1 = FOG OR MIST
DPTR FM NORMAL:   1.6   DPTR FM NORMAL:   -0.13    2 = FOG REDUCING VISIBILITY
HIGHEST:   104 ON 26,25 GRTST 24HR    T  ON 13-13      TO 1/4 MILE OR LESS
LOWEST:     51 ON 14                               3 = THUNDER
                        SNOW, ICE PELLETS, HAIL    4 = ICE PELLETS
                        TOTAL MONTH:   0.0 INCH    5 = HAIL
                        GRTST 24HR     0.0         6 = FREEZING RAIN OR DRIZZLE
                        GRTST DEPTH:   0           7 = DUSTSTORM OR SANDSTORM:
                                                       VSBY 1/2 MILE OR LESS
                                                   8 = SMOKE OR HAZE
[NO. OF DAYS WITH]      [WEATHER - DAYS WITH]      9 = BLOWING SNOW
                                                   X = TORNADO
MAX 32 OR BELOW:   0    0.01 INCH OR MORE:   0
MAX 90 OR ABOVE:   2    0.10 INCH OR MORE:   0
MIN 32 OR BELOW:   0    0.50 INCH OR MORE:   0
MIN  0 OR BELOW:   0    1.00 INCH OR MORE:   0

[HDD (BASE 65) ]
TOTAL THIS MO.     4    CLEAR  (SCALE 0-3)  17
DPTR FM NORMAL    -4    PTCLDY (SCALE 4-7)   8
TOTAL FM JUL 1     4    CLOUDY (SCALE 8-10)  1
DPTR FM NORMAL   -19

[CDD (BASE 65) ]
TOTAL THIS MO.   107
DPTR FM NORMAL    42    [PRESSURE DATA]
TOTAL FM JAN 1   572    HIGHEST SLP M ON M
DPTR FM NORMAL   295    LOWEST  SLP 29.72 ON  5

[REMARKS]
