000
CXUS51 KILN 240540
CF6CMH
PRELIMINARY LOCAL CLIMATOLOGICAL DATA (WS FORM: F-6)

                                          STATION:   COLUMBUS OH
                                          MONTH:     MAY
                                          YEAR:      2015
                                          LATITUDE:   40  0 N
                                          LONGITUDE:  82 53 W

  TEMPERATURE IN F:       :PCPN:    SNOW:  WIND      :SUNSHINE: SKY     :PK WND
================================================================================
1   2   3   4   5  6A  6B    7    8   9   10  11  12  13   14  15   16   17  18
                                     12Z  AVG MX 2MIN
DY MAX MIN AVG DEP HDD CDD  WTR  SNW DPTH SPD SPD DIR MIN PSBL S-S WX    SPD DR
================================================================================

 1  71  46  59   1   6   0    T  0.0    0  8.4 20 360   M    M   4 18     26 360
 2  74  42  58   0   7   0 0.00  0.0    0  3.7 16 250   M    M   7        21 240
 3  77  47  62   3   3   0 0.00  0.0    0  4.9 17 190   M    M   5        23 230
 4  81  52  67   8   0   2 0.22  0.0    0  6.2 22 210   M    M   5 1      29 240
 5  81  61  71  12   0   6 0.71  0.0    0  2.9 13 230   M    M   7 13     16 230
 6  85  56  71  11   0   6 0.00  0.0    0  3.0 17 340   M    M   3 18     22 340
 7  88  60  74  14   0   9 0.00  0.0    0  2.3  9 110   M    M   3        14 140
 8  87  60  74  14   0   9 0.00  0.0    0  2.6 13 240   M    M   5        17 160
 9  87  62  75  15   0  10    T  0.0    0  5.0 24 200   M    M   7 3      30 170
10  84  64  74  13   0   9 0.01  0.0    0  5.5 18 250   M    M   8 138    24 250
11  86  64  75  14   0  10 1.21  0.0    0  6.9 45 230   M    M   8 138    59 220
12  67  52  60  -1   5   0 0.00  0.0    0 14.8 26 290   M    M   6        35 250
13  64  45  55  -7  10   0 0.00  0.0    0  9.0 17 360   M    M   6        23 350
14  65  40  53  -9  12   0 0.00  0.0    0  5.7 15  90   M    M   8 8      20  90
15  81  59  70   8   0   5 0.01  0.0    0  6.1 21 220   M    M   8        28 230
16  76  66  71   9   0   6 0.10  0.0    0  6.6 25 220   M    M  10 1      32 220
17  83  66  75  12   0  10 0.39  0.0    0  7.0 22 230   M    M   8 13     28 230
18  79  68  74  11   0   9 0.04  0.0    0  7.5 18 250   M    M   8 1      24 250
19  68  51  60  -3   5   0 0.00  0.0    0 10.4 20 330   M    M   5 1      26 320
20  60  43  52 -12  13   0 0.01  0.0    0  8.2 14 330   M    M   9        17  60
21  59  47  53 -11  12   0 0.01  0.0    0  7.1 18 320   M    M   8        23 320
22  73  41  57  -7   8   0 0.00  0.0    0  5.3 16 330   M    M   4        21 320
23  77  44  61  -4   4   0 0.00  0.0    0  3.5 12 140   M    M   3        15 140
================================================================================
SM 1753 1236        85  91  2.71     0.0 142.6          M      145
================================================================================
AV 76.2 53.7                               6.2 FASTST   M    M   6    MAX(MPH)
                                 MISC ---->  # 45 230               # 59  220
================================================================================
NOTES:
# LAST OF SEVERAL OCCURRENCES

COLUMN 17 PEAK WIND IN M.P.H.

PRELIMINARY LOCAL CLIMATOLOGICAL DATA (WS FORM: F-6) , PAGE 2

                                          STATION:  COLUMBUS OH
                                          MONTH:    MAY
                                          YEAR:     2015
                                          LATITUDE:   40  0 N
                                          LONGITUDE:  82 53 W

[TEMPERATURE DATA]      [PRECIPITATION DATA]       SYMBOLS USED IN COLUMN 16

AVERAGE MONTHLY: 65.0   TOTAL FOR MONTH:   2.71    1 = FOG OR MIST
DPTR FM NORMAL:   3.7   DPTR FM NORMAL:   -0.30    2 = FOG REDUCING VISIBILITY
HIGHEST:    88 ON  7    GRTST 24HR  1.21 ON 11-11      TO 1/4 MILE OR LESS
LOWEST:     40 ON 14                               3 = THUNDER
                        SNOW, ICE PELLETS, HAIL    4 = ICE PELLETS
                        TOTAL MONTH:   0.0 INCH    5 = HAIL
                        GRTST 24HR     0.0         6 = FREEZING RAIN OR DRIZZLE
                        GRTST DEPTH:   0           7 = DUSTSTORM OR SANDSTORM:
                                                       VSBY 1/2 MILE OR LESS
                                                   8 = SMOKE OR HAZE
[NO. OF DAYS WITH]      [WEATHER - DAYS WITH]      9 = BLOWING SNOW
                                                   X = TORNADO
MAX 32 OR BELOW:   0    0.01 INCH OR MORE:  10
MAX 90 OR ABOVE:   0    0.10 INCH OR MORE:   5
MIN 32 OR BELOW:   0    0.50 INCH OR MORE:   2
MIN  0 OR BELOW:   0    1.00 INCH OR MORE:   1

[HDD (BASE 65) ]
TOTAL THIS MO.    85    CLEAR  (SCALE 0-3)   2
DPTR FM NORMAL   -39    PTCLDY (SCALE 4-7)  19
TOTAL FM JUL 1  5818    CLOUDY (SCALE 8-10)  2
DPTR FM NORMAL   612

[CDD (BASE 65) ]
TOTAL THIS MO.    91
DPTR FM NORMAL    50    [PRESSURE DATA]
TOTAL FM JAN 1    91    HIGHEST SLP 30.46 ON 14
DPTR FM NORMAL    38    LOWEST  SLP 29.84 ON 11

[REMARKS]
