000
CXUS53 KILX 010900
CF6CMI
PRELIMINARY LOCAL CLIMATOLOGICAL DATA (WS FORM: F-6)

                                          STATION:   CHAMPAIGN IL AIRPORT
                                          MONTH:     JULY
                                          YEAR:      2015
                                          LATITUDE:   40  1 N
                                          LONGITUDE:  88 17 W

  TEMPERATURE IN F:       :PCPN:    SNOW:  WIND      :SUNSHINE: SKY     :PK WND
================================================================================
1   2   3   4   5  6A  6B    7    8   9   10  11  12  13   14  15   16   17  18
                                     12Z  AVG MX 2MIN
DY MAX MIN AVG DEP HDD CDD  WTR  SNW DPTH SPD SPD DIR MIN PSBL S-S WX    SPD DR
================================================================================

 1  76  61  69  -5   0   4 0.00    M    M  7.0 15  60   M    M   5 1      19  60
 2  77  58  68  -6   0   3    T    M    M  9.3 15  30   M    M   3        21 140
 3  77  60  69  -5   0   4    T    M    M  6.3 13  40   M    M   2 1      17  40
 4  80  57  69  -5   0   4 0.00    M    M  1.3  7 230   M    M   1 18     11 270
 5  83  58  71  -3   0   6 0.00    M    M  2.8  8 200   M    M   1 18     14 230
 6  87  63  75   1   0  10    T    M    M  8.8 16 200   M    M   1 18     22 170
 7  76  56  66  -8   0   1 0.73    M    M  8.6 17  10   M    M   6 18     24  30
 8  72  56  64 -10   1   0 1.04    M    M  6.9 21 200   M    M   8 13     29 200
 9  68  61  65  -9   0   0    T    M    M  5.6 15 260   M    M   9 1      21 270
10  79  61  70  -4   0   5 0.01    M    M  1.7  8  50   M    M   6 128    13  70
11  79  60  70  -4   0   5 0.18    M    M  5.8 13 210   M    M   4 138    18 230
12  86  71  79   5   0  14 0.00    M    M  4.6  9 330   M    M   6 1      13 310
13  91  73  82   8   0  17 0.00    M    M  8.1 16 220   M    M   3 1      22 230
14  86  65  76   2   0  11 0.00    M    M  9.9 17 320   M    M   1        24 350
15  80  60  70  -4   0   5 0.00    M    M  4.9 15  10   M    M   3 1      20  10
16  83  65  74   0   0   9    T  0.0    0  8.1 15 170   M    M   5 1      21 160
17  90  73  82   8   0  17 0.00    M    M  8.9 16 230   M    M   2 1      24 220
18  91  72  82   8   0  17 0.00  0.0    0  7.6 17 230   M    M   1 1      23 230
19  85  69  77   3   0  12 0.02    M    M  6.2 15 290   M    M   2 12     21 290
20  84  66  75   1   0  10 0.05    M    M  4.5 17 340   M    M   4 123    24 340
21  82  63  73  -1   0   8 0.00    M    M  6.4 13 350   M    M   2 1      18 350
22  82  57  70  -4   0   5 0.00    M    M  2.7  8 210   M    M   1        12 210
23  83  60  72  -2   0   7 0.00    M    M  3.7 10  70   M    M   1 1      13  30
24  85  60  73  -1   0   8 0.00    M    M  4.3 10 210   M    M   1        15 170
25  87  67  77   3   0  12 0.00    M    M  5.2 12 260   M    M   3 138    17 230
26  85  70  78   4   0  13 0.00    M    M  4.0  9  50   M    M   4 1      14 200
27  86  68  77   4   0  12 0.00  0.0    0  3.8  9  70   M    M   4 128    14  60
28  92  72  82   9   0  17 0.34    M    M  3.2 18 300   M    M   1 138    35 300
29  86  65  76   3   0  11 0.42    M    M  6.4 20 320   M    M   2 13     26 320
30  86  61  74   1   0   9 0.00    M    M  6.3 13 300   M    M   0        19 360
31  87  62  75   2   0  10 0.00    M    M   M   M   M   M    M   M         M  M
================================================================================
SM 2571 1970         1 266  2.79     0.0 172.9          M       92
================================================================================
AV 82.9 63.5                               5.8 FASTST   M    M   3    MAX(MPH)
                                 MISC ---->  # 21 200               # 35  300
================================================================================
NOTES:
# LAST OF SEVERAL OCCURRENCES

COLUMN 17 PEAK WIND IN M.P.H.

PRELIMINARY LOCAL CLIMATOLOGICAL DATA (WS FORM: F-6) , PAGE 2

                                          STATION:  CHAMPAIGN IL AIRPORT
                                          MONTH:    JULY
                                          YEAR:     2015
                                          LATITUDE:   40  1 N
                                          LONGITUDE:  88 17 W

[TEMPERATURE DATA]      [PRECIPITATION DATA]       SYMBOLS USED IN COLUMN 16

AVERAGE MONTHLY: 73.2   TOTAL FOR MONTH:   2.79    1 = FOG OR MIST
DPTR FM NORMAL:  -0.8   DPTR FM NORMAL:   -1.55    2 = FOG REDUCING VISIBILITY
HIGHEST:    92 ON 28    GRTST 24HR  1.04 ON  8- 8      TO 1/4 MILE OR LESS
LOWEST:     56 ON  8, 7                            3 = THUNDER
                        SNOW, ICE PELLETS, HAIL    4 = ICE PELLETS
                        TOTAL MONTH:   0.0 INCH    5 = HAIL
                        GRTST 24HR     0.0         6 = FREEZING RAIN OR DRIZZLE
                        GRTST DEPTH:   0           7 = DUSTSTORM OR SANDSTORM:
                                                       VSBY 1/2 MILE OR LESS
                                                   8 = SMOKE OR HAZE
[NO. OF DAYS WITH]      [WEATHER - DAYS WITH]      9 = BLOWING SNOW
                                                   X = TORNADO
MAX 32 OR BELOW:   0    0.01 INCH OR MORE:   8
MAX 90 OR ABOVE:   4    0.10 INCH OR MORE:   5
MIN 32 OR BELOW:   0    0.50 INCH OR MORE:   2
MIN  0 OR BELOW:   0    1.00 INCH OR MORE:   1

[HDD (BASE 65) ]
TOTAL THIS MO.     1    CLEAR  (SCALE 0-3)  17
DPTR FM NORMAL    -1    PTCLDY (SCALE 4-7)  11
TOTAL FM JUL 1     1    CLOUDY (SCALE 8-10)  2
DPTR FM NORMAL    -1

[CDD (BASE 65) ]
TOTAL THIS MO.   266
DPTR FM NORMAL   -16    [PRESSURE DATA]
TOTAL FM JAN 1   651    HIGHEST SLP 30.19 ON 11
DPTR FM NORMAL    54    LOWEST  SLP 29.59 ON 14

[REMARKS]
#FINAL-07-15#
