000
CXUS54 KMAF 271100
CF6CNM
PRELIMINARY LOCAL CLIMATOLOGICAL DATA (WS FORM: F-6)

                                          STATION:   Carlsbad
                                          MONTH:     JULY
                                          YEAR:      2016
                                          LATITUDE:   32 20 N
                                          LONGITUDE: 104 15 W

  TEMPERATURE IN F:       :PCPN:    SNOW:  WIND      :SUNSHINE: SKY     :PK WND
================================================================================
1   2   3   4   5  6A  6B    7    8   9   10  11  12  13   14  15   16   17  18
                                     12Z  AVG MX 2MIN
DY MAX MIN AVG DEP HDD CDD  WTR  SNW DPTH SPD SPD DIR MIN PSBL S-S WX    SPD DR
================================================================================

 1  99  67  83   1   0  18 0.08  0.0    0  8.7 35 250   M    M   2        43 260
 2  98  69  84   2   0  19    T  0.0    0 10.5 26 250   M    M   2        33 310
 3 104  72  88   6   0  23 0.00  0.0    0  8.6 16 340   M    M   0        21 320
 4 106  74  90   8   0  25 0.00  0.0    0 11.5 25 300   M    M   0        32 310
 5 109  72  91   9   0  26 0.00  0.0    0  9.4 28 110   M    M   0        37 110
 6 107  74  91   9   0  26    T  0.0    0  9.4 22 150   M    M   1 3      25 140
 7 106  73  90   8   0  25    T  0.0    0 11.9 35 210   M    M   1 3      43 210
 8 104  76  90   8   0  25 0.01  0.0    0 10.5 30 160   M    M   0 3      39 160
 9 101  70  86   4   0  21 0.00  0.0    0  8.2 14 160   M    M   0        23 130
10 108  72  90   8   0  25 0.00  0.0    0  9.8 14 210   M    M   0 3      22 220
11 110  73  92  10   0  27 0.00  0.0    0  9.6 24 240   M    M   1        31 260
12 109  71  90   8   0  25 0.00  0.0    0  9.3 20 240   M    M   2        24  30
13 107  70  89   7   0  24 0.00  0.0    0  9.1 20 150   M    M   0        26 160
14 110  71  91   9   0  26 0.00  0.0    0  9.1 28 120   M    M   2 8      37 110
15 102  72  87   5   0  22 0.00  0.0    0 10.0 26 290   M    M   0 3      33 300
16 101  72  87   5   0  22 0.00  0.0    0 10.0 21 150   M    M   1        28 150
17 105  72  89   8   0  24 0.00  0.0    0 11.7 20 150   M    M   2        30 120
18 101  73  87   6   0  22 0.00  0.0    0 11.3 21 120   M    M   1        26 120
19  98  72  85   4   0  20 0.00  0.0    0 10.5 17 120   M    M   1        25  80
20 100  72  86   5   0  21 0.00  0.0    0 10.5 23 140   M    M   1        31 150
21 102  73  88   7   0  23 0.00  0.0    0 10.0 20 130   M    M   2        29 120
22 101  72  87   6   0  22 0.00  0.0    0  8.8 18 130   M    M   2        23 140
23 103  69  86   5   0  21 0.00  0.0    0  8.0 15  90   M    M   2        20 170
24 103  72  88   7   0  23 0.00  0.0    0  7.5 17  80   M    M   2        21  80
25 101  74  88   7   0  23 0.00  0.0    0  7.9 24 360   M    M   2        28 360
26  96  73  85   4   0  20 0.25  0.0    0  9.7 26 260   M    M   1 3      34 250
================================================================================
SM 2691 1870         0 598  0.34     0.0 251.5          M       28
================================================================================
AV103.5 71.9                               9.7 FASTST   M    M   1    MAX(MPH)
                                 MISC ---->  # 35 250               # 43  260
================================================================================
NOTES:
# LAST OF SEVERAL OCCURRENCES

COLUMN 17 PEAK WIND IN M.P.H.

PRELIMINARY LOCAL CLIMATOLOGICAL DATA (WS FORM: F-6) , PAGE 2

                                          STATION:  Carlsbad
                                          MONTH:    JULY
                                          YEAR:     2016
                                          LATITUDE:   32 20 N
                                          LONGITUDE: 104 15 W

[TEMPERATURE DATA]      [PRECIPITATION DATA]       SYMBOLS USED IN COLUMN 16

AVERAGE MONTHLY: 87.7   TOTAL FOR MONTH:   0.34    1 = FOG OR MIST
DPTR FM NORMAL:   6.1   DPTR FM NORMAL:   -1.21    2 = FOG REDUCING VISIBILITY
HIGHEST:   110 ON 14,11 GRTST 24HR  0.25 ON 26-26      TO 1/4 MILE OR LESS
LOWEST:     67 ON  1                               3 = THUNDER
                        SNOW, ICE PELLETS, HAIL    4 = ICE PELLETS
                        TOTAL MONTH:   0.0 INCH    5 = HAIL
                        GRTST 24HR     0.0         6 = FREEZING RAIN OR DRIZZLE
                        GRTST DEPTH:   0           7 = DUSTSTORM OR SANDSTORM:
                                                       VSBY 1/2 MILE OR LESS
                                                   8 = SMOKE OR HAZE
[NO. OF DAYS WITH]      [WEATHER - DAYS WITH]      9 = BLOWING SNOW
                                                   X = TORNADO
MAX 32 OR BELOW:   0    0.01 INCH OR MORE:   3
MAX 90 OR ABOVE:  26    0.10 INCH OR MORE:   1
MIN 32 OR BELOW:   0    0.50 INCH OR MORE:   0
MIN  0 OR BELOW:   0    1.00 INCH OR MORE:   0

[HDD (BASE 65) ]
TOTAL THIS MO.     0    CLEAR  (SCALE 0-3)  26
DPTR FM NORMAL     0    PTCLDY (SCALE 4-7)   0
TOTAL FM JUL 1     0    CLOUDY (SCALE 8-10)  0
DPTR FM NORMAL     0

[CDD (BASE 65) ]
TOTAL THIS MO.   598
DPTR FM NORMAL   168    [PRESSURE DATA]
TOTAL FM JAN 1  1363    HIGHEST SLP M ON M
DPTR FM NORMAL   153    LOWEST  SLP 29.62 ON 11

[REMARKS]
