000
CXUS54 KMAF 251100
CF6CNM
PRELIMINARY LOCAL CLIMATOLOGICAL DATA (WS FORM: F-6)

                                          STATION:   Carlsbad
                                          MONTH:     DECEMBER
                                          YEAR:      2014
                                          LATITUDE:   32 20 N
                                          LONGITUDE: 104 15 W

  TEMPERATURE IN F:       :PCPN:    SNOW:  WIND      :SUNSHINE: SKY     :PK WND
================================================================================
1   2   3   4   5  6A  6B    7    8   9   10  11  12  13   14  15   16   17  18
                                     12Z  AVG MX 2MIN
DY MAX MIN AVG DEP HDD CDD  WTR  SNW DPTH SPD SPD DIR MIN PSBL S-S WX    SPD DR
================================================================================

 1  54  26  40  -6  25   0 0.00  0.0    0 11.0 23 340   M    M   0        30 350
 2  55  23  39  -7  26   0 0.00  0.0    0  4.3 10 150   M    M   0        13 150
 3  74  44  59  14   6   0 0.00  0.0    0  5.0 14 340   M    M   1 8      14  20
 4  55  42  49   4  16   0    T    M    0  5.7 12 180   M    M   3 18     14 160
 5  72  44  58  13   7   0 0.00  0.0    0  7.1 23 260   M    M   0 18     30 260
 6  64  38  51   6  14   0 0.00  0.0    0  5.4 14 130   M    M   0        18 130
 7  60  37  49   5  16   0    T    M    0  6.2 14 140   M    M   3 1      17 150
 8  62  34  48   4  17   0 0.00  0.0    0  5.4 14 340   M    M   2 12     15 340
 9  53  36  45   1  20   0 0.00  0.0    0  5.1 12 160   M    M   8 128    14 120
10  57  41  49   5  16   0 0.00  0.0    0  5.0 12 170   M    M   4 128    15 130
11  60  41  51   7  14   0 0.00  0.0    0  5.6 12 180   M    M   6 128    15 180
12  64  39  52   9  13   0 0.00  0.0    0  3.8 12 150   M    M   6 12     13 160
13  65  40  53  10  12   0 0.00  0.0    0  5.6 17 160   M    M   4 128    22 170
14  65  41  53  10  12   0    T    M    0 18.7 47 270   M    M   1        60 260
15  60  29  45   2  20   0 0.00  0.0    0  4.9 10 250   M    M   0 8      16 240
16  53  27  40  -3  25   0 0.00  0.0    0  5.2 13 130   M    M   0        18 120
17  66  30  48   5  17   0 0.00  0.0    0  8.3 28 250   M    M   0        37 250
18  64  44  54  12  11   0 0.00  0.0    0  8.0 21 250   M    M   4        26 270
19  60  35  48   6  17   0 0.00  0.0    0  6.5 15 240   M    M   1        17 110
20  59  27  43   1  22   0 0.00  0.0    0  6.5 16 240   M    M   1 12     19 260
21  69  29  49   7  16   0 0.00  0.0    0 15.4 33 260   M    M   0        44 260
22  72  47  60  18   5   0 0.09    M    0 18.7 29  20   M    M   1 138    38 260
23  50  32  41  -1  24   0 0.08    M    0 11.8 31 360   M    M   6 1      38 360
24  55  26  41  -1  24   0 0.00  0.0    0  7.8 18 180   M    M   1        23 170
================================================================================
SM 1468  852       395   0  0.17     0.0 187.0          M       52
================================================================================
AV 61.2 35.5                               7.8 FASTST   M    M   2    MAX(MPH)
                                 MISC ---->  # 47 270               # 60  260
================================================================================
NOTES:
# LAST OF SEVERAL OCCURRENCES

COLUMN 17 PEAK WIND IN M.P.H.

PRELIMINARY LOCAL CLIMATOLOGICAL DATA (WS FORM: F-6) , PAGE 2

                                          STATION:  Carlsbad
                                          MONTH:    DECEMBER
                                          YEAR:     2014
                                          LATITUDE:   32 20 N
                                          LONGITUDE: 104 15 W

[TEMPERATURE DATA]      [PRECIPITATION DATA]       SYMBOLS USED IN COLUMN 16

AVERAGE MONTHLY: 48.3   TOTAL FOR MONTH:   0.17    1 = FOG OR MIST
DPTR FM NORMAL:   4.8   DPTR FM NORMAL:   -0.35    2 = FOG REDUCING VISIBILITY
HIGHEST:    74 ON  3    GRTST 24HR  0.17 ON 22-23      TO 1/4 MILE OR LESS
LOWEST:     23 ON  2                               3 = THUNDER
                        SNOW, ICE PELLETS, HAIL    4 = ICE PELLETS
                        TOTAL MONTH:   0.0 INCH    5 = HAIL
                        GRTST 24HR     0.0         6 = FREEZING RAIN OR DRIZZLE
                        GRTST DEPTH:   0           7 = DUSTSTORM OR SANDSTORM:
                                                       VSBY 1/2 MILE OR LESS
                                                   8 = SMOKE OR HAZE
[NO. OF DAYS WITH]      [WEATHER - DAYS WITH]      9 = BLOWING SNOW
                                                   X = TORNADO
MAX 32 OR BELOW:   0    0.01 INCH OR MORE:   2
MAX 90 OR ABOVE:   0    0.10 INCH OR MORE:   0
MIN 32 OR BELOW:   9    0.50 INCH OR MORE:   0
MIN  0 OR BELOW:   0    1.00 INCH OR MORE:   0

[HDD (BASE 65) ]
TOTAL THIS MO.   395    CLEAR  (SCALE 0-3)  16
DPTR FM NORMAL  -120    PTCLDY (SCALE 4-7)   8
TOTAL FM JUL 1   898    CLOUDY (SCALE 8-10)  0
DPTR FM NORMAL  -150

[CDD (BASE 65) ]
TOTAL THIS MO.     0
DPTR FM NORMAL     0    [PRESSURE DATA]
TOTAL FM JAN 1  2365    HIGHEST SLP M ON M
DPTR FM NORMAL   277    LOWEST  SLP 29.53 ON 22

[REMARKS]
